-- http://www.phpmyadmin.net
--




--
-- Database: `oc_cigar`
--

-- --------------------------------------------------------

--
-- Table structure for table `oc_address`
--

CREATE TABLE `oc_address` (
  `address_id` int(11) NOT NULL,
  `customer_id` int(11) NOT NULL,
  `firstname` varchar(32) NOT NULL,
  `lastname` varchar(32) NOT NULL,
  `company` varchar(40) NOT NULL,
  `address_1` varchar(128) NOT NULL,
  `address_2` varchar(128) NOT NULL,
  `city` varchar(128) NOT NULL,
  `postcode` varchar(10) NOT NULL,
  `country_id` int(11) NOT NULL DEFAULT '0',
  `zone_id` int(11) NOT NULL DEFAULT '0',
  `custom_field` text NOT NULL
) ENGINE=MyISAM DEFAULT CHARSET=utf8;

--
-- Dumping data for table `oc_address`
--

INSERT INTO `oc_address` (`address_id`, `customer_id`, `firstname`, `lastname`, `company`, `address_1`, `address_2`, `city`, `postcode`, `country_id`, `zone_id`, `custom_field`) VALUES
(1, 1, 'plaza', 'themes', '', 'plaza', '', 'plaza', 'plaza', 222, 3516, '');

-- --------------------------------------------------------

--
-- Table structure for table `oc_api`
--

CREATE TABLE `oc_api` (
  `api_id` int(11) NOT NULL,
  `username` varchar(64) NOT NULL,
  `key` text NOT NULL,
  `status` tinyint(1) NOT NULL,
  `date_added` datetime NOT NULL,
  `date_modified` datetime NOT NULL
) ENGINE=MyISAM DEFAULT CHARSET=utf8;

--
-- Dumping data for table `oc_api`
--

INSERT INTO `oc_api` (`api_id`, `username`, `key`, `status`, `date_added`, `date_modified`) VALUES
(1, 'Default', 'e1NFK42wgjBJ9wCH9FcklCFtb6pRbYuxFejnCDojBZmMKaN1nWNutEQp91ZYssBqA99Wxq0vYpfdvJddJ5Z5CgKLRbJDLSu0RDohIlv3SpZjI83OQCruS0JrRgmjGGiO24gBICFksXgv2ixWgdD8RTgctmXhIoXZjxdL9bMSn9jZ4Ba0r6PzxXtgq4aqqAJd1ziehXXvEaPiRTtwhlJsWF7Bx1QXRAOu8bKeFr3ZSa4MryFzIafNbIV6dypHWDel', 1, '2017-10-27 10:04:12', '2017-10-27 10:04:12'),
(2, 'Default', 'nbYoUQeFDJJ6XGMkiRC0hagirYlBy0j4laWXQo1Lfw8dhpI7Z1IdQsekVnfIuSRk17TbiItGUWrpm571UypzB6AFBrbScTauGAcqKwvk6IXBfIRwJ3sjoufukNxlo4Ofo34uy7ibWs39A6HETW1JQO8lz2D30ICo345X7myhBon2Ig4mX0qXUfIHQuz7z1V8zA1EzrBCLtoK4lN2s5JSOSqTsiQAQ0P4NT3RbHldp5SgRDjrmGmcBLdMvyXsG7RM', 1, '2017-11-22 14:59:15', '2017-11-22 14:59:15');

-- --------------------------------------------------------

--
-- Table structure for table `oc_api_ip`
--

CREATE TABLE `oc_api_ip` (
  `api_ip_id` int(11) NOT NULL,
  `api_id` int(11) NOT NULL,
  `ip` varchar(40) NOT NULL
) ENGINE=MyISAM DEFAULT CHARSET=utf8;

-- --------------------------------------------------------

--
-- Table structure for table `oc_api_session`
--

CREATE TABLE `oc_api_session` (
  `api_session_id` int(11) NOT NULL,
  `api_id` int(11) NOT NULL,
  `session_id` varchar(32) NOT NULL,
  `ip` varchar(40) NOT NULL,
  `date_added` datetime NOT NULL,
  `date_modified` datetime NOT NULL
) ENGINE=MyISAM DEFAULT CHARSET=utf8;

-- --------------------------------------------------------

--
-- Table structure for table `oc_article`
--

CREATE TABLE `oc_article` (
  `article_id` int(11) NOT NULL,
  `sort_order` int(11) NOT NULL DEFAULT '0',
  `status` tinyint(1) NOT NULL DEFAULT '0',
  `date_added` datetime NOT NULL,
  `date_modified` datetime NOT NULL,
  `image` varchar(255) DEFAULT NULL,
  `author` varchar(100) DEFAULT NULL
) ENGINE=InnoDB DEFAULT CHARSET=utf8;

--
-- Dumping data for table `oc_article`
--

INSERT INTO `oc_article` (`article_id`, `sort_order`, `status`, `date_added`, `date_modified`, `image`, `author`) VALUES
(1, 1, 1, '2017-08-09 14:10:54', '2018-01-10 23:06:59', 'catalog/blog/blog1.jpg', 'Plazathemes'),
(2, 1, 1, '2017-08-09 14:11:00', '2018-01-10 23:07:08', 'catalog/blog/blog2.jpg', 'Plazathemes'),
(3, 1, 1, '2017-08-09 14:11:05', '2018-01-10 23:07:16', 'catalog/blog/blog3.jpg', 'Plazathemes'),
(4, 1, 1, '2017-11-21 09:43:31', '2017-11-21 10:17:00', 'catalog/blog/blog4.jpg', 'Plazathemes'),
(5, 1, 1, '2017-11-21 10:04:01', '2017-11-21 10:13:44', 'catalog/blog/blog5.jpg', 'Plazathemes'),
(6, 1, 1, '2017-11-21 10:14:16', '2018-01-10 23:07:26', 'catalog/blog/blog2.jpg', 'Plazathemes');

-- --------------------------------------------------------

--
-- Table structure for table `oc_article_description`
--

CREATE TABLE `oc_article_description` (
  `article_id` int(11) NOT NULL,
  `language_id` int(11) NOT NULL,
  `name` varchar(255) NOT NULL,
  `description` text NOT NULL,
  `intro_text` text NOT NULL,
  `meta_title` varchar(255) NOT NULL,
  `meta_description` varchar(255) NOT NULL,
  `meta_keyword` varchar(255) NOT NULL
) ENGINE=InnoDB DEFAULT CHARSET=utf8;

--
-- Dumping data for table `oc_article_description`
--

INSERT INTO `oc_article_description` (`article_id`, `language_id`, `name`, `description`, `intro_text`, `meta_title`, `meta_description`, `meta_keyword`) VALUES
(1, 1, 'Aypi non habent claritatem  insitam', '&lt;p&gt;&amp;nbsp;&amp;nbsp;&amp;nbsp;&amp;nbsp;Aypi non habent claritatem&amp;nbsp; insitam. Aypi non habent claritatem&amp;nbsp; insitam. Aypi non habent claritatem&amp;nbsp; insitam.Aypi non habent claritatem&amp;nbsp; insitam. Aypi non habent claritatem&amp;nbsp; insitam. Aypi non habent claritatem&amp;nbsp; insitam.Aypi non habent claritatem&amp;nbsp; insitam. Aypi non habent claritatem&amp;nbsp; insitam. Aypi non habent claritatem&amp;nbsp; insitam.Aypi non habent claritatem&amp;nbsp; insitam. Aypi non habent claritatem&amp;nbsp; insitam. Aypi non habent claritatem&amp;nbsp; insitam.Aypi non habent claritatem&amp;nbsp; insitam. Aypi non habent claritatem&amp;nbsp; insitam. Aypi non habent claritatem&amp;nbsp; insitam.&lt;/p&gt;&lt;p&gt;&amp;nbsp;&amp;nbsp;&amp;nbsp;&amp;nbsp;Aypi non habent claritatem&amp;nbsp; insitam. Aypi non habent claritatem&amp;nbsp; insitam. Aypi non habent claritatem&amp;nbsp; insitam.Aypi non habent claritatem&amp;nbsp; insitam. Aypi non habent claritatem&amp;nbsp; insitam. Aypi non habent claritatem&amp;nbsp; insitam.Aypi non habent claritatem&amp;nbsp; insitam. Aypi non habent claritatem&amp;nbsp; insitam. Aypi non habent claritatem&amp;nbsp; insitam.Aypi non habent claritatem&amp;nbsp; insitam. Aypi non habent claritatem&amp;nbsp; insitam. Aypi non habent claritatem&amp;nbsp; insitam.Aypi non habent claritatem&amp;nbsp; insitam. Aypi non habent claritatem&amp;nbsp; insitam. Aypi non habent claritatem&amp;nbsp; insitam.&lt;/p&gt;&lt;p&gt;&amp;nbsp;&amp;nbsp;&amp;nbsp;&amp;nbsp;Aypi non habent claritatem&amp;nbsp; insitam. Aypi non habent claritatem&amp;nbsp; insitam. Aypi non habent claritatem&amp;nbsp; insitam.Aypi non habent claritatem&amp;nbsp; insitam. Aypi non habent claritatem&amp;nbsp; insitam. Aypi non habent claritatem&amp;nbsp; insitam.Aypi non habent claritatem&amp;nbsp; insitam. Aypi non habent claritatem&amp;nbsp; insitam. Aypi non habent claritatem&amp;nbsp; insitam.Aypi non habent claritatem&amp;nbsp; insitam. Aypi non habent claritatem&amp;nbsp; insitam. Aypi non habent claritatem&amp;nbsp; insitam.Aypi non habent claritatem&amp;nbsp; insitam. Aypi non habent claritatem&amp;nbsp; insitam. Aypi non habent claritatem&amp;nbsp; insitam.&lt;br&gt;&lt;/p&gt;', 'Duis autem vel eum iriure dolor in hendrerit in vulputate velit esse molestie consequat, vel illum dolore eu feugiat nulla facilisis.', 'Aypi non habent claritatem  insitam', '', ''),
(1, 2, 'Aypi non habent claritatem  insitam.', '&lt;p&gt;&amp;nbsp;&amp;nbsp;&amp;nbsp;&amp;nbsp;Aypi non habent claritatem&amp;nbsp; insitam. Aypi non habent claritatem&amp;nbsp; insitam. Aypi non habent claritatem&amp;nbsp; insitam.Aypi non habent claritatem&amp;nbsp; insitam. Aypi non habent claritatem&amp;nbsp; insitam. Aypi non habent claritatem&amp;nbsp; insitam.Aypi non habent claritatem&amp;nbsp; insitam. Aypi non habent claritatem&amp;nbsp; insitam. Aypi non habent claritatem&amp;nbsp; insitam.Aypi non habent claritatem&amp;nbsp; insitam. Aypi non habent claritatem&amp;nbsp; insitam. Aypi non habent claritatem&amp;nbsp; insitam.Aypi non habent claritatem&amp;nbsp; insitam. Aypi non habent claritatem&amp;nbsp; insitam. Aypi non habent claritatem&amp;nbsp; insitam.&lt;/p&gt;&lt;p&gt;&amp;nbsp;&amp;nbsp;&amp;nbsp;&amp;nbsp;Aypi non habent claritatem&amp;nbsp; insitam. Aypi non habent claritatem&amp;nbsp; insitam. Aypi non habent claritatem&amp;nbsp; insitam.Aypi non habent claritatem&amp;nbsp; insitam. Aypi non habent claritatem&amp;nbsp; insitam. Aypi non habent claritatem&amp;nbsp; insitam.Aypi non habent claritatem&amp;nbsp; insitam. Aypi non habent claritatem&amp;nbsp; insitam. Aypi non habent claritatem&amp;nbsp; insitam.Aypi non habent claritatem&amp;nbsp; insitam. Aypi non habent claritatem&amp;nbsp; insitam. Aypi non habent claritatem&amp;nbsp; insitam.Aypi non habent claritatem&amp;nbsp; insitam. Aypi non habent claritatem&amp;nbsp; insitam. Aypi non habent claritatem&amp;nbsp; insitam.&lt;/p&gt;&lt;p&gt;&amp;nbsp;&amp;nbsp;&amp;nbsp;&amp;nbsp;Aypi non habent claritatem&amp;nbsp; insitam. Aypi non habent claritatem&amp;nbsp; insitam. Aypi non habent claritatem&amp;nbsp; insitam.Aypi non habent claritatem&amp;nbsp; insitam. Aypi non habent claritatem&amp;nbsp; insitam. Aypi non habent claritatem&amp;nbsp; insitam.Aypi non habent claritatem&amp;nbsp; insitam. Aypi non habent claritatem&amp;nbsp; insitam. Aypi non habent claritatem&amp;nbsp; insitam.Aypi non habent claritatem&amp;nbsp; insitam. Aypi non habent claritatem&amp;nbsp; insitam. Aypi non habent claritatem&amp;nbsp; insitam.Aypi non habent claritatem&amp;nbsp; insitam. Aypi non habent claritatem&amp;nbsp; insitam. Aypi non habent claritatem&amp;nbsp; insitam.&lt;br&gt;&lt;/p&gt;', 'Duis autem vel eum iriure dolor in hendrerit in vulputate velit esse molestie consequat, vel illum dolore eu feugiat nulla facilisis.', 'Aypi non habent claritatem  insitam', '', ''),
(2, 1, 'Bypi non habent claritatem  insitam', '&lt;p&gt;&amp;nbsp;&amp;nbsp;&amp;nbsp;&amp;nbsp;Aypi non habent claritatem&amp;nbsp; insitam. Aypi non habent claritatem&amp;nbsp; insitam. Aypi non habent claritatem&amp;nbsp; insitam.Aypi non habent claritatem&amp;nbsp; insitam. Aypi non habent claritatem&amp;nbsp; insitam. Aypi non habent claritatem&amp;nbsp; insitam.Aypi non habent claritatem&amp;nbsp; insitam. Aypi non habent claritatem&amp;nbsp; insitam. Aypi non habent claritatem&amp;nbsp; insitam.Aypi non habent claritatem&amp;nbsp; insitam. Aypi non habent claritatem&amp;nbsp; insitam. Aypi non habent claritatem&amp;nbsp; insitam.Aypi non habent claritatem&amp;nbsp; insitam. Aypi non habent claritatem&amp;nbsp; insitam. Aypi non habent claritatem&amp;nbsp; insitam.&lt;/p&gt;&lt;p&gt;&amp;nbsp;&amp;nbsp;&amp;nbsp;&amp;nbsp;Aypi non habent claritatem&amp;nbsp; insitam. Aypi non habent claritatem&amp;nbsp; insitam. Aypi non habent claritatem&amp;nbsp; insitam.Aypi non habent claritatem&amp;nbsp; insitam. Aypi non habent claritatem&amp;nbsp; insitam. Aypi non habent claritatem&amp;nbsp; insitam.Aypi non habent claritatem&amp;nbsp; insitam. Aypi non habent claritatem&amp;nbsp; insitam. Aypi non habent claritatem&amp;nbsp; insitam.Aypi non habent claritatem&amp;nbsp; insitam. Aypi non habent claritatem&amp;nbsp; insitam. Aypi non habent claritatem&amp;nbsp; insitam.Aypi non habent claritatem&amp;nbsp; insitam. Aypi non habent claritatem&amp;nbsp; insitam. Aypi non habent claritatem&amp;nbsp; insitam.&lt;/p&gt;&lt;p&gt;&amp;nbsp;&amp;nbsp;&amp;nbsp;&amp;nbsp;Aypi non habent claritatem&amp;nbsp; insitam. Aypi non habent claritatem&amp;nbsp; insitam. Aypi non habent claritatem&amp;nbsp; insitam.Aypi non habent claritatem&amp;nbsp; insitam. Aypi non habent claritatem&amp;nbsp; insitam. Aypi non habent claritatem&amp;nbsp; insitam.Aypi non habent claritatem&amp;nbsp; insitam. Aypi non habent claritatem&amp;nbsp; insitam. Aypi non habent claritatem&amp;nbsp; insitam.Aypi non habent claritatem&amp;nbsp; insitam. Aypi non habent claritatem&amp;nbsp; insitam. Aypi non habent claritatem&amp;nbsp; insitam.Aypi non habent claritatem&amp;nbsp; insitam. Aypi non habent claritatem&amp;nbsp; insitam. Aypi non habent claritatem&amp;nbsp; insitam.&lt;br&gt;&lt;/p&gt;', 'Duis autem vel eum iriure dolor in hendrerit in vulputate velit esse molestie consequat, vel illum dolore eu feugiat nulla facilisis.', 'Bypi non habent claritatem  insitam', '', ''),
(2, 2, 'Bypi non habent claritatem  insitam.', '&lt;p&gt;&amp;nbsp;&amp;nbsp;&amp;nbsp;&amp;nbsp;Aypi non habent claritatem&amp;nbsp; insitam. Aypi non habent claritatem&amp;nbsp; insitam. Aypi non habent claritatem&amp;nbsp; insitam.Aypi non habent claritatem&amp;nbsp; insitam. Aypi non habent claritatem&amp;nbsp; insitam. Aypi non habent claritatem&amp;nbsp; insitam.Aypi non habent claritatem&amp;nbsp; insitam. Aypi non habent claritatem&amp;nbsp; insitam. Aypi non habent claritatem&amp;nbsp; insitam.Aypi non habent claritatem&amp;nbsp; insitam. Aypi non habent claritatem&amp;nbsp; insitam. Aypi non habent claritatem&amp;nbsp; insitam.Aypi non habent claritatem&amp;nbsp; insitam. Aypi non habent claritatem&amp;nbsp; insitam. Aypi non habent claritatem&amp;nbsp; insitam.&lt;/p&gt;&lt;p&gt;&amp;nbsp;&amp;nbsp;&amp;nbsp;&amp;nbsp;Aypi non habent claritatem&amp;nbsp; insitam. Aypi non habent claritatem&amp;nbsp; insitam. Aypi non habent claritatem&amp;nbsp; insitam.Aypi non habent claritatem&amp;nbsp; insitam. Aypi non habent claritatem&amp;nbsp; insitam. Aypi non habent claritatem&amp;nbsp; insitam.Aypi non habent claritatem&amp;nbsp; insitam. Aypi non habent claritatem&amp;nbsp; insitam. Aypi non habent claritatem&amp;nbsp; insitam.Aypi non habent claritatem&amp;nbsp; insitam. Aypi non habent claritatem&amp;nbsp; insitam. Aypi non habent claritatem&amp;nbsp; insitam.Aypi non habent claritatem&amp;nbsp; insitam. Aypi non habent claritatem&amp;nbsp; insitam. Aypi non habent claritatem&amp;nbsp; insitam.&lt;/p&gt;&lt;p&gt;&amp;nbsp;&amp;nbsp;&amp;nbsp;&amp;nbsp;Aypi non habent claritatem&amp;nbsp; insitam. Aypi non habent claritatem&amp;nbsp; insitam. Aypi non habent claritatem&amp;nbsp; insitam.Aypi non habent claritatem&amp;nbsp; insitam. Aypi non habent claritatem&amp;nbsp; insitam. Aypi non habent claritatem&amp;nbsp; insitam.Aypi non habent claritatem&amp;nbsp; insitam. Aypi non habent claritatem&amp;nbsp; insitam. Aypi non habent claritatem&amp;nbsp; insitam.Aypi non habent claritatem&amp;nbsp; insitam. Aypi non habent claritatem&amp;nbsp; insitam. Aypi non habent claritatem&amp;nbsp; insitam.Aypi non habent claritatem&amp;nbsp; insitam. Aypi non habent claritatem&amp;nbsp; insitam. Aypi non habent claritatem&amp;nbsp; insitam.&lt;br&gt;&lt;/p&gt;', 'Duis autem vel eum iriure dolor in hendrerit in vulputate velit esse molestie consequat, vel illum dolore eu feugiat nulla facilisis.', 'Bypi non habent claritatem  insitam', '', ''),
(3, 1, 'Cypi non habent claritatem  insitam', '&lt;p&gt;&amp;nbsp;&amp;nbsp;&amp;nbsp;&amp;nbsp;Aypi non habent claritatem&amp;nbsp; insitam. Aypi non habent claritatem&amp;nbsp; insitam. Aypi non habent claritatem&amp;nbsp; insitam.Aypi non habent claritatem&amp;nbsp; insitam. Aypi non habent claritatem&amp;nbsp; insitam. Aypi non habent claritatem&amp;nbsp; insitam.Aypi non habent claritatem&amp;nbsp; insitam. Aypi non habent claritatem&amp;nbsp; insitam. Aypi non habent claritatem&amp;nbsp; insitam.Aypi non habent claritatem&amp;nbsp; insitam. Aypi non habent claritatem&amp;nbsp; insitam. Aypi non habent claritatem&amp;nbsp; insitam.Aypi non habent claritatem&amp;nbsp; insitam. Aypi non habent claritatem&amp;nbsp; insitam. Aypi non habent claritatem&amp;nbsp; insitam.&lt;/p&gt;&lt;p&gt;&amp;nbsp;&amp;nbsp;&amp;nbsp;&amp;nbsp;Aypi non habent claritatem&amp;nbsp; insitam. Aypi non habent claritatem&amp;nbsp; insitam. Aypi non habent claritatem&amp;nbsp; insitam.Aypi non habent claritatem&amp;nbsp; insitam. Aypi non habent claritatem&amp;nbsp; insitam. Aypi non habent claritatem&amp;nbsp; insitam.Aypi non habent claritatem&amp;nbsp; insitam. Aypi non habent claritatem&amp;nbsp; insitam. Aypi non habent claritatem&amp;nbsp; insitam.Aypi non habent claritatem&amp;nbsp; insitam. Aypi non habent claritatem&amp;nbsp; insitam. Aypi non habent claritatem&amp;nbsp; insitam.Aypi non habent claritatem&amp;nbsp; insitam. Aypi non habent claritatem&amp;nbsp; insitam. Aypi non habent claritatem&amp;nbsp; insitam.&lt;/p&gt;&lt;p&gt;&amp;nbsp;&amp;nbsp;&amp;nbsp;&amp;nbsp;Aypi non habent claritatem&amp;nbsp; insitam. Aypi non habent claritatem&amp;nbsp; insitam. Aypi non habent claritatem&amp;nbsp; insitam.Aypi non habent claritatem&amp;nbsp; insitam. Aypi non habent claritatem&amp;nbsp; insitam. Aypi non habent claritatem&amp;nbsp; insitam.Aypi non habent claritatem&amp;nbsp; insitam. Aypi non habent claritatem&amp;nbsp; insitam. Aypi non habent claritatem&amp;nbsp; insitam.Aypi non habent claritatem&amp;nbsp; insitam. Aypi non habent claritatem&amp;nbsp; insitam. Aypi non habent claritatem&amp;nbsp; insitam.Aypi non habent claritatem&amp;nbsp; insitam. Aypi non habent claritatem&amp;nbsp; insitam. Aypi non habent claritatem&amp;nbsp; insitam.&lt;br&gt;&lt;/p&gt;', 'Duis autem vel eum iriure dolor in hendrerit in vulputate velit esse molestie consequat, vel illum dolore eu feugiat nulla facilisis.', 'Cypi non habent claritatem  insitam', '', ''),
(3, 2, 'Cypi non habent claritatem  insitam', '&lt;p&gt;&amp;nbsp;&amp;nbsp;&amp;nbsp;&amp;nbsp;Aypi non habent claritatem&amp;nbsp; insitam. Aypi non habent claritatem&amp;nbsp; insitam. Aypi non habent claritatem&amp;nbsp; insitam.Aypi non habent claritatem&amp;nbsp; insitam. Aypi non habent claritatem&amp;nbsp; insitam. Aypi non habent claritatem&amp;nbsp; insitam.Aypi non habent claritatem&amp;nbsp; insitam. Aypi non habent claritatem&amp;nbsp; insitam. Aypi non habent claritatem&amp;nbsp; insitam.Aypi non habent claritatem&amp;nbsp; insitam. Aypi non habent claritatem&amp;nbsp; insitam. Aypi non habent claritatem&amp;nbsp; insitam.Aypi non habent claritatem&amp;nbsp; insitam. Aypi non habent claritatem&amp;nbsp; insitam. Aypi non habent claritatem&amp;nbsp; insitam.&lt;/p&gt;&lt;p&gt;&amp;nbsp;&amp;nbsp;&amp;nbsp;&amp;nbsp;Aypi non habent claritatem&amp;nbsp; insitam. Aypi non habent claritatem&amp;nbsp; insitam. Aypi non habent claritatem&amp;nbsp; insitam.Aypi non habent claritatem&amp;nbsp; insitam. Aypi non habent claritatem&amp;nbsp; insitam. Aypi non habent claritatem&amp;nbsp; insitam.Aypi non habent claritatem&amp;nbsp; insitam. Aypi non habent claritatem&amp;nbsp; insitam. Aypi non habent claritatem&amp;nbsp; insitam.Aypi non habent claritatem&amp;nbsp; insitam. Aypi non habent claritatem&amp;nbsp; insitam. Aypi non habent claritatem&amp;nbsp; insitam.Aypi non habent claritatem&amp;nbsp; insitam. Aypi non habent claritatem&amp;nbsp; insitam. Aypi non habent claritatem&amp;nbsp; insitam.&lt;/p&gt;&lt;p&gt;&amp;nbsp;&amp;nbsp;&amp;nbsp;&amp;nbsp;Aypi non habent claritatem&amp;nbsp; insitam. Aypi non habent claritatem&amp;nbsp; insitam. Aypi non habent claritatem&amp;nbsp; insitam.Aypi non habent claritatem&amp;nbsp; insitam. Aypi non habent claritatem&amp;nbsp; insitam. Aypi non habent claritatem&amp;nbsp; insitam.Aypi non habent claritatem&amp;nbsp; insitam. Aypi non habent claritatem&amp;nbsp; insitam. Aypi non habent claritatem&amp;nbsp; insitam.Aypi non habent claritatem&amp;nbsp; insitam. Aypi non habent claritatem&amp;nbsp; insitam. Aypi non habent claritatem&amp;nbsp; insitam.Aypi non habent claritatem&amp;nbsp; insitam. Aypi non habent claritatem&amp;nbsp; insitam. Aypi non habent claritatem&amp;nbsp; insitam.&lt;br&gt;&lt;/p&gt;', 'Duis autem vel eum iriure dolor in hendrerit in vulputate velit esse molestie consequat, vel illum dolore eu feugiat nulla facilisis.', 'Cypi non habent claritatem  insitam', '', ''),
(4, 1, 'Oypi habent claritatem  insitam', '&lt;p&gt;&amp;nbsp;&amp;nbsp;&amp;nbsp;&amp;nbsp;Aypi non habent claritatem&amp;nbsp; insitam. Aypi non habent claritatem&amp;nbsp; insitam. Aypi non habent claritatem&amp;nbsp; insitam.Aypi non habent claritatem&amp;nbsp; insitam. Aypi non habent claritatem&amp;nbsp; insitam. Aypi non habent claritatem&amp;nbsp; insitam.Aypi non habent claritatem&amp;nbsp; insitam. Aypi non habent claritatem&amp;nbsp; insitam. Aypi non habent claritatem&amp;nbsp; insitam.Aypi non habent claritatem&amp;nbsp; insitam. Aypi non habent claritatem&amp;nbsp; insitam. Aypi non habent claritatem&amp;nbsp; insitam.Aypi non habent claritatem&amp;nbsp; insitam. Aypi non habent claritatem&amp;nbsp; insitam. Aypi non habent claritatem&amp;nbsp; insitam.&lt;/p&gt;&lt;p&gt;&amp;nbsp;&amp;nbsp;&amp;nbsp;&amp;nbsp;Aypi non habent claritatem&amp;nbsp; insitam. Aypi non habent claritatem&amp;nbsp; insitam. Aypi non habent claritatem&amp;nbsp; insitam.Aypi non habent claritatem&amp;nbsp; insitam. Aypi non habent claritatem&amp;nbsp; insitam. Aypi non habent claritatem&amp;nbsp; insitam.Aypi non habent claritatem&amp;nbsp; insitam. Aypi non habent claritatem&amp;nbsp; insitam. Aypi non habent claritatem&amp;nbsp; insitam.Aypi non habent claritatem&amp;nbsp; insitam. Aypi non habent claritatem&amp;nbsp; insitam. Aypi non habent claritatem&amp;nbsp; insitam.Aypi non habent claritatem&amp;nbsp; insitam. Aypi non habent claritatem&amp;nbsp; insitam. Aypi non habent claritatem&amp;nbsp; insitam.&lt;/p&gt;&lt;p&gt;&amp;nbsp;&amp;nbsp;&amp;nbsp;&amp;nbsp;Aypi non habent claritatem&amp;nbsp; insitam. Aypi non habent claritatem&amp;nbsp; insitam. Aypi non habent claritatem&amp;nbsp; insitam.Aypi non habent claritatem&amp;nbsp; insitam. Aypi non habent claritatem&amp;nbsp; insitam. Aypi non habent claritatem&amp;nbsp; insitam.Aypi non habent claritatem&amp;nbsp; insitam. Aypi non habent claritatem&amp;nbsp; insitam. Aypi non habent claritatem&amp;nbsp; insitam.Aypi non habent claritatem&amp;nbsp; insitam. Aypi non habent claritatem&amp;nbsp; insitam. Aypi non habent claritatem&amp;nbsp; insitam.Aypi non habent claritatem&amp;nbsp; insitam. Aypi non habent claritatem&amp;nbsp; insitam. Aypi non habent claritatem&amp;nbsp; insitam.&lt;br&gt;&lt;/p&gt;', 'Duis autem vel eum iriure dolor in hendrerit in vulputate velit esse molestie consequat, vel illum dolore eu feugiat nulla facilisis.', 'Oypi habent claritatem  insitam', '', ''),
(4, 2, 'Oypi habent claritatem  insitam', '&lt;p&gt;&amp;nbsp;&amp;nbsp;&amp;nbsp;&amp;nbsp;Aypi non habent claritatem&amp;nbsp; insitam. Aypi non habent claritatem&amp;nbsp; insitam. Aypi non habent claritatem&amp;nbsp; insitam.Aypi non habent claritatem&amp;nbsp; insitam. Aypi non habent claritatem&amp;nbsp; insitam. Aypi non habent claritatem&amp;nbsp; insitam.Aypi non habent claritatem&amp;nbsp; insitam. Aypi non habent claritatem&amp;nbsp; insitam. Aypi non habent claritatem&amp;nbsp; insitam.Aypi non habent claritatem&amp;nbsp; insitam. Aypi non habent claritatem&amp;nbsp; insitam. Aypi non habent claritatem&amp;nbsp; insitam.Aypi non habent claritatem&amp;nbsp; insitam. Aypi non habent claritatem&amp;nbsp; insitam. Aypi non habent claritatem&amp;nbsp; insitam.&lt;/p&gt;&lt;p&gt;&amp;nbsp;&amp;nbsp;&amp;nbsp;&amp;nbsp;Aypi non habent claritatem&amp;nbsp; insitam. Aypi non habent claritatem&amp;nbsp; insitam. Aypi non habent claritatem&amp;nbsp; insitam.Aypi non habent claritatem&amp;nbsp; insitam. Aypi non habent claritatem&amp;nbsp; insitam. Aypi non habent claritatem&amp;nbsp; insitam.Aypi non habent claritatem&amp;nbsp; insitam. Aypi non habent claritatem&amp;nbsp; insitam. Aypi non habent claritatem&amp;nbsp; insitam.Aypi non habent claritatem&amp;nbsp; insitam. Aypi non habent claritatem&amp;nbsp; insitam. Aypi non habent claritatem&amp;nbsp; insitam.Aypi non habent claritatem&amp;nbsp; insitam. Aypi non habent claritatem&amp;nbsp; insitam. Aypi non habent claritatem&amp;nbsp; insitam.&lt;/p&gt;&lt;p&gt;&amp;nbsp;&amp;nbsp;&amp;nbsp;&amp;nbsp;Aypi non habent claritatem&amp;nbsp; insitam. Aypi non habent claritatem&amp;nbsp; insitam. Aypi non habent claritatem&amp;nbsp; insitam.Aypi non habent claritatem&amp;nbsp; insitam. Aypi non habent claritatem&amp;nbsp; insitam. Aypi non habent claritatem&amp;nbsp; insitam.Aypi non habent claritatem&amp;nbsp; insitam. Aypi non habent claritatem&amp;nbsp; insitam. Aypi non habent claritatem&amp;nbsp; insitam.Aypi non habent claritatem&amp;nbsp; insitam. Aypi non habent claritatem&amp;nbsp; insitam. Aypi non habent claritatem&amp;nbsp; insitam.Aypi non habent claritatem&amp;nbsp; insitam. Aypi non habent claritatem&amp;nbsp; insitam. Aypi non habent claritatem&amp;nbsp; insitam.&lt;br&gt;&lt;/p&gt;', 'Duis autem vel eum iriure dolor in hendrerit in vulputate velit esse molestie consequat, vel illum dolore eu feugiat nulla facilisis.', 'Oypi habent claritatem  insitam', '', ''),
(5, 1, 'Mon habent claritatem  insitam', '&lt;p&gt;&amp;nbsp;&amp;nbsp;&amp;nbsp;&amp;nbsp;Aypi non habent claritatem&amp;nbsp; insitam. Aypi non habent claritatem&amp;nbsp; insitam. Aypi non habent claritatem&amp;nbsp; insitam.Aypi non habent claritatem&amp;nbsp; insitam. Aypi non habent claritatem&amp;nbsp; insitam. Aypi non habent claritatem&amp;nbsp; insitam.Aypi non habent claritatem&amp;nbsp; insitam. Aypi non habent claritatem&amp;nbsp; insitam. Aypi non habent claritatem&amp;nbsp; insitam.Aypi non habent claritatem&amp;nbsp; insitam. Aypi non habent claritatem&amp;nbsp; insitam. Aypi non habent claritatem&amp;nbsp; insitam.Aypi non habent claritatem&amp;nbsp; insitam. Aypi non habent claritatem&amp;nbsp; insitam. Aypi non habent claritatem&amp;nbsp; insitam.&lt;/p&gt;&lt;p&gt;&amp;nbsp;&amp;nbsp;&amp;nbsp;&amp;nbsp;Aypi non habent claritatem&amp;nbsp; insitam. Aypi non habent claritatem&amp;nbsp; insitam. Aypi non habent claritatem&amp;nbsp; insitam.Aypi non habent claritatem&amp;nbsp; insitam. Aypi non habent claritatem&amp;nbsp; insitam. Aypi non habent claritatem&amp;nbsp; insitam.Aypi non habent claritatem&amp;nbsp; insitam. Aypi non habent claritatem&amp;nbsp; insitam. Aypi non habent claritatem&amp;nbsp; insitam.Aypi non habent claritatem&amp;nbsp; insitam. Aypi non habent claritatem&amp;nbsp; insitam. Aypi non habent claritatem&amp;nbsp; insitam.Aypi non habent claritatem&amp;nbsp; insitam. Aypi non habent claritatem&amp;nbsp; insitam. Aypi non habent claritatem&amp;nbsp; insitam.&lt;/p&gt;&lt;p&gt;&amp;nbsp;&amp;nbsp;&amp;nbsp;&amp;nbsp;Aypi non habent claritatem&amp;nbsp; insitam. Aypi non habent claritatem&amp;nbsp; insitam. Aypi non habent claritatem&amp;nbsp; insitam.Aypi non habent claritatem&amp;nbsp; insitam. Aypi non habent claritatem&amp;nbsp; insitam. Aypi non habent claritatem&amp;nbsp; insitam.Aypi non habent claritatem&amp;nbsp; insitam. Aypi non habent claritatem&amp;nbsp; insitam. Aypi non habent claritatem&amp;nbsp; insitam.Aypi non habent claritatem&amp;nbsp; insitam. Aypi non habent claritatem&amp;nbsp; insitam. Aypi non habent claritatem&amp;nbsp; insitam.Aypi non habent claritatem&amp;nbsp; insitam. Aypi non habent claritatem&amp;nbsp; insitam. Aypi non habent claritatem&amp;nbsp; insitam.&lt;br&gt;&lt;/p&gt;', 'Duis autem vel eum iriure dolor in hendrerit in vulputate velit esse molestie consequat, vel illum dolore eu feugiat nulla facilisis.', 'Mon habent claritatem  insitam', '', ''),
(5, 2, 'Mon habent claritatem  insitam', '&lt;p&gt;&amp;nbsp;&amp;nbsp;&amp;nbsp;&amp;nbsp;Aypi non habent claritatem&amp;nbsp; insitam. Aypi non habent claritatem&amp;nbsp; insitam. Aypi non habent claritatem&amp;nbsp; insitam.Aypi non habent claritatem&amp;nbsp; insitam. Aypi non habent claritatem&amp;nbsp; insitam. Aypi non habent claritatem&amp;nbsp; insitam.Aypi non habent claritatem&amp;nbsp; insitam. Aypi non habent claritatem&amp;nbsp; insitam. Aypi non habent claritatem&amp;nbsp; insitam.Aypi non habent claritatem&amp;nbsp; insitam. Aypi non habent claritatem&amp;nbsp; insitam. Aypi non habent claritatem&amp;nbsp; insitam.Aypi non habent claritatem&amp;nbsp; insitam. Aypi non habent claritatem&amp;nbsp; insitam. Aypi non habent claritatem&amp;nbsp; insitam.&lt;/p&gt;&lt;p&gt;&amp;nbsp;&amp;nbsp;&amp;nbsp;&amp;nbsp;Aypi non habent claritatem&amp;nbsp; insitam. Aypi non habent claritatem&amp;nbsp; insitam. Aypi non habent claritatem&amp;nbsp; insitam.Aypi non habent claritatem&amp;nbsp; insitam. Aypi non habent claritatem&amp;nbsp; insitam. Aypi non habent claritatem&amp;nbsp; insitam.Aypi non habent claritatem&amp;nbsp; insitam. Aypi non habent claritatem&amp;nbsp; insitam. Aypi non habent claritatem&amp;nbsp; insitam.Aypi non habent claritatem&amp;nbsp; insitam. Aypi non habent claritatem&amp;nbsp; insitam. Aypi non habent claritatem&amp;nbsp; insitam.Aypi non habent claritatem&amp;nbsp; insitam. Aypi non habent claritatem&amp;nbsp; insitam. Aypi non habent claritatem&amp;nbsp; insitam.&lt;/p&gt;&lt;p&gt;&amp;nbsp;&amp;nbsp;&amp;nbsp;&amp;nbsp;Aypi non habent claritatem&amp;nbsp; insitam. Aypi non habent claritatem&amp;nbsp; insitam. Aypi non habent claritatem&amp;nbsp; insitam.Aypi non habent claritatem&amp;nbsp; insitam. Aypi non habent claritatem&amp;nbsp; insitam. Aypi non habent claritatem&amp;nbsp; insitam.Aypi non habent claritatem&amp;nbsp; insitam. Aypi non habent claritatem&amp;nbsp; insitam. Aypi non habent claritatem&amp;nbsp; insitam.Aypi non habent claritatem&amp;nbsp; insitam. Aypi non habent claritatem&amp;nbsp; insitam. Aypi non habent claritatem&amp;nbsp; insitam.Aypi non habent claritatem&amp;nbsp; insitam. Aypi non habent claritatem&amp;nbsp; insitam. Aypi non habent claritatem&amp;nbsp; insitam.&lt;br&gt;&lt;/p&gt;', 'Duis autem vel eum iriure dolor in hendrerit in vulputate velit esse molestie consequat, vel illum dolore eu feugiat nulla facilisis.', 'Mon habent claritatem  insitam', '', ''),
(6, 1, 'Cabent claritatem  insitam', '&lt;p&gt;&amp;nbsp;&amp;nbsp;&amp;nbsp;&amp;nbsp;Aypi non habent claritatem&amp;nbsp; insitam. Aypi non habent claritatem&amp;nbsp; insitam. Aypi non habent claritatem&amp;nbsp; insitam.Aypi non habent claritatem&amp;nbsp; insitam. Aypi non habent claritatem&amp;nbsp; insitam. Aypi non habent claritatem&amp;nbsp; insitam.Aypi non habent claritatem&amp;nbsp; insitam. Aypi non habent claritatem&amp;nbsp; insitam. Aypi non habent claritatem&amp;nbsp; insitam.Aypi non habent claritatem&amp;nbsp; insitam. Aypi non habent claritatem&amp;nbsp; insitam. Aypi non habent claritatem&amp;nbsp; insitam.Aypi non habent claritatem&amp;nbsp; insitam. Aypi non habent claritatem&amp;nbsp; insitam. Aypi non habent claritatem&amp;nbsp; insitam.&lt;/p&gt;&lt;p&gt;&amp;nbsp;&amp;nbsp;&amp;nbsp;&amp;nbsp;Aypi non habent claritatem&amp;nbsp; insitam. Aypi non habent claritatem&amp;nbsp; insitam. Aypi non habent claritatem&amp;nbsp; insitam.Aypi non habent claritatem&amp;nbsp; insitam. Aypi non habent claritatem&amp;nbsp; insitam. Aypi non habent claritatem&amp;nbsp; insitam.Aypi non habent claritatem&amp;nbsp; insitam. Aypi non habent claritatem&amp;nbsp; insitam. Aypi non habent claritatem&amp;nbsp; insitam.Aypi non habent claritatem&amp;nbsp; insitam. Aypi non habent claritatem&amp;nbsp; insitam. Aypi non habent claritatem&amp;nbsp; insitam.Aypi non habent claritatem&amp;nbsp; insitam. Aypi non habent claritatem&amp;nbsp; insitam. Aypi non habent claritatem&amp;nbsp; insitam.&lt;/p&gt;&lt;p&gt;&amp;nbsp;&amp;nbsp;&amp;nbsp;&amp;nbsp;Aypi non habent claritatem&amp;nbsp; insitam. Aypi non habent claritatem&amp;nbsp; insitam. Aypi non habent claritatem&amp;nbsp; insitam.Aypi non habent claritatem&amp;nbsp; insitam. Aypi non habent claritatem&amp;nbsp; insitam. Aypi non habent claritatem&amp;nbsp; insitam.Aypi non habent claritatem&amp;nbsp; insitam. Aypi non habent claritatem&amp;nbsp; insitam. Aypi non habent claritatem&amp;nbsp; insitam.Aypi non habent claritatem&amp;nbsp; insitam. Aypi non habent claritatem&amp;nbsp; insitam. Aypi non habent claritatem&amp;nbsp; insitam.Aypi non habent claritatem&amp;nbsp; insitam. Aypi non habent claritatem&amp;nbsp; insitam. Aypi non habent claritatem&amp;nbsp; insitam.&lt;br&gt;&lt;/p&gt;', 'Duis autem vel eum iriure dolor in hendrerit in vulputate velit esse molestie consequat, vel illum dolore eu feugiat nulla facilisis.', 'Cabent claritatem  insitam', '', ''),
(6, 2, 'Cabent claritatem  insitam', '&lt;p&gt;&amp;nbsp;&amp;nbsp;&amp;nbsp;&amp;nbsp;Aypi non habent claritatem&amp;nbsp; insitam. Aypi non habent claritatem&amp;nbsp; insitam. Aypi non habent claritatem&amp;nbsp; insitam.Aypi non habent claritatem&amp;nbsp; insitam. Aypi non habent claritatem&amp;nbsp; insitam. Aypi non habent claritatem&amp;nbsp; insitam.Aypi non habent claritatem&amp;nbsp; insitam. Aypi non habent claritatem&amp;nbsp; insitam. Aypi non habent claritatem&amp;nbsp; insitam.Aypi non habent claritatem&amp;nbsp; insitam. Aypi non habent claritatem&amp;nbsp; insitam. Aypi non habent claritatem&amp;nbsp; insitam.Aypi non habent claritatem&amp;nbsp; insitam. Aypi non habent claritatem&amp;nbsp; insitam. Aypi non habent claritatem&amp;nbsp; insitam.&lt;/p&gt;&lt;p&gt;&amp;nbsp;&amp;nbsp;&amp;nbsp;&amp;nbsp;Aypi non habent claritatem&amp;nbsp; insitam. Aypi non habent claritatem&amp;nbsp; insitam. Aypi non habent claritatem&amp;nbsp; insitam.Aypi non habent claritatem&amp;nbsp; insitam. Aypi non habent claritatem&amp;nbsp; insitam. Aypi non habent claritatem&amp;nbsp; insitam.Aypi non habent claritatem&amp;nbsp; insitam. Aypi non habent claritatem&amp;nbsp; insitam. Aypi non habent claritatem&amp;nbsp; insitam.Aypi non habent claritatem&amp;nbsp; insitam. Aypi non habent claritatem&amp;nbsp; insitam. Aypi non habent claritatem&amp;nbsp; insitam.Aypi non habent claritatem&amp;nbsp; insitam. Aypi non habent claritatem&amp;nbsp; insitam. Aypi non habent claritatem&amp;nbsp; insitam.&lt;/p&gt;&lt;p&gt;&amp;nbsp;&amp;nbsp;&amp;nbsp;&amp;nbsp;Aypi non habent claritatem&amp;nbsp; insitam. Aypi non habent claritatem&amp;nbsp; insitam. Aypi non habent claritatem&amp;nbsp; insitam.Aypi non habent claritatem&amp;nbsp; insitam. Aypi non habent claritatem&amp;nbsp; insitam. Aypi non habent claritatem&amp;nbsp; insitam.Aypi non habent claritatem&amp;nbsp; insitam. Aypi non habent claritatem&amp;nbsp; insitam. Aypi non habent claritatem&amp;nbsp; insitam.Aypi non habent claritatem&amp;nbsp; insitam. Aypi non habent claritatem&amp;nbsp; insitam. Aypi non habent claritatem&amp;nbsp; insitam.Aypi non habent claritatem&amp;nbsp; insitam. Aypi non habent claritatem&amp;nbsp; insitam. Aypi non habent claritatem&amp;nbsp; insitam.&lt;br&gt;&lt;/p&gt;', 'Duis autem vel eum iriure dolor in hendrerit in vulputate velit esse molestie consequat, vel illum dolore eu feugiat nulla facilisis.', 'Cabent claritatem  insitam', '', '');

-- --------------------------------------------------------

--
-- Table structure for table `oc_article_list`
--

CREATE TABLE `oc_article_list` (
  `article_list_id` int(11) NOT NULL,
  `name` varchar(255) NOT NULL,
  `status` tinyint(1) NOT NULL DEFAULT '0'
) ENGINE=InnoDB DEFAULT CHARSET=utf8;

--
-- Dumping data for table `oc_article_list`
--

INSERT INTO `oc_article_list` (`article_list_id`, `name`, `status`) VALUES
(1, 'Blog', 1),
(2, 'Blog2', 1);

-- --------------------------------------------------------

--
-- Table structure for table `oc_article_to_list`
--

CREATE TABLE `oc_article_to_list` (
  `article_list_id` int(11) NOT NULL,
  `article_id` int(11) NOT NULL
) ENGINE=InnoDB DEFAULT CHARSET=utf8;

--
-- Dumping data for table `oc_article_to_list`
--

INSERT INTO `oc_article_to_list` (`article_list_id`, `article_id`) VALUES
(2, 6),
(2, 5),
(2, 4),
(1, 1),
(1, 2),
(1, 3),
(1, 6);

-- --------------------------------------------------------

--
-- Table structure for table `oc_article_to_store`
--

CREATE TABLE `oc_article_to_store` (
  `article_id` int(11) NOT NULL,
  `store_id` int(11) NOT NULL
) ENGINE=InnoDB DEFAULT CHARSET=utf8;

--
-- Dumping data for table `oc_article_to_store`
--

INSERT INTO `oc_article_to_store` (`article_id`, `store_id`) VALUES
(5, 0),
(5, 1),
(4, 0),
(4, 1),
(1, 0),
(1, 1),
(2, 0),
(2, 1),
(3, 0),
(3, 1),
(6, 0),
(6, 1);

-- --------------------------------------------------------

--
-- Table structure for table `oc_attribute`
--

CREATE TABLE `oc_attribute` (
  `attribute_id` int(11) NOT NULL,
  `attribute_group_id` int(11) NOT NULL,
  `sort_order` int(3) NOT NULL
) ENGINE=MyISAM DEFAULT CHARSET=utf8;

--
-- Dumping data for table `oc_attribute`
--

INSERT INTO `oc_attribute` (`attribute_id`, `attribute_group_id`, `sort_order`) VALUES
(1, 6, 1),
(2, 6, 5),
(3, 6, 3),
(4, 3, 1),
(5, 3, 2),
(6, 3, 3),
(7, 3, 4),
(8, 3, 5),
(9, 3, 6),
(10, 3, 7),
(11, 3, 8);

-- --------------------------------------------------------

--
-- Table structure for table `oc_attribute_description`
--

CREATE TABLE `oc_attribute_description` (
  `attribute_id` int(11) NOT NULL,
  `language_id` int(11) NOT NULL,
  `name` varchar(64) NOT NULL
) ENGINE=MyISAM DEFAULT CHARSET=utf8;

--
-- Dumping data for table `oc_attribute_description`
--

INSERT INTO `oc_attribute_description` (`attribute_id`, `language_id`, `name`) VALUES
(1, 1, 'Description'),
(2, 1, 'No. of Cores'),
(4, 1, 'test 1'),
(5, 1, 'test 2'),
(6, 1, 'test 3'),
(7, 1, 'test 4'),
(8, 1, 'test 5'),
(9, 1, 'test 6'),
(10, 1, 'test 7'),
(11, 1, 'test 8'),
(3, 1, 'Clockspeed'),
(1, 2, 'Description'),
(2, 2, 'No. of Cores'),
(4, 2, 'test 1'),
(5, 2, 'test 2'),
(6, 2, 'test 3'),
(7, 2, 'test 4'),
(8, 2, 'test 5'),
(9, 2, 'test 6'),
(10, 2, 'test 7'),
(11, 2, 'test 8'),
(3, 2, 'Clockspeed');

-- --------------------------------------------------------

--
-- Table structure for table `oc_attribute_group`
--

CREATE TABLE `oc_attribute_group` (
  `attribute_group_id` int(11) NOT NULL,
  `sort_order` int(3) NOT NULL
) ENGINE=MyISAM DEFAULT CHARSET=utf8;

--
-- Dumping data for table `oc_attribute_group`
--

INSERT INTO `oc_attribute_group` (`attribute_group_id`, `sort_order`) VALUES
(3, 2),
(4, 1),
(5, 3),
(6, 4);

-- --------------------------------------------------------

--
-- Table structure for table `oc_attribute_group_description`
--

CREATE TABLE `oc_attribute_group_description` (
  `attribute_group_id` int(11) NOT NULL,
  `language_id` int(11) NOT NULL,
  `name` varchar(64) NOT NULL
) ENGINE=MyISAM DEFAULT CHARSET=utf8;

--
-- Dumping data for table `oc_attribute_group_description`
--

INSERT INTO `oc_attribute_group_description` (`attribute_group_id`, `language_id`, `name`) VALUES
(3, 1, 'Memory'),
(4, 1, 'Technical'),
(5, 1, 'Motherboard'),
(6, 1, 'Processor'),
(3, 2, 'Memory'),
(4, 2, 'Technical'),
(5, 2, 'Motherboard'),
(6, 2, 'Processor');

-- --------------------------------------------------------

--
-- Table structure for table `oc_banner`
--

CREATE TABLE `oc_banner` (
  `banner_id` int(11) NOT NULL,
  `name` varchar(64) NOT NULL,
  `status` tinyint(1) NOT NULL
) ENGINE=MyISAM DEFAULT CHARSET=utf8;

--
-- Dumping data for table `oc_banner`
--

INSERT INTO `oc_banner` (`banner_id`, `name`, `status`) VALUES
(6, 'HP Products', 1),
(7, 'Home Page Slideshow', 1),
(8, 'Manufacturers', 1),
(9, 'Brand Slider', 1),
(10, 'Brand Slider2', 1);

-- --------------------------------------------------------

--
-- Table structure for table `oc_banner_image`
--

CREATE TABLE `oc_banner_image` (
  `banner_image_id` int(11) NOT NULL,
  `banner_id` int(11) NOT NULL,
  `language_id` int(11) NOT NULL,
  `title` varchar(64) NOT NULL,
  `link` varchar(255) NOT NULL,
  `image` varchar(255) NOT NULL,
  `sort_order` int(3) NOT NULL DEFAULT '0'
) ENGINE=MyISAM DEFAULT CHARSET=utf8;

--
-- Dumping data for table `oc_banner_image`
--

INSERT INTO `oc_banner_image` (`banner_image_id`, `banner_id`, `language_id`, `title`, `link`, `image`, `sort_order`) VALUES
(79, 7, 1, 'iPhone 6', 'index.php?route=product/product&amp;path=57&amp;product_id=49', 'catalog/demo/banners/iPhone6.jpg', 0),
(87, 6, 1, 'HP Banner', 'index.php?route=product/manufacturer/info&amp;manufacturer_id=7', 'catalog/demo/compaq_presario.jpg', 0),
(94, 8, 1, 'NFL', '', 'catalog/demo/manufacturer/nfl.png', 0),
(95, 8, 1, 'RedBull', '', 'catalog/demo/manufacturer/redbull.png', 0),
(96, 8, 1, 'Sony', '', 'catalog/demo/manufacturer/sony.png', 0),
(91, 8, 1, 'Coca Cola', '', 'catalog/demo/manufacturer/cocacola.png', 0),
(92, 8, 1, 'Burger King', '', 'catalog/demo/manufacturer/burgerking.png', 0),
(93, 8, 1, 'Canon', '', 'catalog/demo/manufacturer/canon.png', 0),
(88, 8, 1, 'Harley Davidson', '', 'catalog/demo/manufacturer/harley.png', 0),
(89, 8, 1, 'Dell', '', 'catalog/demo/manufacturer/dell.png', 0),
(90, 8, 1, 'Disney', '', 'catalog/demo/manufacturer/disney.png', 0),
(80, 7, 1, 'MacBookAir', '', 'catalog/demo/banners/MacBookAir.jpg', 0),
(97, 8, 1, 'Starbucks', '', 'catalog/demo/manufacturer/starbucks.png', 0),
(98, 8, 1, 'Nintendo', '', 'catalog/demo/manufacturer/nintendo.png', 0),
(99, 7, 2, 'iPhone 6', 'index.php?route=product/product&amp;path=57&amp;product_id=49', 'catalog/demo/banners/iPhone6.jpg', 0),
(100, 6, 2, 'HP Banner', 'index.php?route=product/manufacturer/info&amp;manufacturer_id=7', 'catalog/demo/compaq_presario.jpg', 0),
(101, 8, 2, 'NFL', '', 'catalog/demo/manufacturer/nfl.png', 0),
(102, 8, 2, 'RedBull', '', 'catalog/demo/manufacturer/redbull.png', 0),
(103, 8, 2, 'Sony', '', 'catalog/demo/manufacturer/sony.png', 0),
(104, 8, 2, 'Coca Cola', '', 'catalog/demo/manufacturer/cocacola.png', 0),
(105, 8, 2, 'Burger King', '', 'catalog/demo/manufacturer/burgerking.png', 0),
(106, 8, 2, 'Canon', '', 'catalog/demo/manufacturer/canon.png', 0),
(107, 8, 2, 'Harley Davidson', '', 'catalog/demo/manufacturer/harley.png', 0),
(108, 8, 2, 'Dell', '', 'catalog/demo/manufacturer/dell.png', 0),
(109, 8, 2, 'Disney', '', 'catalog/demo/manufacturer/disney.png', 0),
(110, 7, 2, 'MacBookAir', '', 'catalog/demo/banners/MacBookAir.jpg', 0),
(111, 8, 2, 'Starbucks', '', 'catalog/demo/manufacturer/starbucks.png', 0),
(112, 8, 2, 'Nintendo', '', 'catalog/demo/manufacturer/nintendo.png', 0),
(234, 9, 2, 'Brand2', '#', '', 0),
(233, 9, 2, 'Brand3', '#', '', 0),
(232, 9, 2, 'Brand4', '#', '', 0),
(231, 9, 2, 'Brand5', '#', '', 0),
(230, 9, 2, 'Brand6', '#', '', 0),
(229, 9, 2, 'Brand7', '#', '', 0),
(120, 10, 1, 'Brand', '#', 'catalog/brand/9.jpg', 0),
(121, 10, 1, 'Brand1', '#', 'catalog/brand/10.jpg', 0),
(122, 10, 1, 'Brand2', '#', 'catalog/brand/11.jpg', 0),
(123, 10, 1, 'Brand3', '#', 'catalog/brand/12.jpg', 0),
(124, 10, 1, 'Brand4', '#', 'catalog/brand/13.jpg', 0),
(125, 10, 1, 'Brand5', '#', 'catalog/brand/14.jpg', 0),
(126, 10, 1, 'Brand6', '#', 'catalog/brand/11.jpg', 0),
(127, 10, 1, 'Brand7', '#', 'catalog/brand/12.jpg', 0),
(128, 10, 2, 'Brand', '#', 'catalog/brand/9.jpg', 0),
(129, 10, 2, 'Brand1', '#', 'catalog/brand/10.jpg', 0),
(130, 10, 2, 'Brand2', '#', 'catalog/brand/11.jpg', 0),
(131, 10, 2, 'Brand3', '#', 'catalog/brand/12.jpg', 0),
(132, 10, 2, 'Brand4', '#', 'catalog/brand/13.jpg', 0),
(133, 10, 2, 'Brand5', '#', 'catalog/brand/14.jpg', 0),
(134, 10, 2, 'Brand6', '#', 'catalog/brand/13.jpg', 0),
(135, 10, 2, 'Brand7', '#', 'catalog/brand/10.jpg', 0),
(228, 9, 2, 'Brand', '#', 'catalog/brand/1.jpg', 0),
(227, 9, 2, 'Brand1', '#', '', 0),
(226, 9, 2, 'Brand2', '#', '', 0),
(225, 9, 2, 'Brand3', '#', '', 0),
(224, 9, 2, 'Brand4', '#', '', 0),
(223, 9, 2, 'Brand5', '#', '', 0),
(222, 9, 2, 'Brand7', '#', '', 0),
(160, 7, 2, 'iPhone 6', 'index.php?route=product/product&amp;path=57&amp;product_id=49', 'catalog/demo/banners/iPhone6.jpg', 0),
(161, 6, 2, 'HP Banner', 'index.php?route=product/manufacturer/info&amp;manufacturer_id=7', 'catalog/demo/compaq_presario.jpg', 0),
(162, 8, 2, 'NFL', '', 'catalog/demo/manufacturer/nfl.png', 0),
(163, 8, 2, 'RedBull', '', 'catalog/demo/manufacturer/redbull.png', 0),
(164, 8, 2, 'Sony', '', 'catalog/demo/manufacturer/sony.png', 0),
(165, 8, 2, 'Coca Cola', '', 'catalog/demo/manufacturer/cocacola.png', 0),
(166, 8, 2, 'Burger King', '', 'catalog/demo/manufacturer/burgerking.png', 0),
(167, 8, 2, 'Canon', '', 'catalog/demo/manufacturer/canon.png', 0),
(168, 8, 2, 'Harley Davidson', '', 'catalog/demo/manufacturer/harley.png', 0),
(169, 8, 2, 'Dell', '', 'catalog/demo/manufacturer/dell.png', 0),
(170, 8, 2, 'Disney', '', 'catalog/demo/manufacturer/disney.png', 0),
(171, 7, 2, 'MacBookAir', '', 'catalog/demo/banners/MacBookAir.jpg', 0),
(172, 8, 2, 'Starbucks', '', 'catalog/demo/manufacturer/starbucks.png', 0),
(173, 8, 2, 'Nintendo', '', 'catalog/demo/manufacturer/nintendo.png', 0),
(221, 9, 1, 'Brand', '#', 'catalog/brand/5.png', 0),
(220, 9, 1, 'Brand1', '#', 'catalog/brand/4.png', 0),
(219, 9, 1, 'Brand2', '#', 'catalog/brand/2.png', 0),
(218, 9, 1, 'Brand3', '#', 'catalog/brand/5.png', 0),
(217, 9, 1, 'Brand4', '#', 'catalog/brand/4.png', 0),
(216, 9, 1, 'Brand5', '#', 'catalog/brand/2.png', 0),
(180, 10, 2, 'Brand', '#', 'catalog/brand/9.jpg', 0),
(181, 10, 2, 'Brand1', '#', 'catalog/brand/10.jpg', 0),
(182, 10, 2, 'Brand2', '#', 'catalog/brand/11.jpg', 0),
(183, 10, 2, 'Brand3', '#', 'catalog/brand/12.jpg', 0),
(184, 10, 2, 'Brand4', '#', 'catalog/brand/13.jpg', 0),
(185, 10, 2, 'Brand5', '#', 'catalog/brand/14.jpg', 0),
(186, 10, 2, 'Brand6', '#', 'catalog/brand/11.jpg', 0),
(187, 10, 2, 'Brand7', '#', 'catalog/brand/12.jpg', 0),
(215, 9, 1, 'Brand7', '#', 'catalog/brand/3.png', 0),
(214, 9, 1, 'Brand6', '#', 'catalog/brand/1.png', 0),
(235, 9, 2, 'Brand1', '#', '', 0),
(236, 9, 2, 'Brand', '#', 'catalog/brand/1.jpg', 0),
(237, 9, 2, 'Brand6', '#', '', 0);

-- --------------------------------------------------------

--
-- Table structure for table `oc_cart`
--

CREATE TABLE `oc_cart` (
  `cart_id` int(11) UNSIGNED NOT NULL,
  `api_id` int(11) NOT NULL,
  `customer_id` int(11) NOT NULL,
  `session_id` varchar(32) NOT NULL,
  `product_id` int(11) NOT NULL,
  `recurring_id` int(11) NOT NULL,
  `option` text NOT NULL,
  `quantity` int(5) NOT NULL,
  `date_added` datetime NOT NULL
) ENGINE=InnoDB DEFAULT CHARSET=utf8;

-- --------------------------------------------------------

--
-- Table structure for table `oc_category`
--

CREATE TABLE `oc_category` (
  `category_id` int(11) NOT NULL,
  `image` varchar(255) DEFAULT NULL,
  `parent_id` int(11) NOT NULL DEFAULT '0',
  `top` tinyint(1) NOT NULL,
  `column` int(3) NOT NULL,
  `sort_order` int(3) NOT NULL DEFAULT '0',
  `status` tinyint(1) NOT NULL,
  `date_added` datetime NOT NULL,
  `date_modified` datetime NOT NULL,
  `thumbnail_image` varchar(255) DEFAULT NULL,
  `homethumb_image` varchar(255) DEFAULT NULL,
  `featured` tinyint(1) DEFAULT '0'
) ENGINE=MyISAM DEFAULT CHARSET=utf8;

--
-- Dumping data for table `oc_category`
--

INSERT INTO `oc_category` (`category_id`, `image`, `parent_id`, `top`, `column`, `sort_order`, `status`, `date_added`, `date_modified`, `thumbnail_image`, `homethumb_image`, `featured`) VALUES
(76, '', 0, 0, 1, 0, 1, '2017-10-28 11:33:47', '2017-11-23 22:12:50', 'catalog/category/bg5-hover-category.png', '', 0),
(61, '', 59, 0, 1, 0, 1, '2017-10-28 11:16:39', '2017-10-28 11:16:39', NULL, NULL, 0),
(62, '', 59, 0, 1, 0, 1, '2017-10-28 11:17:35', '2017-10-28 11:17:35', NULL, NULL, 0),
(60, '', 59, 0, 1, 0, 1, '2017-10-28 09:59:50', '2017-10-28 09:59:50', NULL, NULL, 0),
(63, '', 59, 0, 1, 0, 1, '2017-10-28 11:18:30', '2017-10-28 11:18:30', NULL, NULL, 0),
(64, '', 0, 0, 1, 0, 1, '2017-10-28 11:19:48', '2017-11-23 22:12:25', 'catalog/category/bg1-hover-category.png', 'catalog/category/bg2-category.jpg', 1),
(74, '', 72, 0, 1, 0, 1, '2017-10-28 11:31:18', '2017-11-29 22:42:48', NULL, NULL, 0),
(73, '', 72, 0, 1, 0, 1, '2017-10-28 11:29:50', '2017-11-29 22:41:45', NULL, NULL, 0),
(72, '', 0, 0, 1, 0, 1, '2017-10-28 11:28:48', '2017-11-23 22:14:04', 'catalog/category/bg3-hover-category.png', 'catalog/category/bg3-category.jpg', 1),
(71, '', 68, 0, 1, 0, 1, '2017-10-28 11:28:00', '2017-11-29 22:26:25', NULL, NULL, 0),
(75, '', 0, 0, 1, 0, 1, '2017-10-28 11:33:02', '2017-11-23 22:17:31', 'catalog/category/bg4-hover-category.png', 'catalog/category/bg1-category.jpg', 1),
(70, '', 68, 0, 1, 0, 1, '2017-10-28 11:26:06', '2017-11-29 22:25:28', NULL, NULL, 0),
(69, '', 68, 0, 1, 0, 1, '2017-10-28 11:24:29', '2017-11-29 22:25:10', NULL, NULL, 0),
(68, '', 0, 0, 1, 0, 1, '2017-10-28 11:23:14', '2017-11-23 22:11:29', 'catalog/category/bg2-hover-category.png', 'catalog/category/bg-category.jpg', 1),
(67, '', 64, 0, 1, 0, 1, '2017-10-28 11:22:17', '2017-11-29 22:37:21', NULL, NULL, 0),
(66, '', 64, 0, 1, 0, 1, '2017-10-28 11:21:31', '2017-11-29 22:38:39', NULL, NULL, 0),
(65, '', 64, 0, 1, 0, 1, '2017-10-28 11:20:42', '2017-11-29 22:38:19', NULL, NULL, 0),
(59, 'catalog/cmsblock/thumb-category.jpg', 0, 0, 1, 0, 1, '2017-10-28 09:57:32', '2017-11-23 22:18:54', 'catalog/category/bg-hover-category.png', 'catalog/category/bg2-category.jpg', 1),
(137, '', 126, 0, 1, 0, 1, '2017-12-23 23:47:41', '2017-12-23 23:47:41', NULL, NULL, 0),
(138, '', 137, 0, 1, 0, 1, '2017-12-23 23:48:01', '2017-12-23 23:48:01', NULL, NULL, 0),
(139, '', 137, 0, 1, 0, 1, '2017-12-23 23:48:26', '2017-12-23 23:48:26', NULL, NULL, 0),
(140, '', 137, 0, 1, 0, 1, '2017-12-23 23:48:51', '2017-12-23 23:48:51', NULL, NULL, 0),
(141, '', 137, 0, 1, 0, 1, '2017-12-23 23:49:26', '2017-12-23 23:49:26', NULL, NULL, 0),
(131, '', 127, 0, 1, 0, 1, '2017-12-23 23:43:54', '2017-12-23 23:43:54', NULL, NULL, 0),
(132, '', 126, 0, 1, 0, 1, '2017-12-23 23:44:47', '2017-12-23 23:44:47', NULL, NULL, 0),
(133, '', 132, 0, 1, 0, 1, '2017-12-23 23:45:12', '2017-12-23 23:45:12', NULL, NULL, 0),
(121, '', 75, 0, 1, 0, 1, '2017-11-29 22:31:54', '2017-11-29 22:31:54', NULL, NULL, 0),
(122, '', 75, 0, 1, 0, 1, '2017-11-29 22:33:57', '2017-11-29 22:33:57', NULL, NULL, 0),
(123, '', 64, 0, 1, 0, 1, '2017-11-29 22:39:35', '2017-11-29 22:39:35', NULL, NULL, 0),
(120, '', 75, 0, 1, 0, 1, '2017-11-29 22:30:50', '2017-11-29 22:30:50', NULL, NULL, 0),
(115, '', 0, 0, 1, 0, 1, '2017-11-23 22:18:33', '2017-11-23 22:18:33', NULL, NULL, 0),
(125, '', 72, 0, 1, 0, 1, '2017-11-29 22:45:52', '2017-11-29 22:45:52', NULL, NULL, 0),
(126, '', 0, 0, 1, 0, 1, '2017-12-23 23:36:45', '2018-03-08 10:21:32', '', 'catalog/category/img-category2.png', 1),
(124, '', 72, 0, 1, 0, 1, '2017-11-29 22:44:19', '2017-11-29 22:44:19', NULL, NULL, 0),
(117, '', 0, 0, 1, 0, 1, '2017-11-23 22:23:22', '2017-11-23 22:23:22', NULL, NULL, 0),
(118, '', 68, 0, 1, 0, 1, '2017-11-29 22:27:34', '2017-11-29 22:27:34', NULL, NULL, 0),
(119, '', 75, 0, 1, 0, 1, '2017-11-29 22:29:38', '2017-11-29 22:29:38', NULL, NULL, 0),
(116, '', 0, 0, 1, 0, 1, '2017-11-23 22:20:05', '2017-11-23 22:20:05', NULL, NULL, 0),
(143, '', 142, 0, 1, 0, 1, '2017-12-23 23:54:15', '2017-12-23 23:54:15', NULL, NULL, 0),
(142, '', 126, 0, 1, 0, 1, '2017-12-23 23:53:31', '2017-12-23 23:53:31', NULL, NULL, 0),
(130, '', 127, 0, 1, 0, 1, '2017-12-23 23:43:37', '2017-12-23 23:43:37', NULL, NULL, 0),
(129, '', 127, 0, 1, 0, 1, '2017-12-23 23:43:18', '2017-12-23 23:43:18', NULL, NULL, 0),
(128, '', 127, 0, 1, 0, 1, '2017-12-23 23:42:59', '2017-12-23 23:42:59', NULL, NULL, 0),
(127, '', 126, 0, 1, 0, 1, '2017-12-23 23:37:55', '2017-12-23 23:37:55', NULL, NULL, 0),
(136, '', 132, 0, 1, 0, 1, '2017-12-23 23:46:55', '2017-12-23 23:46:55', NULL, NULL, 0),
(135, '', 132, 0, 1, 0, 1, '2017-12-23 23:46:17', '2017-12-23 23:46:17', NULL, NULL, 0),
(134, '', 132, 0, 1, 0, 1, '2017-12-23 23:45:31', '2017-12-23 23:45:31', NULL, NULL, 0),
(144, '', 142, 0, 1, 0, 1, '2017-12-23 23:55:12', '2017-12-23 23:55:12', NULL, NULL, 0),
(145, '', 142, 0, 1, 0, 1, '2017-12-23 23:59:53', '2017-12-23 23:59:53', NULL, NULL, 0),
(146, '', 0, 0, 1, 0, 1, '2017-12-24 00:02:01', '2018-03-08 10:22:04', NULL, NULL, 0),
(147, '', 146, 0, 1, 0, 1, '2017-12-25 18:22:57', '2017-12-25 18:22:57', NULL, NULL, 0),
(148, '', 147, 0, 1, 0, 1, '2017-12-25 18:23:37', '2017-12-25 18:23:37', NULL, NULL, 0),
(149, '', 147, 0, 1, 0, 1, '2017-12-25 18:23:58', '2017-12-25 18:23:58', NULL, NULL, 0),
(150, '', 147, 0, 1, 0, 1, '2017-12-25 18:24:23', '2017-12-25 18:24:23', NULL, NULL, 0),
(151, '', 147, 0, 1, 0, 1, '2017-12-25 18:25:41', '2017-12-25 18:25:41', NULL, NULL, 0),
(152, '', 146, 0, 1, 0, 1, '2017-12-25 18:26:48', '2017-12-25 18:26:48', NULL, NULL, 0),
(153, '', 152, 0, 1, 0, 1, '2017-12-25 18:28:05', '2017-12-25 18:28:05', NULL, NULL, 0),
(154, '', 152, 0, 1, 0, 1, '2017-12-25 18:28:23', '2017-12-25 18:28:23', NULL, NULL, 0),
(155, '', 152, 0, 1, 0, 1, '2017-12-25 18:28:43', '2017-12-25 18:28:43', NULL, NULL, 0),
(156, '', 152, 0, 1, 0, 1, '2017-12-25 18:29:07', '2017-12-25 18:29:07', NULL, NULL, 0),
(157, '', 0, 0, 1, 0, 1, '2017-12-25 18:31:05', '2018-03-08 10:22:33', NULL, NULL, 0),
(158, '', 157, 0, 1, 0, 1, '2017-12-25 18:32:05', '2017-12-25 18:32:05', NULL, NULL, 0),
(159, '', 158, 0, 1, 0, 1, '2017-12-25 18:32:46', '2017-12-25 18:32:46', NULL, NULL, 0),
(160, '', 158, 0, 1, 0, 1, '2017-12-25 18:33:15', '2017-12-25 18:33:15', NULL, NULL, 0),
(161, '', 158, 0, 1, 0, 1, '2017-12-25 18:33:32', '2017-12-25 18:33:32', NULL, NULL, 0),
(162, '', 158, 0, 1, 0, 1, '2017-12-25 18:33:48', '2017-12-25 18:33:48', NULL, NULL, 0),
(163, '', 157, 0, 1, 0, 1, '2017-12-25 18:35:39', '2017-12-25 18:35:39', NULL, NULL, 0),
(164, '', 163, 0, 1, 0, 1, '2017-12-25 18:36:21', '2017-12-25 18:36:21', NULL, NULL, 0),
(165, '', 163, 0, 1, 0, 1, '2017-12-25 18:36:50', '2017-12-25 18:36:50', NULL, NULL, 0),
(166, '', 163, 0, 1, 0, 1, '2017-12-25 18:37:10', '2017-12-25 18:37:10', NULL, NULL, 0),
(167, '', 163, 0, 1, 0, 1, '2017-12-25 18:37:34', '2017-12-25 18:37:34', NULL, NULL, 0),
(168, '', 0, 0, 1, 0, 1, '2017-12-25 18:39:02', '2018-03-08 10:22:51', '', 'catalog/category/img-category2.png', 1),
(169, '', 0, 0, 1, 0, 1, '2017-12-30 23:59:49', '2018-03-08 10:23:21', '', 'catalog/category/img1-category2.png', 1),
(170, '', 0, 0, 1, 0, 1, '2018-01-02 16:01:28', '2018-03-08 10:21:06', '', 'catalog/category/img2-category2.png', 1),
(171, '', 0, 0, 1, 0, 1, '2018-01-02 16:03:10', '2018-03-08 10:20:56', '', 'catalog/category/img3-category2.png', 1),
(172, '', 0, 0, 1, 0, 1, '2018-01-02 16:03:58', '2018-03-08 10:23:56', '', 'catalog/category/img4-category2.png', 1),
(173, '', 0, 0, 1, 0, 1, '2018-01-19 14:44:31', '2018-02-22 21:47:27', '', 'catalog/category/img-category3.jpg', 1),
(174, '', 173, 0, 1, 0, 1, '2018-01-19 14:45:00', '2018-01-19 14:45:00', NULL, NULL, 0),
(175, '', 173, 0, 1, 0, 1, '2018-01-19 14:46:06', '2018-01-19 14:46:06', NULL, NULL, 0),
(176, '', 173, 0, 1, 0, 1, '2018-01-19 14:47:09', '2018-01-19 14:47:09', NULL, NULL, 0),
(177, '', 173, 0, 1, 0, 1, '2018-01-19 14:48:43', '2018-01-19 14:48:43', NULL, NULL, 0),
(178, '', 0, 0, 1, 0, 1, '2018-01-19 14:49:31', '2018-02-22 21:47:43', '', 'catalog/category/img1-category3.jpg', 1),
(179, '', 178, 0, 1, 0, 1, '2018-01-19 14:50:21', '2018-01-19 14:50:21', NULL, NULL, 0),
(180, '', 178, 0, 1, 0, 1, '2018-01-19 14:54:09', '2018-01-19 14:54:09', NULL, NULL, 0),
(181, '', 178, 0, 1, 0, 1, '2018-01-19 14:56:07', '2018-01-19 14:56:07', NULL, NULL, 0),
(182, '', 178, 0, 1, 0, 1, '2018-01-19 14:57:26', '2018-01-19 14:57:26', NULL, NULL, 0),
(183, '', 0, 0, 1, 0, 1, '2018-01-19 14:58:21', '2018-02-22 21:48:04', '', 'catalog/category/img2-category3.jpg', 1),
(184, '', 183, 0, 1, 0, 1, '2018-01-19 15:00:45', '2018-01-19 15:00:45', NULL, NULL, 0),
(185, '', 183, 0, 1, 0, 1, '2018-01-19 16:38:09', '2018-01-19 16:38:09', NULL, NULL, 0),
(186, '', 183, 0, 1, 0, 1, '2018-01-19 16:38:10', '2018-01-19 16:38:10', NULL, NULL, 0),
(187, '', 183, 0, 1, 0, 1, '2018-01-19 16:39:27', '2018-01-19 16:39:27', NULL, NULL, 0),
(188, '', 183, 0, 1, 0, 1, '2018-01-19 16:41:06', '2018-01-19 16:41:06', NULL, NULL, 0),
(189, '', 0, 0, 1, 0, 1, '2018-01-19 16:44:18', '2018-02-22 21:51:01', '', 'catalog/category/img3-category3.jpg', 1),
(190, '', 189, 0, 1, 0, 1, '2018-01-19 16:45:48', '2018-01-19 16:45:48', NULL, NULL, 0),
(191, '', 189, 0, 1, 0, 1, '2018-01-20 08:57:37', '2018-01-20 08:57:37', NULL, NULL, 0),
(192, '', 189, 0, 1, 0, 1, '2018-01-20 08:58:33', '2018-01-20 08:58:33', NULL, NULL, 0),
(193, '', 189, 0, 1, 0, 1, '2018-01-20 09:00:29', '2018-01-20 09:00:29', NULL, NULL, 0),
(194, '', 189, 0, 1, 0, 1, '2018-01-20 09:06:38', '2018-01-20 09:06:38', NULL, NULL, 0),
(195, '', 0, 0, 1, 0, 1, '2018-01-20 09:12:18', '2018-02-22 21:51:49', NULL, NULL, 0),
(196, '', 0, 0, 1, 0, 1, '2018-01-20 09:15:50', '2018-02-22 21:52:22', NULL, NULL, 0),
(197, '', 0, 0, 1, 0, 1, '2018-01-20 09:18:43', '2018-02-22 21:52:38', '', 'catalog/category/img1-category3.jpg', 1),
(198, '', 197, 0, 1, 0, 1, '2018-01-20 09:20:22', '2018-01-20 09:20:22', NULL, NULL, 0),
(199, '', 197, 0, 1, 0, 1, '2018-01-20 09:21:51', '2018-01-20 09:21:51', NULL, NULL, 0),
(200, '', 197, 0, 1, 0, 1, '2018-01-20 09:25:06', '2018-01-20 09:25:06', NULL, NULL, 0),
(201, '', 197, 0, 1, 0, 1, '2018-01-20 09:26:11', '2018-01-20 09:26:11', NULL, NULL, 0),
(202, '', 197, 0, 1, 0, 1, '2018-01-20 09:27:12', '2018-01-20 09:27:12', NULL, NULL, 0),
(203, '', 0, 0, 1, 0, 1, '2018-01-20 09:28:15', '2018-02-22 21:53:08', NULL, NULL, 0),
(204, '', 0, 0, 1, 0, 1, '2018-01-20 09:29:34', '2018-02-22 21:53:24', NULL, NULL, 0),
(205, '', 0, 0, 1, 0, 1, '2018-01-20 09:30:26', '2018-02-22 21:54:02', NULL, NULL, 0),
(206, '', 0, 0, 1, 0, 1, '2018-02-04 16:05:01', '2018-02-22 21:54:33', '', 'catalog/category/img-category4.png', 1),
(207, '', 0, 0, 1, 0, 1, '2018-02-04 16:06:09', '2018-02-22 21:55:05', '', 'catalog/category/img1-category4.png', 1),
(208, '', 0, 0, 1, 0, 1, '2018-02-04 16:06:56', '2018-02-22 21:55:38', '', 'catalog/category/img2-category4.png', 1),
(209, '', 0, 0, 1, 0, 1, '2018-02-04 16:07:42', '2018-02-22 21:55:58', '', 'catalog/category/img3-category4.png', 1),
(210, '', 0, 0, 1, 0, 1, '2018-02-04 16:08:30', '2018-02-22 21:56:25', '', 'catalog/category/img4-category4.png', 1),
(211, '', 0, 0, 1, 0, 1, '2018-02-04 16:10:12', '2018-02-22 21:56:39', '', 'catalog/category/img5-category4.png', 1),
(212, '', 0, 0, 1, 0, 1, '2018-02-04 16:11:02', '2018-02-22 21:57:40', '', 'catalog/category/img6-category4.png', 1),
(213, '', 0, 0, 1, 0, 1, '2018-02-04 16:12:06', '2018-02-22 21:57:59', '', 'catalog/category/img7-category4.png', 1),
(214, '', 0, 0, 1, 0, 1, '2018-02-04 16:12:54', '2018-02-22 21:58:19', '', 'catalog/category/img4-category4.png', 1),
(215, '', 0, 0, 1, 0, 1, '2018-02-04 16:13:40', '2018-02-22 21:59:05', NULL, NULL, 0),
(216, '', 0, 0, 1, 0, 1, '2018-02-04 16:19:19', '2018-02-22 21:59:51', NULL, NULL, 0),
(218, '', 206, 0, 1, 0, 1, '2018-02-05 19:20:38', '2018-02-05 19:20:38', NULL, NULL, 0),
(219, '', 206, 0, 1, 0, 1, '2018-02-05 19:21:35', '2018-02-05 19:21:35', NULL, NULL, 0),
(220, '', 206, 0, 1, 0, 1, '2018-02-05 19:22:31', '2018-02-05 19:22:31', NULL, NULL, 0),
(275, '', 211, 0, 1, 0, 1, '2018-03-05 09:10:00', '2018-03-05 09:10:00', NULL, NULL, 0),
(222, '', 208, 0, 1, 0, 1, '2018-02-05 19:24:25', '2018-02-05 19:24:25', NULL, NULL, 0),
(223, '', 208, 0, 1, 0, 1, '2018-02-05 19:25:20', '2018-02-05 19:25:20', NULL, NULL, 0),
(224, '', 208, 0, 1, 0, 1, '2018-02-05 19:26:10', '2018-02-05 19:26:10', NULL, NULL, 0),
(225, '', 209, 0, 1, 0, 1, '2018-02-05 19:27:11', '2018-02-05 19:27:11', NULL, NULL, 0),
(226, '', 209, 0, 1, 0, 1, '2018-02-05 19:28:06', '2018-02-05 19:28:06', NULL, NULL, 0),
(227, '', 69, 0, 1, 0, 1, '2018-03-03 10:14:12', '2018-03-03 10:14:12', NULL, NULL, 0),
(228, '', 69, 0, 1, 0, 1, '2018-03-03 10:15:26', '2018-03-03 10:15:26', NULL, NULL, 0),
(229, '', 69, 0, 1, 0, 1, '2018-03-03 10:16:23', '2018-03-03 10:16:23', NULL, NULL, 0),
(230, '', 69, 0, 1, 0, 1, '2018-03-03 10:17:45', '2018-03-03 10:17:45', NULL, NULL, 0),
(231, '', 71, 0, 1, 0, 1, '2018-03-03 10:20:29', '2018-03-03 10:20:29', NULL, NULL, 0),
(232, '', 71, 0, 1, 0, 1, '2018-03-03 10:21:18', '2018-03-03 10:21:18', NULL, NULL, 0),
(233, '', 71, 0, 1, 0, 1, '2018-03-03 10:22:37', '2018-03-03 10:22:37', NULL, NULL, 0),
(234, '', 70, 0, 1, 0, 1, '2018-03-03 10:23:20', '2018-03-03 10:27:28', NULL, NULL, 0),
(235, '', 71, 0, 1, 0, 1, '2018-03-03 10:23:59', '2018-03-03 10:23:59', NULL, NULL, 0),
(236, '', 70, 0, 1, 0, 1, '2018-03-03 10:25:25', '2018-03-03 10:25:25', NULL, NULL, 0),
(237, '', 70, 0, 1, 0, 1, '2018-03-03 10:25:57', '2018-03-03 10:25:57', NULL, NULL, 0),
(238, '', 70, 0, 1, 0, 1, '2018-03-03 10:26:29', '2018-03-03 10:26:29', NULL, NULL, 0),
(239, '', 118, 0, 1, 0, 1, '2018-03-03 10:27:56', '2018-03-03 10:27:56', NULL, NULL, 0),
(240, '', 118, 0, 1, 0, 1, '2018-03-03 10:28:28', '2018-03-03 10:28:28', NULL, NULL, 0),
(241, '', 118, 0, 1, 0, 1, '2018-03-03 10:28:53', '2018-03-03 10:28:53', NULL, NULL, 0),
(242, '', 118, 0, 1, 0, 1, '2018-03-03 10:29:16', '2018-03-03 10:29:16', NULL, NULL, 0),
(243, '', 174, 0, 1, 0, 1, '2018-03-03 11:21:25', '2018-03-03 11:27:41', NULL, NULL, 0),
(244, '', 174, 0, 1, 0, 1, '2018-03-03 11:22:00', '2018-03-03 11:28:00', NULL, NULL, 0),
(245, '', 174, 0, 1, 0, 1, '2018-03-03 11:22:44', '2018-03-03 11:22:44', NULL, NULL, 0),
(246, '', 174, 0, 1, 0, 1, '2018-03-03 11:23:12', '2018-03-03 11:28:26', NULL, NULL, 0),
(247, '', 175, 0, 1, 0, 1, '2018-03-03 11:23:51', '2018-03-03 11:28:50', NULL, NULL, 0),
(248, '', 175, 0, 1, 0, 1, '2018-03-03 11:24:25', '2018-03-03 11:24:25', NULL, NULL, 0),
(249, '', 175, 0, 1, 0, 1, '2018-03-03 11:24:54', '2018-03-03 11:24:54', NULL, NULL, 0),
(250, '', 175, 0, 1, 0, 1, '2018-03-03 11:25:20', '2018-03-03 11:25:20', NULL, NULL, 0),
(251, '', 176, 0, 1, 0, 1, '2018-03-03 11:30:35', '2018-03-03 11:30:35', NULL, NULL, 0),
(252, '', 176, 0, 1, 0, 1, '2018-03-03 11:31:22', '2018-03-03 11:31:22', NULL, NULL, 0),
(253, '', 176, 0, 1, 0, 1, '2018-03-03 11:31:50', '2018-03-03 11:31:50', NULL, NULL, 0),
(254, '', 176, 0, 1, 0, 1, '2018-03-03 11:32:22', '2018-03-03 11:32:22', NULL, NULL, 0),
(255, '', 177, 0, 1, 0, 1, '2018-03-03 11:33:24', '2018-03-03 11:33:24', NULL, NULL, 0),
(256, '', 177, 0, 1, 0, 1, '2018-03-03 11:34:03', '2018-03-03 11:34:03', NULL, NULL, 0),
(257, '', 177, 0, 1, 0, 1, '2018-03-03 11:34:56', '2018-03-03 11:34:56', NULL, NULL, 0),
(258, '', 177, 0, 1, 0, 1, '2018-03-03 11:35:35', '2018-03-03 11:35:35', NULL, NULL, 0),
(259, '', 218, 0, 1, 0, 1, '2018-03-05 08:52:52', '2018-03-05 08:52:52', NULL, NULL, 0),
(260, '', 218, 0, 1, 0, 1, '2018-03-05 08:53:33', '2018-03-05 08:53:33', NULL, NULL, 0),
(261, '', 218, 0, 1, 0, 1, '2018-03-05 08:53:59', '2018-03-05 08:53:59', NULL, NULL, 0),
(262, '', 218, 0, 1, 0, 1, '2018-03-05 08:54:23', '2018-03-05 08:54:23', NULL, NULL, 0),
(263, '', 219, 0, 1, 0, 1, '2018-03-05 08:55:33', '2018-03-05 08:55:33', NULL, NULL, 0),
(264, '', 219, 0, 1, 0, 1, '2018-03-05 08:56:00', '2018-03-05 08:56:00', NULL, NULL, 0),
(265, '', 219, 0, 1, 0, 1, '2018-03-05 08:57:10', '2018-03-05 08:57:10', NULL, NULL, 0),
(266, '', 219, 0, 1, 0, 1, '2018-03-05 08:58:04', '2018-03-05 08:58:04', NULL, NULL, 0),
(267, '', 220, 0, 1, 0, 1, '2018-03-05 08:59:05', '2018-03-05 08:59:05', NULL, NULL, 0),
(268, '', 220, 0, 1, 0, 1, '2018-03-05 08:59:29', '2018-03-05 08:59:29', NULL, NULL, 0),
(269, '', 220, 0, 1, 0, 1, '2018-03-05 08:59:54', '2018-03-05 08:59:54', NULL, NULL, 0),
(270, '', 220, 0, 1, 0, 1, '2018-03-05 09:01:19', '2018-03-05 09:01:19', NULL, NULL, 0),
(279, '', 0, 0, 1, 0, 1, '2018-03-08 09:55:55', '2018-03-08 09:55:55', NULL, NULL, 0),
(278, '', 211, 0, 1, 0, 1, '2018-03-05 09:13:58', '2018-03-05 09:13:58', NULL, NULL, 0),
(277, '', 211, 0, 1, 0, 1, '2018-03-05 09:13:30', '2018-03-05 09:13:30', NULL, NULL, 0),
(276, '', 211, 0, 1, 0, 1, '2018-03-05 09:12:28', '2018-03-05 09:12:28', NULL, NULL, 0);

-- --------------------------------------------------------

--
-- Table structure for table `oc_category_description`
--

CREATE TABLE `oc_category_description` (
  `category_id` int(11) NOT NULL,
  `language_id` int(11) NOT NULL,
  `name` varchar(255) NOT NULL,
  `description` text NOT NULL,
  `meta_title` varchar(255) NOT NULL,
  `meta_description` varchar(255) NOT NULL,
  `meta_keyword` varchar(255) NOT NULL
) ENGINE=MyISAM DEFAULT CHARSET=utf8;

--
-- Dumping data for table `oc_category_description`
--

INSERT INTO `oc_category_description` (`category_id`, `language_id`, `name`, `description`, `meta_title`, `meta_description`, `meta_keyword`) VALUES
(129, 1, 'Bath oil', '', 'Bath oil', '', ''),
(128, 1, 'Bar soap', '', 'Bar soap', '', ''),
(128, 2, 'Bar soap', '', 'Bar soap', '', ''),
(66, 2, 'Keyboard &amp; Mouse', '', 'Keyboard &amp; Mouse', '', ''),
(66, 1, 'Keyboard &amp; Mouse', '', 'Keyboard &amp; Mouse', '', ''),
(67, 1, 'Laptop', '', 'Laptop', '', ''),
(67, 2, 'Laptop', '', 'Laptop', '', ''),
(123, 1, 'Accessories', '', 'Accessories', '', ''),
(68, 1, 'Headphones', '', 'Headphones', '', ''),
(68, 2, 'Headphones', '', 'Headphones', '', ''),
(64, 2, 'Laptop &amp; Computer', '', 'Laptop &amp; Computer', '', ''),
(116, 2, 'Smart Phones &amp; Tablets', '', 'Smart Phones &amp; Tablets', '', ''),
(117, 1, 'Virtual Reality', '', 'Virtual Reality', '', ''),
(117, 2, 'Virtual Reality', '', 'Virtual Reality', '', ''),
(69, 2, 'Earbud &amp; In-Ear', '', 'Earbud &amp; In-Ear', '', ''),
(71, 2, 'Microphones', '', 'Microphones', '', ''),
(118, 1, 'Over-Ear', '', 'Over-Ear', '', ''),
(118, 2, 'Over-Ear', '', 'Over-Ear', '', ''),
(119, 1, 'PC Gamepads', '', 'PC Gamepads', '', ''),
(119, 2, 'PC Gamepads', '', 'PC Gamepads', '', ''),
(120, 1, 'Controllers', '', 'Controllers', '', ''),
(120, 2, 'Controllers', '', 'Controllers', '', ''),
(121, 1, 'Video Game', '', 'Video Game', '', ''),
(121, 2, 'Video Game', '', 'Video Game', '', ''),
(122, 1, 'Xbox Consoles', '', 'Xbox Consoles', '', ''),
(122, 2, 'Xbox Consoles', '', 'Xbox Consoles', '', ''),
(123, 2, 'Accessories', '', 'Accessories', '', ''),
(124, 1, 'DSLR Cameras', '', 'DSLR Cameras', '', ''),
(124, 2, 'DSLR Cameras', '', 'DSLR Cameras', '', ''),
(125, 1, 'Lenses', '', 'Lenses', '', ''),
(59, 2, 'Car Electronic &amp; GPS', '', 'Car Electronic &amp; GPS', '', ''),
(60, 1, 'Laptops', '', 'Laptops', '', ''),
(60, 2, 'Laptops', '', 'Laptops', '', ''),
(61, 1, 'Desktop Computer', '', 'Desktop Computer', '', ''),
(61, 2, 'Desktop Computer', '', 'Desktop Computer', '', ''),
(62, 1, 'Computers Accessories', '', 'Computers Accessories', '', ''),
(62, 2, 'Computers Accessories', '', 'Computers Accessories', '', ''),
(63, 1, 'Computer Scanners', '', 'Computer Scanners', '', ''),
(63, 2, 'Computer Scanners', '', 'Computer Scanners', '', ''),
(64, 1, 'Laptop &amp; Computer', '', 'Laptop &amp; Computer', '', ''),
(65, 1, 'Monitors', '', 'Monitors', '', ''),
(65, 2, 'Monitors', '', 'Monitors', '', ''),
(69, 1, 'Earbud &amp; In-Ear', '', 'Earbud &amp; In-Ear', '', ''),
(70, 2, 'On-Ear', '', 'On-Ear', '', ''),
(70, 1, 'On-Ear', '', 'On-Ear', '', ''),
(71, 1, 'Microphones', '', 'Microphones', '', ''),
(72, 1, 'Camera &amp; Photo', '', 'Camera &amp; Photo', '', ''),
(73, 2, 'Digital Cameras', '', 'Digital Cameras', '', ''),
(73, 1, 'Digital Cameras', '', 'Digital Cameras', '', ''),
(74, 2, 'Cameras', '', 'Cameras', '', ''),
(74, 1, 'Cameras', '', 'Cameras', '', ''),
(75, 2, 'Consoles &amp; Games', '', 'Consoles &amp; Games', '', ''),
(75, 1, 'Consoles &amp; Games', '', 'Consoles &amp; Games', '', ''),
(76, 1, 'TV &amp; Audio', '', 'TV &amp; Audio', '', ''),
(76, 2, 'TV &amp; Audio', '', 'TV &amp; Audio', '', ''),
(72, 2, 'Camera &amp; Photo', '', 'Camera &amp; Photo', '', ''),
(115, 1, 'Home Appliancces', '', 'Home Appliancces', '', ''),
(115, 2, 'Home Appliancces', '', 'Home Appliancces', '', ''),
(116, 1, 'Smart Phones &amp; Tablets', '', 'Smart Phones &amp; Tablets', '', ''),
(59, 1, 'Car Electronic &amp; GPS', '', 'Car Electronic &amp; GPS', '', ''),
(129, 2, 'Bath oil', '', 'Bath oil', '', ''),
(130, 1, 'Bubble bath', '', 'Bubble bath', '', ''),
(127, 2, 'Cleansing', '', 'Cleansing', '', ''),
(125, 2, 'Lenses', '', 'Lenses', '', ''),
(126, 2, 'Fruits', '', 'Fruits', '', ''),
(126, 1, 'Fruits', '', 'Fruits', '', ''),
(127, 1, 'Cleansing', '', 'Cleansing', '', ''),
(136, 1, 'Moisturizer', '', 'Moisturizer', '', ''),
(132, 1, 'Exfoliant', '', 'Exfoliant', '', ''),
(131, 2, 'Facial cleanser', '', 'Facial cleanser', '', ''),
(131, 1, 'Facial cleanser', '', 'Facial cleanser', '', ''),
(130, 2, 'Bubble bath', '', 'Bubble bath', '', ''),
(135, 2, 'Lorem Ipsum', '', 'Lorem Ipsum', '', ''),
(135, 1, 'Lorem Ipsum', '', 'Lorem Ipsum', '', ''),
(134, 2, 'Foot odor', '', 'Foot odor', '', ''),
(134, 1, 'Foot odor', '', 'Foot odor', '', ''),
(133, 2, 'Corn', '', 'Corn', '', ''),
(133, 1, 'Corn', '', 'Corn', '', ''),
(132, 2, 'Exfoliant', '', 'Exfoliant', '', ''),
(136, 2, 'Moisturizer', '', 'Moisturizer', '', ''),
(137, 1, 'Nourishing', '', 'Nourishing', '', ''),
(137, 2, 'Nourishing', '', 'Nourishing', '', ''),
(138, 1, 'Donec luctus', '', 'Donec luctus', '', ''),
(138, 2, 'Donec luctus', '', 'Donec luctus', '', ''),
(139, 1, 'Lorem Ipsum', '', 'Lorem Ipsum', '', ''),
(139, 2, 'Lorem Ipsum', '', 'Lorem Ipsum', '', ''),
(140, 1, 'Nulla sit', '', 'Nulla sit', '', ''),
(140, 2, 'Nulla sit', '', 'Nulla sit', '', ''),
(141, 1, 'Orther', '', 'Orther', '', ''),
(141, 2, 'Orther', '', 'Orther', '', ''),
(142, 1, 'Treating', '', 'Treating', '', ''),
(142, 2, 'Treating', '', 'Treating', '', ''),
(143, 1, 'Acne treatment', '', 'Acne treatment', '', ''),
(143, 2, 'Acne treatment', '', 'Acne treatment', '', ''),
(144, 1, 'Anti-fungal', '', 'Anti-fungal', '', ''),
(144, 2, 'Anti-fungal', '', 'Anti-fungal', '', ''),
(145, 1, 'Eczema', '', 'Eczema', '', ''),
(145, 2, 'Eczema', '', 'Eczema', '', ''),
(146, 2, 'Juice', '', 'Juice', '', ''),
(147, 1, 'Around-eye', '', 'Around-eye', '', ''),
(147, 2, 'Around-eye', '', 'Around-eye', '', ''),
(148, 1, 'Antiperspirant', '', 'Antiperspirant', '', ''),
(148, 2, 'Antiperspirant', '', 'Antiperspirant', '', ''),
(149, 1, 'Moisturizer', '', 'Moisturizer', '', ''),
(149, 2, 'Moisturizer', '', 'Moisturizer', '', ''),
(150, 1, 'Personal', '', 'Personal', '', ''),
(150, 2, 'Personal', '', 'Personal', '', ''),
(151, 1, 'Wound', '', 'Wound', '', ''),
(151, 2, 'Wound', '', 'Wound', '', ''),
(152, 1, 'Nourishing', '', 'Nourishing', '', ''),
(152, 2, 'Nourishing', '', 'Nourishing', '', ''),
(153, 1, 'After sun', '', 'After sun', '', ''),
(153, 2, 'After sun', '', 'After sun', '', ''),
(154, 1, 'Anti-aging', '', 'Anti-aging', '', ''),
(154, 2, 'Anti-aging', '', 'Anti-aging', '', ''),
(155, 1, 'Body firming', '', 'Body firming', '', ''),
(155, 2, 'Body firming', '', 'Body firming', '', ''),
(156, 1, 'Body oil', '', 'Body oil', '', ''),
(156, 2, 'Body oil', '', 'Body oil', '', ''),
(157, 1, 'Meats', '', 'Meats', '', ''),
(158, 1, 'Distribution', '', 'Distribution', '', ''),
(158, 2, 'Distribution', '', 'Distribution', '', ''),
(159, 1, 'Infancy', '', 'Infancy', '', ''),
(159, 2, 'Infancy', '', 'Infancy', '', ''),
(160, 1, 'Packages', '', 'Packages', '', ''),
(160, 2, 'Packages', '', 'Packages', '', ''),
(161, 1, 'Purpose', '', 'Purpose', '', ''),
(161, 2, 'Purpose', '', 'Purpose', '', ''),
(162, 1, 'Sheets', '', 'Sheets', '', ''),
(162, 2, 'Sheets', '', 'Sheets', '', ''),
(163, 1, 'Including', '', 'Including', '', ''),
(163, 2, 'Including', '', 'Including', '', ''),
(164, 1, 'Containing', '', 'Containing', '', ''),
(164, 2, 'Containing', '', 'Containing', '', ''),
(165, 1, 'Editors', '', 'Editors', '', ''),
(165, 2, 'Editors', '', 'Editors', '', ''),
(166, 1, 'Humour', '', 'Humour', '', ''),
(166, 2, 'Humour', '', 'Humour', '', ''),
(167, 1, 'Industry''s', '', 'Industry''s', '', ''),
(167, 2, 'Industry''s', '', 'Industry''s', '', ''),
(168, 2, 'Vegetables', '', 'Vegetables', '', ''),
(169, 2, 'Grocery &amp; Staples', '', 'Grocery &amp; Staples', '', ''),
(170, 2, 'Breakfast &amp; Dairy', '', 'Breakfast &amp; Dairy', '', ''),
(171, 2, 'Biscuits, Snacks', '', 'Biscuits, Snacks', '', ''),
(172, 2, 'Meats &amp; Seafood', '', 'Meats &amp; Seafood', '', ''),
(173, 2, 'Living Room', '', 'Living Room', '', ''),
(173, 1, 'Living Room', '', 'Living Room', '', ''),
(174, 1, 'Chairs &amp; Chaises', '', 'Chairs &amp; Chaises', '', ''),
(174, 2, 'Chairs &amp; Chaises', '', 'Chairs &amp; Chaises', '', ''),
(175, 1, 'Loveseats', '', 'Loveseats', '', ''),
(175, 2, 'Loveseats', '', 'Loveseats', '', ''),
(176, 1, 'Sectionals', '', 'Sectionals', '', ''),
(176, 2, 'Sectionals', '', 'Sectionals', '', ''),
(177, 1, 'Sofas', '', 'Sofas', '', ''),
(177, 2, 'Sofas', '', 'Sofas', '', ''),
(178, 2, 'Dining Room', '', 'Dining Room', '', ''),
(178, 1, 'Dining Room', '', 'Dining Room', '', ''),
(179, 1, 'Benches', '', 'Benches', '', ''),
(179, 2, 'Benches', '', 'Benches', '', ''),
(180, 1, 'Chairs', '', 'Chairs', '', ''),
(180, 2, 'Chairs', '', 'Chairs', '', ''),
(181, 1, 'Dining Sets', '', 'Dining Sets', '', ''),
(181, 2, 'Dining Sets', '', 'Dining Sets', '', ''),
(182, 1, 'Dining Tables', '', 'Dining Tables', '', ''),
(182, 2, 'Dining Tables', '', 'Dining Tables', '', ''),
(183, 2, 'Bedroom', '', 'Bedroom', '', ''),
(183, 1, 'Bedroom', '', 'Bedroom', '', ''),
(184, 1, 'Daybeds &amp; Futons', '', 'Daybeds &amp; Futons', '', ''),
(184, 2, 'Daybeds &amp; Futons', '', 'Daybeds &amp; Futons', '', ''),
(185, 1, 'Full Beds', '', 'Full Beds', '', ''),
(185, 2, 'Full Beds', '', 'Full Beds', '', ''),
(186, 1, 'Full Beds', '', 'Full Beds', '', ''),
(186, 2, 'Full Beds', '', 'Full Beds', '', ''),
(187, 1, 'King Beds', '', 'King Beds', '', ''),
(187, 2, 'King Beds', '', 'King Beds', '', ''),
(188, 1, 'Queen Beds', '', 'Queen Beds', '', ''),
(188, 2, 'Queen Beds', '', 'Queen Beds', '', ''),
(189, 2, 'Home Office', '', 'Home Office', '', ''),
(189, 1, 'Home Office', '', 'Home Office', '', ''),
(190, 1, 'Bookcases', '', 'Bookcases', '', ''),
(190, 2, 'Bookcases', '', 'Bookcases', '', ''),
(191, 1, 'Chairs', '', 'Chairs', '', ''),
(191, 2, 'Chairs', '', 'Chairs', '', ''),
(192, 1, 'Desks', '', 'Desks', '', ''),
(192, 2, 'Desks', '', 'Desks', '', ''),
(193, 1, 'Filing Cabinets', '', 'Filing Cabinets', '', ''),
(193, 2, 'Filing Cabinets', '', 'Filing Cabinets', '', ''),
(194, 1, 'Storage', '', 'Storage', '', ''),
(194, 2, 'Storage', '', 'Storage', '', ''),
(195, 2, 'Tables', '', 'Tables', '', ''),
(195, 1, 'Tables', '', 'Tables', '', ''),
(196, 2, 'Mattress Sets', '', 'Mattress Sets', '', ''),
(196, 1, 'Mattress Sets', '', 'Mattress Sets', '', ''),
(197, 2, 'Mattresses', '', 'Mattresses', '', ''),
(197, 1, 'Mattresses', '', 'Mattresses', '', ''),
(198, 1, 'Bar Stools', '', 'Bar Stools', '', ''),
(198, 2, 'Bar Stools', '', 'Bar Stools', '', ''),
(199, 1, 'Full Size', '', 'Full Size', '', ''),
(199, 2, 'Full Size', '', 'Full Size', '', ''),
(200, 1, 'King Size', '', 'King Size', '', ''),
(200, 2, 'King Size', '', 'King Size', '', ''),
(201, 1, 'Queen Size', '', 'Queen Size', '', ''),
(201, 2, 'Queen Size', '', 'Queen Size', '', ''),
(202, 1, 'Twin Size', '', 'Twin Size', '', ''),
(202, 2, 'Twin Size', '', 'Twin Size', '', ''),
(203, 2, 'Kids and Teens', '', 'Kids and Teens', '', ''),
(203, 1, 'Kids and Teens', '', 'Kids and Teens', '', ''),
(204, 2, 'Entertainment', '', 'Entertainment', '', ''),
(204, 1, 'Entertainment', '', 'Entertainment', '', ''),
(205, 2, 'Accent Furniture', '', 'Accent Furniture', '', ''),
(205, 1, 'Accent Furniture', '', 'Accent Furniture', '', ''),
(206, 1, 'Cookware Sets', '', 'Cookware Sets', '', ''),
(206, 2, 'Cookware Sets', '', 'Cookware Sets', '', ''),
(207, 1, 'Knife Sets', '', 'Knife Sets', '', ''),
(207, 2, 'Knife Sets', '', 'Knife Sets', '', ''),
(209, 2, 'Crepe Pans', '', 'Crepe Pans', '', ''),
(208, 1, 'Egg Poachers', '', 'Egg Poachers', '', ''),
(208, 2, 'Egg Poachers', '', 'Egg Poachers', '', ''),
(209, 1, 'Crepe Pans', '', 'Crepe Pans', '', ''),
(210, 1, 'Tableware', '', 'Tableware', '', ''),
(210, 2, 'Tableware', '', 'Tableware', '', ''),
(211, 1, 'Stand Mixers', '', 'Stand Mixers', '', ''),
(211, 2, 'Stand Mixers', '', 'Stand Mixers', '', ''),
(227, 1, 'Biker Jackets', '', 'Biker Jackets', '', ''),
(212, 1, 'Barware', '', 'Barware', '', ''),
(212, 2, 'Barware', '', 'Barware', '', ''),
(213, 1, 'Coffee Machine', '', 'Coffee Machine', '', ''),
(213, 2, 'Coffee Machine', '', 'Coffee Machine', '', ''),
(214, 2, 'Ice Trays', '', 'Ice Trays', '', ''),
(214, 1, 'Ice Trays', '', 'Ice Trays', '', ''),
(215, 2, 'Garlic &amp; Herb Tools', '', 'Garlic &amp; Herb Tools', '', ''),
(215, 1, 'Garlic &amp; Herb Tools', '', 'Garlic &amp; Herb Tools', '', ''),
(216, 2, 'Colanders &amp; Strainers', '', 'Colanders &amp; Strainers', '', ''),
(216, 1, 'Colanders &amp; Strainers', '', 'Colanders &amp; Strainers', '', ''),
(157, 2, 'Meats', '', 'Meats', '', ''),
(218, 1, 'Cleansing', '', 'Cleansing', '', ''),
(218, 2, 'Cleansing', '', 'Cleansing', '', ''),
(219, 1, 'Exfoliant', '', 'Exfoliant', '', ''),
(219, 2, 'Exfoliant', '', 'Exfoliant', '', ''),
(220, 1, 'Nourishing', '', 'Nourishing', '', ''),
(220, 2, 'Nourishing', '', 'Nourishing', '', ''),
(275, 1, 'Bean Soups', '', 'Bean Soups', '', ''),
(222, 1, 'Around-eye', '', 'Around-eye', '', ''),
(222, 2, 'Around-eye', '', 'Around-eye', '', ''),
(223, 1, 'Nourishing', '', 'Nourishing', '', ''),
(223, 2, 'Nourishing', '', 'Nourishing', '', ''),
(224, 1, 'Personal Care', '', 'Personal Care', '', ''),
(224, 2, 'Personal Care', '', 'Personal Care', '', ''),
(225, 1, 'Distribution', '', 'Distribution', '', ''),
(225, 2, 'Distribution', '', 'Distribution', '', ''),
(226, 1, 'Including', '', 'Including', '', ''),
(226, 2, 'Including', '', 'Including', '', ''),
(227, 2, 'Biker Jackets', '', 'Biker Jackets', '', ''),
(228, 1, 'Combined Jackets', '', 'Combined Jackets', '', ''),
(228, 2, 'Combined Jackets', '', 'Combined Jackets', '', ''),
(229, 1, 'Moleskin Blazers', '', 'Moleskin Blazers', '', ''),
(229, 2, 'Moleskin Blazers', '', 'Moleskin Blazers', '', ''),
(230, 1, 'Wool Check Blazers', '', 'Wool Check Blazers', '', ''),
(230, 2, 'Wool Check Blazers', '', 'Wool Check Blazers', '', ''),
(231, 1, 'Check Trousers', '', 'Check Trousers', '', ''),
(231, 2, 'Check Trousers', '', 'Check Trousers', '', ''),
(232, 1, 'Jack Quard Trousers', '', 'Jack Quard Trousers', '', ''),
(232, 2, 'Jack Quard Trousers', '', 'Jack Quard Trousers', '', ''),
(233, 1, 'Low-Cut Jeans', '', 'Low-Cut Jeans', '', ''),
(233, 2, 'Low-Cut Jeans', '', 'Low-Cut Jeans', '', ''),
(234, 2, 'Maroon Detail', '', 'Maroon Detail', '', ''),
(234, 1, 'Maroon Detail', '', 'Maroon Detail', '', ''),
(235, 1, 'Biker Jackets', '', 'Biker Jackets', '', ''),
(235, 2, 'Biker Jackets', '', 'Biker Jackets', '', ''),
(236, 1, 'Combined Jackets', '', 'Combined Jackets', '', ''),
(236, 2, 'Combined Jackets', '', 'Combined Jackets', '', ''),
(237, 1, 'Moleskin Blazers', '', 'Moleskin Blazers', '', ''),
(237, 2, 'Moleskin Blazers', '', 'Moleskin Blazers', '', ''),
(238, 1, 'Wool Check Blazers', '', 'Wool Check Blazers', '', ''),
(238, 2, 'Wool Check Blazers', '', 'Wool Check Blazers', '', ''),
(239, 1, 'Biker Jackets', '', 'Biker Jackets', '', ''),
(239, 2, 'Biker Jackets', '', 'Biker Jackets', '', ''),
(240, 1, 'Combined Jackets', '', 'Combined Jackets', '', ''),
(240, 2, 'Combined Jackets', '', 'Combined Jackets', '', ''),
(241, 1, 'Moleskin Blazers', '', 'Moleskin Blazers', '', ''),
(241, 2, 'Moleskin Blazers', '', 'Moleskin Blazers', '', ''),
(242, 1, 'Wool Check Blazers', '', 'Wool Check Blazers', '', ''),
(242, 2, 'Wool Check Blazers', '', 'Wool Check Blazers', '', ''),
(243, 2, 'Biker Jackets', '', 'Biker Jackets', '', ''),
(243, 1, 'Biker Jackets', '', 'Biker Jackets', '', ''),
(244, 2, 'Combined Jackets', '', 'Combined Jackets', '', ''),
(244, 1, 'Combined Jackets', '', 'Combined Jackets', '', ''),
(245, 1, 'Moleskin Blazers', '', 'Moleskin Blazers', '', ''),
(245, 2, 'Moleskin Blazers', '', 'Moleskin Blazers', '', ''),
(246, 2, 'Wool Check Blazers', '', 'Wool Check Blazers', '', ''),
(246, 1, 'Wool Check Blazers', '', 'Wool Check Blazers', '', ''),
(247, 2, 'Check Trousers', '', 'Check Trousers', '', ''),
(247, 1, 'Check Trousers', '', 'Check Trousers', '', ''),
(248, 1, 'Jack Quard Trousers', '', 'Jack Quard Trousers', '', ''),
(248, 2, 'Jack Quard Trousers', '', 'Jack Quard Trousers', '', ''),
(249, 1, 'Low-Cut Jeans', '', 'Low-Cut Jeans', '', ''),
(249, 2, 'Low-Cut Jeans', '', 'Low-Cut Jeans', '', ''),
(250, 1, 'Maroon Detail', '', 'Maroon Detail', '', ''),
(250, 2, 'Maroon Detail', '', 'Maroon Detail', '', ''),
(251, 1, 'Biker Jackets', '', 'Biker Jackets', '', ''),
(251, 2, 'Biker Jackets', '', 'Biker Jackets', '', ''),
(252, 1, 'Combined Jackets', '', 'Combined Jackets', '', ''),
(252, 2, 'Combined Jackets', '', 'Combined Jackets', '', ''),
(253, 1, 'Moleskin Blazers', '', 'Moleskin Blazers', '', ''),
(253, 2, 'Moleskin Blazers', '', 'Moleskin Blazers', '', ''),
(254, 1, 'Wool Check Blazers', '', 'Wool Check Blazers', '', ''),
(254, 2, 'Wool Check Blazers', '', 'Wool Check Blazers', '', ''),
(255, 1, 'Biker Jackets', '', 'Biker Jackets', '', ''),
(255, 2, 'Biker Jackets', '', 'Biker Jackets', '', ''),
(256, 1, 'Combined Jackets', '', 'Combined Jackets', '', ''),
(256, 2, 'Combined Jackets', '', 'Combined Jackets', '', ''),
(257, 1, 'Moleskin Blazers', '', 'Moleskin Blazers', '', ''),
(257, 2, 'Moleskin Blazers', '', 'Moleskin Blazers', '', ''),
(258, 1, 'Wool Check Blazers', '', 'Wool Check Blazers', '', ''),
(258, 2, 'Wool Check Blazers', '', 'Wool Check Blazers', '', ''),
(259, 1, 'Biker Jackets', '', 'Biker Jackets', '', ''),
(259, 2, 'Biker Jackets', '', 'Biker Jackets', '', ''),
(260, 1, 'Combined Jackets', '', 'Combined Jackets', '', ''),
(260, 2, 'Combined Jackets', '', 'Combined Jackets', '', ''),
(261, 1, 'Moleskin Blazers', '', 'Moleskin Blazers', '', ''),
(261, 2, 'Moleskin Blazers', '', 'Moleskin Blazers', '', ''),
(262, 1, 'Wool Check Blazers', '', 'Wool Check Blazers', '', ''),
(262, 2, 'Wool Check Blazers', '', 'Wool Check Blazers', '', ''),
(263, 1, 'Check Trousers', '', 'Check Trousers', '', ''),
(263, 2, 'Check Trousers', '', 'Check Trousers', '', ''),
(264, 1, 'Jack Quard Trousers', '', 'Jack Quard Trousers', '', ''),
(264, 2, 'Jack Quard Trousers', '', 'Jack Quard Trousers', '', ''),
(265, 1, 'Low-Cut Jeans', '', 'Low-Cut Jeans', '', ''),
(265, 2, 'Low-Cut Jeans', '', 'Low-Cut Jeans', '', ''),
(266, 1, 'Maroon Detail', '', 'Maroon Detail', '', ''),
(266, 2, 'Maroon Detail', '', 'Maroon Detail', '', ''),
(267, 1, 'Biker Jackets', '', 'Biker Jackets', '', ''),
(267, 2, 'Biker Jackets', '', 'Biker Jackets', '', ''),
(268, 1, 'Combined Jackets', '', 'Combined Jackets', '', ''),
(268, 2, 'Combined Jackets', '', 'Combined Jackets', '', ''),
(269, 1, 'Moleskin Blazers', '', 'Moleskin Blazers', '', ''),
(269, 2, 'Moleskin Blazers', '', 'Moleskin Blazers', '', ''),
(270, 1, 'Wool Check Blazers', '', 'Wool Check Blazers', '', ''),
(270, 2, 'Wool Check Blazers', '', 'Wool Check Blazers', '', ''),
(278, 2, 'Vegitable Soups', '', 'Vegitable Soups', '', ''),
(278, 1, 'Vegitable Soups', '', 'Vegitable Soups', '', ''),
(277, 2, 'Cream Soups', '', 'Cream Soups', '', ''),
(277, 1, 'Cream Soups', '', 'Cream Soups', '', ''),
(276, 2, 'Cold Soups', '', 'Cold Soups', '', ''),
(276, 1, 'Cold Soups', '', 'Cold Soups', '', ''),
(275, 2, 'Bean Soups', '', 'Bean Soups', '', ''),
(279, 1, 'Orange Juice', '', 'Orange Juice', '', ''),
(279, 2, 'Orange Juice', '', 'Orange Juice', '', ''),
(146, 1, 'Juice', '', 'Juice', '', ''),
(168, 1, 'Vegetables', '', 'Vegetables', '', ''),
(169, 1, 'Grocery &amp; Staples', '', 'Grocery &amp; Staples', '', ''),
(171, 1, 'Biscuits, Snacks', '', 'Biscuits, Snacks', '', ''),
(172, 1, 'Meats &amp; Seafood', '', 'Meats &amp; Seafood', '', ''),
(170, 1, 'Breakfast &amp; Dairy', '', 'Breakfast &amp; Dairy', '', '');

-- --------------------------------------------------------

--
-- Table structure for table `oc_category_filter`
--

CREATE TABLE `oc_category_filter` (
  `category_id` int(11) NOT NULL,
  `filter_id` int(11) NOT NULL
) ENGINE=MyISAM DEFAULT CHARSET=utf8;

--
-- Dumping data for table `oc_category_filter`
--

INSERT INTO `oc_category_filter` (`category_id`, `filter_id`) VALUES
(59, 1),
(59, 2),
(59, 3),
(59, 4),
(59, 5),
(59, 6),
(59, 7),
(59, 9),
(59, 10),
(59, 11),
(59, 12),
(59, 13),
(60, 1),
(60, 2),
(60, 3),
(60, 4),
(60, 5),
(60, 6),
(60, 7),
(60, 9),
(60, 10),
(60, 11),
(60, 12),
(60, 13),
(61, 1),
(61, 2),
(61, 3),
(61, 4),
(61, 5),
(61, 6),
(61, 7),
(61, 9),
(61, 10),
(61, 11),
(61, 12),
(61, 13),
(62, 1),
(62, 2),
(62, 3),
(62, 4),
(62, 5),
(62, 6),
(62, 7),
(62, 9),
(62, 10),
(62, 11),
(62, 12),
(62, 13),
(63, 1),
(63, 2),
(63, 3),
(63, 4),
(63, 5),
(63, 6),
(63, 7),
(63, 9),
(63, 10),
(63, 11),
(63, 12),
(63, 13),
(64, 1),
(64, 2),
(64, 3),
(64, 4),
(64, 5),
(64, 6),
(64, 7),
(64, 9),
(64, 10),
(64, 11),
(64, 12),
(64, 13),
(65, 1),
(65, 2),
(65, 3),
(65, 4),
(65, 5),
(65, 6),
(65, 7),
(65, 9),
(65, 10),
(65, 11),
(65, 12),
(65, 13),
(66, 1),
(66, 2),
(66, 3),
(66, 4),
(66, 5),
(66, 6),
(66, 7),
(66, 9),
(66, 10),
(66, 11),
(66, 12),
(66, 13),
(67, 1),
(67, 2),
(67, 3),
(67, 4),
(67, 5),
(67, 6),
(67, 7),
(67, 9),
(67, 10),
(67, 11),
(67, 12),
(67, 13),
(68, 1),
(68, 2),
(68, 3),
(68, 4),
(68, 5),
(68, 6),
(68, 7),
(68, 9),
(68, 10),
(68, 11),
(68, 12),
(68, 13),
(69, 1),
(69, 2),
(69, 3),
(69, 4),
(69, 5),
(69, 6),
(69, 7),
(69, 9),
(69, 10),
(69, 11),
(69, 12),
(69, 13),
(70, 1),
(70, 2),
(70, 3),
(70, 4),
(70, 5),
(70, 6),
(70, 7),
(70, 9),
(70, 10),
(70, 11),
(70, 12),
(70, 13),
(71, 1),
(71, 2),
(71, 3),
(71, 4),
(71, 5),
(71, 6),
(71, 7),
(71, 9),
(71, 10),
(71, 11),
(71, 12),
(71, 13),
(72, 1),
(72, 2),
(72, 3),
(72, 4),
(72, 5),
(72, 6),
(72, 7),
(72, 9),
(72, 10),
(72, 11),
(72, 12),
(72, 13),
(73, 1),
(73, 2),
(73, 3),
(73, 4),
(73, 5),
(73, 6),
(73, 7),
(73, 9),
(73, 10),
(73, 11),
(73, 12),
(73, 13),
(74, 1),
(74, 2),
(74, 3),
(74, 4),
(74, 5),
(74, 6),
(74, 7),
(74, 9),
(74, 10),
(74, 11),
(74, 12),
(74, 13),
(75, 1),
(75, 2),
(75, 3),
(75, 4),
(75, 5),
(75, 6),
(75, 7),
(75, 9),
(75, 10),
(75, 11),
(75, 12),
(75, 13),
(76, 1),
(76, 2),
(76, 3),
(76, 4),
(76, 5),
(76, 6),
(76, 7),
(76, 9),
(76, 10),
(76, 11),
(76, 12),
(76, 13),
(115, 1),
(115, 2),
(115, 3),
(115, 4),
(115, 5),
(115, 6),
(115, 7),
(115, 9),
(115, 10),
(115, 11),
(115, 12),
(115, 13),
(116, 1),
(116, 2),
(116, 3),
(116, 4),
(116, 5),
(116, 6),
(116, 7),
(116, 9),
(116, 10),
(116, 11),
(116, 12),
(116, 13),
(117, 1),
(117, 2),
(117, 3),
(117, 4),
(117, 5),
(117, 6),
(117, 7),
(117, 9),
(117, 10),
(117, 11),
(117, 12),
(117, 13),
(118, 1),
(118, 2),
(118, 3),
(118, 4),
(118, 5),
(118, 6),
(118, 7),
(118, 9),
(118, 10),
(118, 11),
(118, 12),
(118, 13),
(119, 1),
(119, 2),
(119, 3),
(119, 4),
(119, 5),
(119, 6),
(119, 7),
(119, 9),
(119, 10),
(119, 11),
(119, 12),
(119, 13),
(120, 1),
(120, 2),
(120, 3),
(120, 4),
(120, 5),
(120, 6),
(120, 7),
(120, 9),
(120, 10),
(120, 11),
(120, 12),
(120, 13),
(121, 1),
(121, 2),
(121, 3),
(121, 4),
(121, 5),
(121, 6),
(121, 7),
(121, 9),
(121, 10),
(121, 11),
(121, 12),
(121, 13),
(122, 1),
(122, 2),
(122, 3),
(122, 4),
(122, 5),
(122, 6),
(122, 7),
(122, 9),
(122, 10),
(122, 11),
(122, 12),
(122, 13),
(123, 1),
(123, 2),
(123, 3),
(123, 4),
(123, 5),
(123, 6),
(123, 7),
(123, 9),
(123, 10),
(123, 11),
(123, 12),
(123, 13),
(124, 1),
(124, 2),
(124, 3),
(124, 4),
(124, 5),
(124, 6),
(124, 7),
(124, 9),
(124, 10),
(124, 11),
(124, 12),
(124, 13),
(125, 1),
(125, 2),
(125, 3),
(125, 4),
(125, 5),
(125, 6),
(125, 7),
(125, 9),
(125, 10),
(125, 11),
(125, 12),
(125, 13),
(126, 1),
(126, 2),
(126, 3),
(126, 4),
(126, 5),
(126, 6),
(126, 7),
(126, 9),
(126, 10),
(126, 11),
(126, 12),
(126, 13),
(127, 1),
(127, 2),
(127, 3),
(127, 4),
(127, 5),
(127, 6),
(127, 7),
(127, 9),
(127, 10),
(127, 11),
(127, 12),
(127, 13),
(132, 1),
(132, 2),
(132, 3),
(132, 4),
(132, 5),
(132, 6),
(132, 7),
(132, 9),
(132, 10),
(132, 11),
(132, 12),
(132, 13),
(137, 1),
(137, 2),
(137, 3),
(137, 4),
(137, 5),
(137, 6),
(137, 7),
(137, 9),
(137, 10),
(137, 11),
(137, 12),
(137, 13),
(142, 1),
(142, 2),
(142, 3),
(142, 4),
(142, 5),
(142, 6),
(142, 7),
(142, 9),
(142, 10),
(142, 11),
(142, 12),
(142, 13),
(146, 1),
(146, 2),
(146, 3),
(146, 4),
(146, 5),
(146, 6),
(146, 7),
(146, 9),
(146, 10),
(146, 11),
(146, 12),
(146, 13),
(147, 1),
(147, 2),
(147, 3),
(147, 4),
(147, 5),
(147, 6),
(147, 7),
(147, 9),
(147, 10),
(147, 11),
(147, 12),
(147, 13),
(157, 1),
(157, 2),
(157, 3),
(157, 4),
(157, 5),
(157, 6),
(157, 7),
(157, 9),
(157, 10),
(157, 11),
(157, 12),
(157, 13),
(158, 1),
(158, 2),
(158, 3),
(158, 4),
(158, 5),
(158, 6),
(158, 7),
(158, 9),
(158, 10),
(158, 11),
(158, 12),
(158, 13),
(163, 1),
(163, 2),
(163, 3),
(163, 4),
(163, 5),
(163, 6),
(163, 7),
(163, 9),
(163, 10),
(163, 11),
(163, 12),
(163, 13),
(168, 1),
(168, 2),
(168, 3),
(168, 4),
(168, 5),
(168, 6),
(168, 7),
(168, 9),
(168, 10),
(168, 11),
(168, 12),
(168, 13),
(169, 1),
(169, 2),
(169, 3),
(169, 4),
(169, 5),
(169, 6),
(169, 7),
(169, 9),
(169, 10),
(169, 11),
(169, 12),
(169, 13),
(170, 1),
(170, 2),
(170, 3),
(170, 4),
(170, 5),
(170, 6),
(170, 7),
(170, 9),
(170, 10),
(170, 11),
(170, 12),
(170, 13),
(171, 1),
(171, 2),
(171, 3),
(171, 4),
(171, 5),
(171, 6),
(171, 7),
(171, 9),
(171, 10),
(171, 11),
(171, 12),
(171, 13),
(172, 1),
(172, 2),
(172, 3),
(172, 4),
(172, 5),
(172, 6),
(172, 7),
(172, 9),
(172, 10),
(172, 11),
(172, 12),
(172, 13),
(173, 1),
(173, 2),
(173, 3),
(173, 4),
(173, 5),
(173, 6),
(173, 7),
(173, 9),
(173, 10),
(173, 11),
(173, 12),
(173, 13),
(175, 1),
(175, 2),
(175, 3),
(175, 4),
(175, 5),
(175, 6),
(175, 7),
(175, 9),
(175, 10),
(175, 11),
(175, 12),
(175, 13),
(176, 1),
(176, 2),
(176, 3),
(176, 4),
(176, 5),
(176, 6),
(176, 7),
(176, 9),
(176, 10),
(176, 11),
(176, 12),
(176, 13),
(177, 1),
(177, 2),
(177, 3),
(177, 4),
(177, 5),
(177, 6),
(177, 7),
(177, 9),
(177, 10),
(177, 11),
(177, 12),
(177, 13),
(178, 1),
(178, 2),
(178, 3),
(178, 4),
(178, 5),
(178, 6),
(178, 7),
(178, 9),
(178, 10),
(178, 11),
(178, 12),
(178, 13),
(179, 1),
(179, 2),
(179, 3),
(179, 4),
(179, 5),
(179, 6),
(179, 7),
(179, 9),
(179, 10),
(179, 11),
(179, 12),
(179, 13),
(180, 1),
(180, 2),
(180, 3),
(180, 4),
(180, 5),
(180, 6),
(180, 7),
(180, 9),
(180, 10),
(180, 11),
(180, 12),
(180, 13),
(181, 1),
(181, 2),
(181, 3),
(181, 4),
(181, 5),
(181, 6),
(181, 7),
(181, 9),
(181, 10),
(181, 11),
(181, 12),
(181, 13),
(182, 1),
(182, 2),
(182, 3),
(182, 4),
(182, 5),
(182, 6),
(182, 7),
(182, 9),
(182, 10),
(182, 11),
(182, 12),
(182, 13),
(183, 1),
(183, 2),
(183, 3),
(183, 4),
(183, 5),
(183, 6),
(183, 7),
(183, 9),
(183, 10),
(183, 11),
(183, 12),
(183, 13),
(184, 1),
(184, 2),
(184, 3),
(184, 4),
(184, 5),
(184, 6),
(184, 7),
(184, 9),
(184, 10),
(184, 11),
(184, 12),
(184, 13),
(185, 1),
(185, 2),
(185, 3),
(185, 4),
(185, 5),
(185, 6),
(185, 7),
(185, 9),
(185, 10),
(185, 11),
(185, 12),
(185, 13),
(186, 1),
(186, 2),
(186, 3),
(186, 4),
(186, 5),
(186, 6),
(186, 7),
(186, 9),
(186, 10),
(186, 11),
(186, 12),
(186, 13),
(187, 1),
(187, 2),
(187, 3),
(187, 4),
(187, 5),
(187, 6),
(187, 7),
(187, 9),
(187, 10),
(187, 11),
(187, 12),
(187, 13),
(188, 1),
(188, 2),
(188, 3),
(188, 4),
(188, 5),
(188, 6),
(188, 7),
(188, 9),
(188, 10),
(188, 11),
(188, 12),
(188, 13),
(189, 1),
(189, 2),
(189, 3),
(189, 4),
(189, 5),
(189, 6),
(189, 7),
(189, 9),
(189, 10),
(189, 11),
(189, 12),
(189, 13),
(190, 1),
(190, 2),
(190, 3),
(190, 4),
(190, 5),
(190, 6),
(190, 7),
(190, 9),
(190, 10),
(190, 11),
(190, 12),
(190, 13),
(191, 1),
(191, 2),
(191, 3),
(191, 4),
(191, 5),
(191, 6),
(191, 7),
(191, 9),
(191, 10),
(191, 11),
(191, 12),
(191, 13),
(192, 1),
(192, 2),
(192, 3),
(192, 4),
(192, 5),
(192, 6),
(192, 7),
(192, 9),
(192, 10),
(192, 11),
(192, 12),
(192, 13),
(193, 1),
(193, 2),
(193, 3),
(193, 4),
(193, 5),
(193, 6),
(193, 7),
(193, 9),
(193, 10),
(193, 11),
(193, 12),
(193, 13),
(194, 1),
(194, 2),
(194, 3),
(194, 4),
(194, 5),
(194, 6),
(194, 7),
(194, 9),
(194, 10),
(194, 11),
(194, 12),
(194, 13),
(195, 1),
(195, 2),
(195, 3),
(195, 4),
(195, 5),
(195, 6),
(195, 7),
(195, 9),
(195, 10),
(195, 11),
(195, 12),
(195, 13),
(196, 1),
(196, 2),
(196, 3),
(196, 4),
(196, 5),
(196, 6),
(196, 7),
(196, 9),
(196, 10),
(196, 11),
(196, 12),
(196, 13),
(197, 1),
(197, 2),
(197, 3),
(197, 4),
(197, 5),
(197, 6),
(197, 7),
(197, 9),
(197, 10),
(197, 11),
(197, 12),
(197, 13),
(198, 1),
(198, 2),
(198, 3),
(198, 4),
(198, 5),
(198, 6),
(198, 7),
(198, 9),
(198, 10),
(198, 11),
(198, 12),
(198, 13),
(199, 1),
(199, 2),
(199, 3),
(199, 4),
(199, 5),
(199, 6),
(199, 7),
(199, 9),
(199, 10),
(199, 11),
(199, 12),
(199, 13),
(200, 1),
(200, 2),
(200, 3),
(200, 4),
(200, 5),
(200, 6),
(200, 7),
(200, 9),
(200, 10),
(200, 11),
(200, 12),
(200, 13),
(201, 1),
(201, 2),
(201, 3),
(201, 4),
(201, 5),
(201, 6),
(201, 7),
(201, 9),
(201, 10),
(201, 11),
(201, 12),
(201, 13),
(202, 1),
(202, 2),
(202, 3),
(202, 4),
(202, 5),
(202, 6),
(202, 7),
(202, 9),
(202, 10),
(202, 11),
(202, 12),
(202, 13),
(203, 1),
(203, 2),
(203, 3),
(203, 4),
(203, 5),
(203, 6),
(203, 7),
(203, 9),
(203, 10),
(203, 11),
(203, 12),
(203, 13),
(204, 1),
(204, 2),
(204, 3),
(204, 4),
(204, 5),
(204, 6),
(204, 7),
(204, 9),
(204, 10),
(204, 11),
(204, 12),
(204, 13),
(205, 1),
(205, 2),
(205, 3),
(205, 4),
(205, 5),
(205, 6),
(205, 7),
(205, 9),
(205, 10),
(205, 11),
(205, 12),
(205, 13),
(206, 1),
(206, 2),
(206, 3),
(206, 4),
(206, 5),
(206, 6),
(206, 7),
(206, 9),
(206, 10),
(206, 11),
(206, 12),
(206, 13),
(207, 1),
(207, 2),
(207, 3),
(207, 4),
(207, 5),
(207, 6),
(207, 7),
(207, 9),
(207, 10),
(207, 11),
(207, 12),
(207, 13),
(208, 1),
(208, 2),
(208, 3),
(208, 4),
(208, 5),
(208, 6),
(208, 7),
(208, 9),
(208, 10),
(208, 11),
(208, 12),
(208, 13),
(209, 1),
(209, 2),
(209, 3),
(209, 4),
(209, 5),
(209, 6),
(209, 7),
(209, 9),
(209, 10),
(209, 11),
(209, 12),
(209, 13),
(210, 1),
(210, 2),
(210, 3),
(210, 4),
(210, 5),
(210, 6),
(210, 7),
(210, 9),
(210, 10),
(210, 11),
(210, 12),
(210, 13),
(211, 1),
(211, 2),
(211, 3),
(211, 4),
(211, 5),
(211, 6),
(211, 7),
(211, 9),
(211, 10),
(211, 11),
(211, 12),
(211, 13),
(212, 1),
(212, 2),
(212, 3),
(212, 4),
(212, 5),
(212, 6),
(212, 7),
(212, 9),
(212, 10),
(212, 11),
(212, 12),
(212, 13),
(213, 1),
(213, 2),
(213, 3),
(213, 4),
(213, 5),
(213, 6),
(213, 7),
(213, 9),
(213, 10),
(213, 11),
(213, 12),
(213, 13),
(214, 1),
(214, 2),
(214, 3),
(214, 4),
(214, 5),
(214, 6),
(214, 7),
(214, 9),
(214, 10),
(214, 11),
(214, 12),
(214, 13),
(215, 1),
(215, 2),
(215, 3),
(215, 4),
(215, 5),
(215, 6),
(215, 7),
(215, 9),
(215, 10),
(215, 11),
(215, 12),
(215, 13),
(216, 1),
(216, 2),
(216, 3),
(216, 4),
(216, 5),
(216, 6),
(216, 7),
(216, 9),
(216, 10),
(216, 11),
(216, 12),
(216, 13),
(218, 1),
(218, 2),
(218, 3),
(218, 4),
(218, 5),
(218, 6),
(218, 7),
(218, 9),
(218, 10),
(218, 11),
(218, 12),
(218, 13),
(219, 1),
(219, 2),
(219, 3),
(219, 4),
(219, 5),
(219, 6),
(219, 7),
(219, 9),
(219, 10),
(219, 11),
(219, 12),
(219, 13),
(220, 1),
(220, 2),
(220, 3),
(220, 4),
(220, 5),
(220, 6),
(220, 7),
(220, 9),
(220, 10),
(220, 11),
(220, 12),
(220, 13),
(222, 1),
(222, 2),
(222, 3),
(222, 4),
(222, 5),
(222, 6),
(222, 7),
(222, 9),
(222, 10),
(222, 11),
(222, 12),
(222, 13),
(223, 1),
(223, 2),
(223, 3),
(223, 4),
(223, 5),
(223, 6),
(223, 7),
(223, 9),
(223, 10),
(223, 11),
(223, 12),
(223, 13),
(224, 1),
(224, 2),
(224, 3),
(224, 4),
(224, 5),
(224, 6),
(224, 7),
(224, 9),
(224, 10),
(224, 11),
(224, 12),
(224, 13),
(225, 1),
(225, 2),
(225, 3),
(225, 4),
(225, 5),
(225, 6),
(225, 7),
(225, 9),
(225, 10),
(225, 11),
(225, 12),
(225, 13),
(226, 1),
(226, 2),
(226, 3),
(226, 4),
(226, 5),
(226, 6),
(226, 7),
(226, 9),
(226, 10),
(226, 11),
(226, 12),
(226, 13),
(279, 1),
(279, 2),
(279, 3),
(279, 4),
(279, 5),
(279, 6),
(279, 7),
(279, 9),
(279, 10),
(279, 11),
(279, 12),
(279, 13);

-- --------------------------------------------------------

--
-- Table structure for table `oc_category_path`
--

CREATE TABLE `oc_category_path` (
  `category_id` int(11) NOT NULL,
  `path_id` int(11) NOT NULL,
  `level` int(11) NOT NULL
) ENGINE=MyISAM DEFAULT CHARSET=utf8;

--
-- Dumping data for table `oc_category_path`
--

INSERT INTO `oc_category_path` (`category_id`, `path_id`, `level`) VALUES
(120, 120, 1),
(121, 75, 0),
(119, 119, 1),
(120, 75, 0),
(118, 118, 1),
(119, 75, 0),
(117, 117, 0),
(118, 68, 0),
(125, 125, 1),
(125, 72, 0),
(135, 135, 2),
(135, 132, 1),
(129, 129, 2),
(142, 142, 1),
(121, 121, 1),
(122, 75, 0),
(136, 126, 0),
(123, 123, 1),
(124, 72, 0),
(122, 122, 1),
(123, 64, 0),
(124, 124, 1),
(60, 60, 1),
(131, 127, 1),
(131, 131, 2),
(130, 130, 2),
(131, 126, 0),
(130, 126, 0),
(60, 59, 0),
(116, 116, 0),
(130, 127, 1),
(132, 126, 0),
(139, 137, 1),
(139, 139, 2),
(138, 138, 2),
(139, 126, 0),
(138, 126, 0),
(138, 137, 1),
(137, 126, 0),
(137, 137, 1),
(136, 132, 1),
(136, 136, 2),
(140, 126, 0),
(76, 76, 0),
(75, 75, 0),
(74, 74, 1),
(74, 72, 0),
(73, 73, 1),
(73, 72, 0),
(72, 72, 0),
(71, 71, 1),
(71, 68, 0),
(70, 70, 1),
(70, 68, 0),
(69, 69, 1),
(69, 68, 0),
(68, 68, 0),
(67, 67, 1),
(67, 64, 0),
(66, 66, 1),
(66, 64, 0),
(65, 65, 1),
(65, 64, 0),
(64, 64, 0),
(63, 63, 1),
(63, 59, 0),
(62, 62, 1),
(62, 59, 0),
(61, 61, 1),
(61, 59, 0),
(59, 59, 0),
(115, 115, 0),
(142, 126, 0),
(141, 141, 2),
(141, 137, 1),
(141, 126, 0),
(140, 140, 2),
(140, 137, 1),
(129, 127, 1),
(129, 126, 0),
(128, 128, 2),
(128, 127, 1),
(128, 126, 0),
(127, 127, 1),
(127, 126, 0),
(126, 126, 0),
(135, 126, 0),
(134, 134, 2),
(134, 132, 1),
(134, 126, 0),
(133, 133, 2),
(133, 132, 1),
(133, 126, 0),
(132, 132, 1),
(143, 126, 0),
(143, 142, 1),
(143, 143, 2),
(144, 126, 0),
(144, 142, 1),
(144, 144, 2),
(145, 126, 0),
(145, 142, 1),
(145, 145, 2),
(146, 146, 0),
(147, 146, 0),
(147, 147, 1),
(148, 146, 0),
(148, 147, 1),
(148, 148, 2),
(149, 146, 0),
(149, 147, 1),
(149, 149, 2),
(150, 146, 0),
(150, 147, 1),
(150, 150, 2),
(151, 146, 0),
(151, 147, 1),
(151, 151, 2),
(152, 146, 0),
(152, 152, 1),
(153, 146, 0),
(153, 152, 1),
(153, 153, 2),
(154, 146, 0),
(154, 152, 1),
(154, 154, 2),
(155, 146, 0),
(155, 152, 1),
(155, 155, 2),
(156, 146, 0),
(156, 152, 1),
(156, 156, 2),
(157, 157, 0),
(158, 157, 0),
(158, 158, 1),
(159, 157, 0),
(159, 158, 1),
(159, 159, 2),
(160, 157, 0),
(160, 158, 1),
(160, 160, 2),
(161, 157, 0),
(161, 158, 1),
(161, 161, 2),
(162, 157, 0),
(162, 158, 1),
(162, 162, 2),
(163, 157, 0),
(163, 163, 1),
(164, 157, 0),
(164, 163, 1),
(164, 164, 2),
(165, 157, 0),
(165, 163, 1),
(165, 165, 2),
(166, 157, 0),
(166, 163, 1),
(166, 166, 2),
(167, 157, 0),
(167, 163, 1),
(167, 167, 2),
(168, 168, 0),
(169, 169, 0),
(170, 170, 0),
(171, 171, 0),
(172, 172, 0),
(173, 173, 0),
(174, 173, 0),
(174, 174, 1),
(175, 173, 0),
(175, 175, 1),
(176, 173, 0),
(176, 176, 1),
(177, 173, 0),
(177, 177, 1),
(178, 178, 0),
(179, 178, 0),
(179, 179, 1),
(180, 178, 0),
(180, 180, 1),
(181, 178, 0),
(181, 181, 1),
(182, 178, 0),
(182, 182, 1),
(183, 183, 0),
(184, 183, 0),
(184, 184, 1),
(185, 183, 0),
(185, 185, 1),
(186, 183, 0),
(186, 186, 1),
(187, 183, 0),
(187, 187, 1),
(188, 183, 0),
(188, 188, 1),
(189, 189, 0),
(190, 189, 0),
(190, 190, 1),
(191, 189, 0),
(191, 191, 1),
(192, 189, 0),
(192, 192, 1),
(193, 189, 0),
(193, 193, 1),
(194, 189, 0),
(194, 194, 1),
(195, 195, 0),
(196, 196, 0),
(197, 197, 0),
(198, 197, 0),
(198, 198, 1),
(199, 197, 0),
(199, 199, 1),
(200, 197, 0),
(200, 200, 1),
(201, 197, 0),
(201, 201, 1),
(202, 197, 0),
(202, 202, 1),
(203, 203, 0),
(204, 204, 0),
(205, 205, 0),
(206, 206, 0),
(207, 207, 0),
(208, 208, 0),
(209, 209, 0),
(210, 210, 0),
(211, 211, 0),
(212, 212, 0),
(213, 213, 0),
(214, 214, 0),
(215, 215, 0),
(216, 216, 0),
(227, 68, 0),
(218, 206, 0),
(218, 218, 1),
(219, 206, 0),
(219, 219, 1),
(220, 206, 0),
(220, 220, 1),
(222, 208, 0),
(222, 222, 1),
(223, 208, 0),
(223, 223, 1),
(224, 208, 0),
(224, 224, 1),
(225, 209, 0),
(225, 225, 1),
(226, 209, 0),
(226, 226, 1),
(227, 69, 1),
(227, 227, 2),
(228, 68, 0),
(228, 69, 1),
(228, 228, 2),
(229, 68, 0),
(229, 69, 1),
(229, 229, 2),
(230, 68, 0),
(230, 69, 1),
(230, 230, 2),
(231, 68, 0),
(231, 71, 1),
(231, 231, 2),
(232, 68, 0),
(232, 71, 1),
(232, 232, 2),
(233, 68, 0),
(233, 71, 1),
(233, 233, 2),
(234, 70, 1),
(234, 68, 0),
(234, 234, 2),
(235, 68, 0),
(235, 71, 1),
(235, 235, 2),
(236, 68, 0),
(236, 70, 1),
(236, 236, 2),
(237, 68, 0),
(237, 70, 1),
(237, 237, 2),
(238, 68, 0),
(238, 70, 1),
(238, 238, 2),
(239, 68, 0),
(239, 118, 1),
(239, 239, 2),
(240, 68, 0),
(240, 118, 1),
(240, 240, 2),
(241, 68, 0),
(241, 118, 1),
(241, 241, 2),
(242, 68, 0),
(242, 118, 1),
(242, 242, 2),
(243, 174, 1),
(243, 173, 0),
(243, 243, 2),
(244, 174, 1),
(244, 173, 0),
(244, 244, 2),
(245, 173, 0),
(245, 174, 1),
(245, 245, 2),
(246, 174, 1),
(246, 173, 0),
(246, 246, 2),
(247, 175, 1),
(247, 173, 0),
(247, 247, 2),
(248, 173, 0),
(248, 175, 1),
(248, 248, 2),
(249, 173, 0),
(249, 175, 1),
(249, 249, 2),
(250, 173, 0),
(250, 175, 1),
(250, 250, 2),
(251, 173, 0),
(251, 176, 1),
(251, 251, 2),
(252, 173, 0),
(252, 176, 1),
(252, 252, 2),
(253, 173, 0),
(253, 176, 1),
(253, 253, 2),
(254, 173, 0),
(254, 176, 1),
(254, 254, 2),
(255, 173, 0),
(255, 177, 1),
(255, 255, 2),
(256, 173, 0),
(256, 177, 1),
(256, 256, 2),
(257, 173, 0),
(257, 177, 1),
(257, 257, 2),
(258, 173, 0),
(258, 177, 1),
(258, 258, 2),
(259, 206, 0),
(259, 218, 1),
(259, 259, 2),
(260, 206, 0),
(260, 218, 1),
(260, 260, 2),
(261, 206, 0),
(261, 218, 1),
(261, 261, 2),
(262, 206, 0),
(262, 218, 1),
(262, 262, 2),
(263, 206, 0),
(263, 219, 1),
(263, 263, 2),
(264, 206, 0),
(264, 219, 1),
(264, 264, 2),
(265, 206, 0),
(265, 219, 1),
(265, 265, 2),
(266, 206, 0),
(266, 219, 1),
(266, 266, 2),
(267, 206, 0),
(267, 220, 1),
(267, 267, 2),
(268, 206, 0),
(268, 220, 1),
(268, 268, 2),
(269, 206, 0),
(269, 220, 1),
(269, 269, 2),
(270, 206, 0),
(270, 220, 1),
(270, 270, 2),
(279, 279, 0),
(278, 278, 1),
(278, 211, 0),
(277, 277, 1),
(277, 211, 0),
(276, 276, 1),
(276, 211, 0),
(275, 275, 1),
(275, 211, 0);

-- --------------------------------------------------------

--
-- Table structure for table `oc_category_to_layout`
--

CREATE TABLE `oc_category_to_layout` (
  `category_id` int(11) NOT NULL,
  `store_id` int(11) NOT NULL,
  `layout_id` int(11) NOT NULL
) ENGINE=MyISAM DEFAULT CHARSET=utf8;

--
-- Dumping data for table `oc_category_to_layout`
--

INSERT INTO `oc_category_to_layout` (`category_id`, `store_id`, `layout_id`) VALUES
(59, 0, 0),
(60, 0, 0),
(61, 0, 0),
(62, 0, 0),
(63, 0, 0),
(64, 0, 0),
(65, 0, 0),
(66, 0, 0),
(67, 0, 0),
(68, 0, 0),
(69, 0, 0),
(70, 0, 0),
(71, 0, 0),
(72, 0, 0),
(73, 0, 0),
(74, 0, 0),
(75, 0, 0),
(76, 0, 0),
(130, 2, 0),
(130, 3, 0),
(131, 1, 0),
(131, 0, 0),
(131, 3, 0),
(131, 2, 0),
(132, 1, 0),
(132, 0, 0),
(132, 3, 0),
(132, 2, 0),
(133, 1, 0),
(133, 0, 0),
(66, 2, 0),
(66, 3, 0),
(123, 1, 0),
(123, 0, 0),
(123, 3, 0),
(123, 2, 0),
(73, 2, 0),
(73, 1, 0),
(69, 1, 0),
(69, 2, 0),
(70, 1, 0),
(69, 3, 0),
(70, 3, 0),
(70, 2, 0),
(129, 2, 0),
(129, 3, 0),
(117, 0, 0),
(117, 1, 0),
(130, 1, 0),
(130, 0, 0),
(66, 1, 0),
(65, 3, 0),
(117, 3, 0),
(117, 2, 0),
(116, 3, 0),
(116, 2, 0),
(129, 1, 0),
(129, 0, 0),
(64, 1, 0),
(68, 3, 0),
(68, 2, 0),
(68, 1, 0),
(134, 1, 0),
(134, 0, 0),
(133, 3, 0),
(133, 2, 0),
(120, 0, 0),
(119, 3, 0),
(119, 2, 0),
(119, 1, 0),
(74, 3, 0),
(74, 2, 0),
(74, 1, 0),
(73, 3, 0),
(128, 3, 0),
(128, 2, 0),
(128, 1, 0),
(128, 0, 0),
(118, 0, 0),
(71, 3, 0),
(71, 2, 0),
(71, 1, 0),
(119, 0, 0),
(118, 3, 0),
(118, 2, 0),
(118, 1, 0),
(72, 3, 0),
(72, 2, 0),
(72, 1, 0),
(76, 3, 0),
(115, 0, 0),
(75, 3, 0),
(75, 2, 0),
(75, 1, 0),
(59, 1, 0),
(115, 3, 0),
(115, 2, 0),
(115, 1, 0),
(116, 1, 0),
(116, 0, 0),
(59, 3, 0),
(59, 2, 0),
(76, 2, 0),
(76, 1, 0),
(64, 3, 0),
(64, 2, 0),
(137, 1, 0),
(137, 0, 0),
(136, 3, 0),
(136, 2, 0),
(136, 1, 0),
(136, 0, 0),
(135, 3, 0),
(135, 2, 0),
(135, 1, 0),
(135, 0, 0),
(134, 3, 0),
(134, 2, 0),
(65, 2, 0),
(65, 1, 0),
(67, 3, 0),
(67, 2, 0),
(67, 1, 0),
(122, 3, 0),
(122, 2, 0),
(122, 1, 0),
(122, 0, 0),
(121, 3, 0),
(121, 2, 0),
(121, 1, 0),
(121, 0, 0),
(120, 3, 0),
(120, 2, 0),
(120, 1, 0),
(127, 3, 0),
(127, 2, 0),
(127, 1, 0),
(127, 0, 0),
(126, 0, 0),
(126, 1, 0),
(126, 2, 0),
(126, 3, 0),
(125, 3, 0),
(125, 2, 0),
(125, 1, 0),
(125, 0, 0),
(124, 3, 0),
(124, 2, 0),
(124, 1, 0),
(124, 0, 0),
(137, 2, 0),
(137, 3, 0),
(138, 0, 0),
(138, 1, 0),
(138, 2, 0),
(138, 3, 0),
(139, 0, 0),
(139, 1, 0),
(139, 2, 0),
(139, 3, 0),
(140, 0, 0),
(140, 1, 0),
(140, 2, 0),
(140, 3, 0),
(141, 0, 0),
(141, 1, 0),
(141, 2, 0),
(141, 3, 0),
(142, 0, 0),
(142, 1, 0),
(142, 2, 0),
(142, 3, 0),
(143, 0, 0),
(143, 1, 0),
(143, 2, 0),
(143, 3, 0),
(144, 0, 0),
(144, 1, 0),
(144, 2, 0),
(144, 3, 0),
(145, 0, 0),
(145, 1, 0),
(145, 2, 0),
(145, 3, 0),
(146, 3, 0),
(146, 2, 0),
(146, 1, 0),
(146, 0, 0),
(147, 0, 0),
(147, 1, 0),
(147, 2, 0),
(147, 3, 0),
(148, 0, 0),
(148, 1, 0),
(148, 2, 0),
(148, 3, 0),
(149, 0, 0),
(149, 1, 0),
(149, 2, 0),
(149, 3, 0),
(150, 0, 0),
(150, 1, 0),
(150, 2, 0),
(150, 3, 0),
(151, 0, 0),
(151, 1, 0),
(151, 2, 0),
(151, 3, 0),
(152, 0, 0),
(152, 1, 0),
(152, 2, 0),
(152, 3, 0),
(153, 0, 0),
(153, 1, 0),
(153, 2, 0),
(153, 3, 0),
(154, 0, 0),
(154, 1, 0),
(154, 2, 0),
(154, 3, 0),
(155, 0, 0),
(155, 1, 0),
(155, 2, 0),
(155, 3, 0),
(156, 0, 0),
(156, 1, 0),
(156, 2, 0),
(156, 3, 0),
(157, 0, 0),
(157, 1, 0),
(157, 2, 0),
(157, 3, 0),
(158, 0, 0),
(158, 1, 0),
(158, 2, 0),
(158, 3, 0),
(159, 0, 0),
(159, 1, 0),
(159, 2, 0),
(159, 3, 0),
(160, 0, 0),
(160, 1, 0),
(160, 2, 0),
(160, 3, 0),
(161, 0, 0),
(161, 1, 0),
(161, 2, 0),
(161, 3, 0),
(162, 0, 0),
(162, 1, 0),
(162, 2, 0),
(162, 3, 0),
(163, 0, 0),
(163, 1, 0),
(163, 2, 0),
(163, 3, 0),
(164, 0, 0),
(164, 1, 0),
(164, 2, 0),
(164, 3, 0),
(165, 0, 0),
(165, 1, 0),
(165, 2, 0),
(165, 3, 0),
(166, 0, 0),
(166, 1, 0),
(166, 2, 0),
(166, 3, 0),
(167, 0, 0),
(167, 1, 0),
(167, 2, 0),
(167, 3, 0),
(168, 3, 0),
(168, 2, 0),
(168, 1, 0),
(168, 0, 0),
(169, 3, 0),
(169, 2, 0),
(169, 1, 0),
(169, 0, 0),
(170, 3, 0),
(170, 2, 0),
(170, 1, 0),
(170, 0, 0),
(171, 3, 0),
(171, 2, 0),
(171, 1, 0),
(171, 0, 0),
(172, 3, 0),
(172, 2, 0),
(172, 1, 0),
(172, 0, 0),
(173, 3, 0),
(173, 2, 0),
(173, 1, 0),
(173, 0, 0),
(174, 0, 0),
(174, 1, 0),
(174, 2, 0),
(174, 3, 0),
(175, 0, 0),
(175, 1, 0),
(175, 2, 0),
(175, 3, 0),
(176, 0, 0),
(176, 1, 0),
(176, 2, 0),
(176, 3, 0),
(177, 0, 0),
(177, 1, 0),
(177, 2, 0),
(177, 3, 0),
(178, 3, 0),
(178, 2, 0),
(178, 1, 0),
(178, 0, 0),
(179, 0, 0),
(179, 1, 0),
(179, 2, 0),
(179, 3, 0),
(180, 0, 0),
(180, 1, 0),
(180, 2, 0),
(180, 3, 0),
(181, 0, 0),
(181, 1, 0),
(181, 2, 0),
(181, 3, 0),
(182, 0, 0),
(182, 1, 0),
(182, 2, 0),
(182, 3, 0),
(183, 3, 0),
(183, 2, 0),
(183, 1, 0),
(183, 0, 0),
(184, 0, 0),
(184, 1, 0),
(184, 2, 0),
(184, 3, 0),
(185, 0, 0),
(185, 1, 0),
(185, 2, 0),
(185, 3, 0),
(186, 0, 0),
(186, 1, 0),
(186, 2, 0),
(186, 3, 0),
(187, 0, 0),
(187, 1, 0),
(187, 2, 0),
(187, 3, 0),
(188, 0, 0),
(188, 1, 0),
(188, 2, 0),
(188, 3, 0),
(189, 3, 0),
(189, 2, 0),
(189, 1, 0),
(189, 0, 0),
(190, 0, 0),
(190, 1, 0),
(190, 2, 0),
(190, 3, 0),
(191, 0, 0),
(191, 1, 0),
(191, 2, 0),
(191, 3, 0),
(192, 0, 0),
(192, 1, 0),
(192, 2, 0),
(192, 3, 0),
(193, 0, 0),
(193, 1, 0),
(193, 2, 0),
(193, 3, 0),
(194, 0, 0),
(194, 1, 0),
(194, 2, 0),
(194, 3, 0),
(195, 3, 0),
(195, 2, 0),
(195, 1, 0),
(195, 0, 0),
(196, 3, 0),
(196, 2, 0),
(196, 1, 0),
(196, 0, 0),
(197, 3, 0),
(197, 2, 0),
(197, 1, 0),
(197, 0, 0),
(198, 0, 0),
(198, 1, 0),
(198, 2, 0),
(198, 3, 0),
(199, 0, 0),
(199, 1, 0),
(199, 2, 0),
(199, 3, 0),
(200, 0, 0),
(200, 1, 0),
(200, 2, 0),
(200, 3, 0),
(201, 0, 0),
(201, 1, 0),
(201, 2, 0),
(201, 3, 0),
(202, 0, 0),
(202, 1, 0),
(202, 2, 0),
(202, 3, 0),
(203, 3, 0),
(203, 2, 0),
(203, 1, 0),
(203, 0, 0),
(204, 3, 0),
(204, 2, 0),
(204, 1, 0),
(204, 0, 0),
(205, 3, 0),
(205, 2, 0),
(205, 1, 0),
(205, 0, 0),
(206, 0, 0),
(206, 1, 0),
(206, 2, 0),
(206, 3, 0),
(207, 0, 0),
(207, 1, 0),
(207, 2, 0),
(207, 3, 0),
(208, 0, 0),
(208, 1, 0),
(208, 2, 0),
(208, 3, 0),
(209, 0, 0),
(209, 1, 0),
(209, 2, 0),
(209, 3, 0),
(210, 0, 0),
(210, 1, 0),
(210, 2, 0),
(210, 3, 0),
(211, 0, 0),
(211, 1, 0),
(211, 2, 0),
(211, 3, 0),
(212, 0, 0),
(212, 1, 0),
(212, 2, 0),
(212, 3, 0),
(213, 0, 0),
(213, 1, 0),
(213, 2, 0),
(213, 3, 0),
(214, 3, 0),
(214, 2, 0),
(214, 1, 0),
(214, 0, 0),
(215, 3, 0),
(215, 2, 0),
(215, 1, 0),
(215, 0, 0),
(216, 3, 0),
(216, 2, 0),
(216, 1, 0),
(216, 0, 0),
(227, 3, 0),
(227, 2, 0),
(227, 1, 0),
(227, 0, 0),
(218, 0, 0),
(218, 1, 0),
(218, 2, 0),
(218, 3, 0),
(219, 0, 0),
(219, 1, 0),
(219, 2, 0),
(219, 3, 0),
(220, 0, 0),
(220, 1, 0),
(220, 2, 0),
(220, 3, 0),
(275, 3, 0),
(275, 2, 0),
(275, 1, 0),
(275, 0, 0),
(222, 0, 0),
(222, 1, 0),
(222, 2, 0),
(222, 3, 0),
(223, 0, 0),
(223, 1, 0),
(223, 2, 0),
(223, 3, 0),
(224, 0, 0),
(224, 1, 0),
(224, 2, 0),
(224, 3, 0),
(225, 0, 0),
(225, 1, 0),
(225, 2, 0),
(225, 3, 0),
(226, 0, 0),
(226, 1, 0),
(226, 2, 0),
(226, 3, 0),
(228, 0, 0),
(228, 1, 0),
(228, 2, 0),
(228, 3, 0),
(229, 0, 0),
(229, 1, 0),
(229, 2, 0),
(229, 3, 0),
(230, 0, 0),
(230, 1, 0),
(230, 2, 0),
(230, 3, 0),
(231, 0, 0),
(231, 1, 0),
(231, 2, 0),
(231, 3, 0),
(232, 0, 0),
(232, 1, 0),
(232, 2, 0),
(232, 3, 0),
(233, 0, 0),
(233, 1, 0),
(233, 2, 0),
(233, 3, 0),
(234, 3, 0),
(234, 2, 0),
(234, 1, 0),
(234, 0, 0),
(235, 0, 0),
(235, 1, 0),
(235, 2, 0),
(235, 3, 0),
(236, 0, 0),
(236, 1, 0),
(236, 2, 0),
(236, 3, 0),
(237, 0, 0),
(237, 1, 0),
(237, 2, 0),
(237, 3, 0),
(238, 0, 0),
(238, 1, 0),
(238, 2, 0),
(238, 3, 0),
(239, 0, 0),
(239, 1, 0),
(239, 2, 0),
(239, 3, 0),
(240, 0, 0),
(240, 1, 0),
(240, 2, 0),
(240, 3, 0),
(241, 0, 0),
(241, 1, 0),
(241, 2, 0),
(241, 3, 0),
(242, 0, 0),
(242, 1, 0),
(242, 2, 0),
(242, 3, 0),
(243, 3, 0),
(243, 2, 0),
(243, 1, 0),
(243, 0, 0),
(244, 3, 0),
(244, 2, 0),
(244, 1, 0),
(244, 0, 0),
(245, 0, 0),
(245, 1, 0),
(245, 2, 0),
(245, 3, 0),
(246, 3, 0),
(246, 2, 0),
(246, 1, 0),
(246, 0, 0),
(247, 3, 0),
(247, 2, 0),
(247, 1, 0),
(247, 0, 0),
(248, 0, 0),
(248, 1, 0),
(248, 2, 0),
(248, 3, 0),
(249, 0, 0),
(249, 1, 0),
(249, 2, 0),
(249, 3, 0),
(250, 0, 0),
(250, 1, 0),
(250, 2, 0),
(250, 3, 0),
(251, 0, 0),
(251, 1, 0),
(251, 2, 0),
(251, 3, 0),
(252, 0, 0),
(252, 1, 0),
(252, 2, 0),
(252, 3, 0),
(253, 0, 0),
(253, 1, 0),
(253, 2, 0),
(253, 3, 0),
(254, 0, 0),
(254, 1, 0),
(254, 2, 0),
(254, 3, 0),
(255, 0, 0),
(255, 1, 0),
(255, 2, 0),
(255, 3, 0),
(256, 0, 0),
(256, 1, 0),
(256, 2, 0),
(256, 3, 0),
(257, 0, 0),
(257, 1, 0),
(257, 2, 0),
(257, 3, 0),
(258, 0, 0),
(258, 1, 0),
(258, 2, 0),
(258, 3, 0),
(259, 0, 0),
(259, 1, 0),
(259, 2, 0),
(259, 3, 0),
(260, 0, 0),
(260, 1, 0),
(260, 2, 0),
(260, 3, 0),
(261, 0, 0),
(261, 1, 0),
(261, 2, 0),
(261, 3, 0),
(262, 0, 0),
(262, 1, 0),
(262, 2, 0),
(262, 3, 0),
(263, 0, 0),
(263, 1, 0),
(263, 2, 0),
(263, 3, 0),
(264, 0, 0),
(264, 1, 0),
(264, 2, 0),
(264, 3, 0),
(265, 0, 0),
(265, 1, 0),
(265, 2, 0),
(265, 3, 0),
(266, 0, 0),
(266, 1, 0),
(266, 2, 0),
(266, 3, 0),
(267, 0, 0),
(267, 1, 0),
(267, 2, 0),
(267, 3, 0),
(268, 0, 0),
(268, 1, 0),
(268, 2, 0),
(268, 3, 0),
(269, 0, 0),
(269, 1, 0),
(269, 2, 0),
(269, 3, 0),
(270, 0, 0),
(270, 1, 0),
(270, 2, 0),
(270, 3, 0),
(279, 3, 0),
(279, 2, 0),
(279, 1, 0),
(279, 0, 0),
(278, 3, 0),
(278, 2, 0),
(278, 1, 0),
(278, 0, 0),
(277, 3, 0),
(277, 2, 0),
(277, 1, 0),
(277, 0, 0),
(276, 3, 0),
(276, 2, 0),
(276, 1, 0),
(276, 0, 0);

-- --------------------------------------------------------

--
-- Table structure for table `oc_category_to_store`
--

CREATE TABLE `oc_category_to_store` (
  `category_id` int(11) NOT NULL,
  `store_id` int(11) NOT NULL
) ENGINE=MyISAM DEFAULT CHARSET=utf8;

--
-- Dumping data for table `oc_category_to_store`
--

INSERT INTO `oc_category_to_store` (`category_id`, `store_id`) VALUES
(59, 0),
(60, 0),
(61, 0),
(62, 0),
(63, 0),
(64, 0),
(65, 0),
(66, 0),
(67, 0),
(68, 0),
(69, 0),
(70, 0),
(71, 0),
(72, 0),
(73, 0),
(74, 0),
(75, 0),
(76, 0),
(115, 0),
(116, 0),
(117, 0),
(118, 0),
(119, 0),
(120, 0),
(121, 0),
(122, 0),
(123, 0),
(124, 0),
(125, 0),
(126, 1),
(127, 1),
(128, 1),
(129, 1),
(130, 1),
(131, 1),
(132, 1),
(133, 1),
(134, 1),
(135, 1),
(136, 1),
(137, 1),
(138, 1),
(139, 1),
(140, 1),
(141, 1),
(142, 1),
(143, 1),
(144, 1),
(145, 1),
(146, 1),
(147, 1),
(148, 1),
(149, 1),
(150, 1),
(151, 1),
(152, 1),
(153, 1),
(154, 1),
(155, 1),
(156, 1),
(157, 1),
(158, 1),
(159, 1),
(160, 1),
(161, 1),
(162, 1),
(163, 1),
(164, 1),
(165, 1),
(166, 1),
(167, 1),
(168, 1),
(169, 1),
(170, 1),
(171, 1),
(172, 1),
(173, 2),
(174, 2),
(175, 2),
(176, 2),
(177, 2),
(178, 2),
(179, 0),
(179, 2),
(180, 2),
(181, 2),
(182, 2),
(183, 2),
(184, 2),
(185, 2),
(186, 2),
(187, 2),
(188, 2),
(189, 2),
(190, 2),
(191, 2),
(192, 2),
(193, 2),
(194, 2),
(195, 2),
(196, 2),
(197, 2),
(198, 2),
(199, 2),
(200, 2),
(201, 2),
(202, 2),
(203, 2),
(204, 2),
(205, 2),
(206, 3),
(207, 3),
(208, 3),
(209, 3),
(210, 3),
(211, 3),
(212, 3),
(213, 3),
(214, 3),
(215, 3),
(216, 3),
(218, 3),
(219, 3),
(220, 3),
(222, 3),
(223, 3),
(224, 3),
(225, 3),
(226, 3),
(227, 0),
(228, 0),
(229, 0),
(230, 0),
(231, 0),
(232, 0),
(233, 0),
(234, 0),
(235, 0),
(236, 0),
(237, 0),
(238, 0),
(239, 0),
(240, 0),
(241, 0),
(242, 0),
(243, 2),
(244, 2),
(245, 1),
(246, 2),
(247, 2),
(248, 2),
(249, 2),
(250, 2),
(251, 2),
(252, 2),
(253, 2),
(254, 2),
(255, 2),
(256, 2),
(257, 2),
(258, 2),
(259, 3),
(260, 3),
(261, 3),
(262, 3),
(263, 3),
(264, 3),
(265, 3),
(266, 3),
(267, 3),
(268, 3),
(269, 3),
(270, 3),
(275, 3),
(276, 3),
(277, 3),
(278, 3),
(279, 0),
(279, 1);

-- --------------------------------------------------------

--
-- Table structure for table `oc_cmsblock`
--

CREATE TABLE `oc_cmsblock` (
  `cmsblock_id` int(11) NOT NULL,
  `status` tinyint(1) NOT NULL,
  `sort_order` tinyint(1) DEFAULT NULL,
  `identify` varchar(255) DEFAULT NULL,
  `link` varchar(255) DEFAULT NULL,
  `type` tinyint(1) DEFAULT NULL,
  `banner_store` varchar(255) DEFAULT '0'
) ENGINE=MyISAM DEFAULT CHARSET=utf8;

--
-- Dumping data for table `oc_cmsblock`
--

INSERT INTO `oc_cmsblock` (`cmsblock_id`, `status`, `sort_order`, `identify`, `link`, `type`, `banner_store`) VALUES
(60, 1, 0, 'banner_bottom', '', 1, '1,2,0'),
(58, 1, 0, 'banner_cennter2_home1', '', 1, '0'),
(57, 1, 0, 'banner_cennter1_home1', '', 1, '0'),
(56, 1, 0, 'banner_cennter_home1', '', 1, '0'),
(62, 1, 0, 'footer_paypal', '', 1, '1,2,3,0'),
(59, 1, 0, 'banner_cennter3_home1', '', 1, '0'),
(61, 1, 0, 'footer_link', '', 1, '1,2,3,0'),
(40, 1, 0, 'banner_left', '', 1, '1,2,3,4,5,0'),
(50, 1, 0, 'bestseller_page', 'index.php?route=product/ocbestseller', 0, '0'),
(51, 1, 0, 'contact_us', 'index.php?route=information/contact', 0, '0'),
(52, 1, 0, 'newproducts_page', 'index.php?route=product/ocnewproduct', 0, '0'),
(53, 1, 0, 'special_product', 'index.php?route=product/special', 0, '0'),
(54, 1, 0, 'call_us', '', 1, '1,2,0'),
(55, 1, 0, 'banner_static_home1', '', 1, '0'),
(63, 1, 0, 'banner_static_home2', '', 1, '1,0'),
(64, 1, 0, 'banner_static1_home2', '', 1, '1,0'),
(65, 1, 0, 'banner_cennter_home2', '', 1, '1,0'),
(66, 1, 0, 'banner_cennter1_home2', '', 1, '1,0'),
(67, 1, 0, 'banner_cennter2_home2', '', 1, '1,0'),
(68, 1, 0, 'banner_static_home3', '', 1, '2,0'),
(69, 1, 0, 'banner_cennter_home3', '', 1, '2,0'),
(70, 1, 0, 'banner_cennter1_home3', '', 1, '2,0'),
(71, 1, 0, 'banner_cennter2_home3', '', 1, '2,0'),
(72, 1, 0, 'header_bottom', '', 1, '3,0'),
(73, 1, 0, 'banner_static_home4', '', 1, '3,0'),
(74, 1, 0, 'banner_cennter_home4', '', 1, '3,0'),
(75, 1, 0, 'banner_left2', '', 1, '1,0'),
(76, 1, 0, 'banner_left3', '', 1, '2,0'),
(77, 1, 0, 'banner_left4', '', 1, '3,0');

-- --------------------------------------------------------

--
-- Table structure for table `oc_cmsblock_description`
--

CREATE TABLE `oc_cmsblock_description` (
  `cmsblock_des_id` int(11) NOT NULL,
  `language_id` int(11) NOT NULL,
  `cmsblock_id` int(11) NOT NULL,
  `title` varchar(64) NOT NULL,
  `sub_title` varchar(64) DEFAULT NULL,
  `description` text
) ENGINE=MyISAM DEFAULT CHARSET=utf8;

--
-- Dumping data for table `oc_cmsblock_description`
--

INSERT INTO `oc_cmsblock_description` (`cmsblock_des_id`, `language_id`, `cmsblock_id`, `title`, `sub_title`, `description`) VALUES
(282, 1, 63, '   Banner Static Home2 ', NULL, '&lt;div class=&quot;banner-static&quot;&gt;\r\n	&lt;div class=&quot;row&quot;&gt;\r\n		&lt;div class=&quot;col-md-12 col-sm-4 col-sms-12&quot;&gt;\r\n			&lt;div class=&quot;col col1&quot;&gt;\r\n				&lt;a href=&quot;#&quot;&gt;&lt;img src=&quot;image/catalog/cmsblock/block-home2.jpg&quot; alt=&quot;banner&quot;&gt;\r\n			&lt;/a&gt;&lt;/div&gt;&lt;a href=&quot;#&quot;&gt;\r\n		&lt;/a&gt;&lt;/div&gt;&lt;a href=&quot;#&quot;&gt;\r\n		&lt;/a&gt;&lt;div class=&quot;col-md-12 col-sm-4 col-sms-12&quot;&gt;&lt;a href=&quot;#&quot;&gt;\r\n			&lt;/a&gt;&lt;div class=&quot;col col2&quot;&gt;&lt;a href=&quot;#&quot;&gt;\r\n				&lt;/a&gt;&lt;a href=&quot;#&quot;&gt;&lt;img src=&quot;image/catalog/cmsblock/block1-home2.jpg&quot; alt=&quot;banner&quot;&gt;\r\n			&lt;/a&gt;&lt;/div&gt;&lt;a href=&quot;#&quot;&gt;\r\n		&lt;/a&gt;&lt;/div&gt;&lt;a href=&quot;#&quot;&gt;\r\n		&lt;/a&gt;&lt;div class=&quot;col-md-12 col-sm-4 col-sms-12&quot;&gt;&lt;a href=&quot;#&quot;&gt;\r\n			&lt;/a&gt;&lt;div class=&quot;col col3&quot;&gt;&lt;a href=&quot;#&quot;&gt;\r\n				&lt;/a&gt;&lt;a href=&quot;#&quot;&gt;&lt;img src=&quot;image/catalog/cmsblock/block2-home2.jpg&quot; alt=&quot;banner&quot;&gt;\r\n			&lt;/a&gt;&lt;/div&gt;&lt;a href=&quot;#&quot;&gt;\r\n		&lt;/a&gt;&lt;/div&gt;&lt;a href=&quot;#&quot;&gt;\r\n	&lt;/a&gt;&lt;/div&gt;&lt;a href=&quot;#&quot;&gt;\r\n&lt;/a&gt;&lt;/div&gt;'),
(258, 1, 57, 'Banner Center1 Home1', NULL, '&lt;div class=&quot;banner-center1&quot;&gt;\r\n&lt;a href=&quot;#&quot;&gt;&lt;img src=&quot;image/catalog/cmsblock/block5-home1.jpg&quot; alt=&quot;banner&quot;&gt;&lt;/a&gt;\r\n&lt;/div&gt;'),
(259, 2, 57, 'Banner Center1 Home1', NULL, '&lt;div class=&quot;banner-center1&quot;&gt;\r\n&lt;a href=&quot;#&quot;&gt;&lt;img src=&quot;image/catalog/cmsblock/block5-home1.jpg&quot; alt=&quot;banner&quot;&gt;&lt;/a&gt;\r\n&lt;/div&gt;'),
(260, 1, 58, 'Banner Center2 Home1', NULL, '&lt;div class=&quot;banner-center2&quot;&gt;\r\n	&lt;div class=&quot;row&quot;&gt;\r\n		&lt;div class=&quot;col-md-6 col-sm-6 col-sms-12&quot;&gt;\r\n			&lt;div class=&quot;col col1&quot;&gt;\r\n				&lt;a href=&quot;#&quot;&gt;&lt;img src=&quot;image/catalog/cmsblock/block6-home1.jpg&quot; alt=&quot;banner&quot;&gt;&lt;/a&gt;\r\n			&lt;/div&gt;\r\n		&lt;/div&gt;\r\n		&lt;div class=&quot;col-md-6 col-sm-6 col-sms-12&quot;&gt;\r\n			&lt;div class=&quot;col col2&quot;&gt;\r\n				&lt;a href=&quot;#&quot;&gt;&lt;img src=&quot;image/catalog/cmsblock/block7-home1.jpg&quot; alt=&quot;banner&quot;&gt;&lt;/a&gt;\r\n			&lt;/div&gt;\r\n		&lt;/div&gt;\r\n	&lt;/div&gt;\r\n&lt;/div&gt;'),
(261, 2, 58, 'Banner Center2 Home1', NULL, '&lt;div class=&quot;banner-center2&quot;&gt;\r\n	&lt;div class=&quot;row&quot;&gt;\r\n		&lt;div class=&quot;col-md-6 col-sm-6 col-sms-12&quot;&gt;\r\n			&lt;div class=&quot;col col1&quot;&gt;\r\n				&lt;a href=&quot;#&quot;&gt;&lt;img src=&quot;image/catalog/cmsblock/block6-home1.jpg&quot; alt=&quot;banner&quot;&gt;&lt;/a&gt;\r\n			&lt;/div&gt;\r\n		&lt;/div&gt;\r\n		&lt;div class=&quot;col-md-6 col-sm-6 col-sms-12&quot;&gt;\r\n			&lt;div class=&quot;col col2&quot;&gt;\r\n				&lt;a href=&quot;#&quot;&gt;&lt;img src=&quot;image/catalog/cmsblock/block7-home1.jpg&quot; alt=&quot;banner&quot;&gt;&lt;/a&gt;\r\n			&lt;/div&gt;\r\n		&lt;/div&gt;\r\n	&lt;/div&gt;\r\n&lt;/div&gt;'),
(262, 1, 59, 'Banner Center3 Home1', NULL, '&lt;div class=&quot;banner-center3&quot;&gt;\r\n	&lt;a href=&quot;#&quot;&gt;&lt;img src=&quot;image/catalog/cmsblock/block8-home1.jpg&quot; alt=&quot;banner&quot;&gt;&lt;/a&gt;\r\n&lt;/div&gt;'),
(263, 2, 59, 'Banner Center3 Home1', NULL, '&lt;div class=&quot;banner-center3&quot;&gt;\r\n	&lt;a href=&quot;#&quot;&gt;&lt;img src=&quot;image/catalog/cmsblock/block8-home1.jpg&quot; alt=&quot;banner&quot;&gt;&lt;/a&gt;\r\n&lt;/div&gt;'),
(283, 2, 63, '   Banner Static Home2 ', NULL, '&lt;div class=&quot;banner-static&quot;&gt;\r\n	&lt;div class=&quot;row&quot;&gt;\r\n		&lt;div class=&quot;col-md-12 col-sm-4 col-sms-12&quot;&gt;\r\n			&lt;div class=&quot;col col1&quot;&gt;\r\n				&lt;a href=&quot;#&quot;&gt;&lt;img src=&quot;image/catalog/cmsblock/block-home2.jpg&quot; alt=&quot;banner&quot;&gt;\r\n			&lt;/a&gt;&lt;/div&gt;&lt;a href=&quot;#&quot;&gt;\r\n		&lt;/a&gt;&lt;/div&gt;&lt;a href=&quot;#&quot;&gt;\r\n		&lt;/a&gt;&lt;div class=&quot;col-md-12 col-sm-4 col-sms-12&quot;&gt;&lt;a href=&quot;#&quot;&gt;\r\n			&lt;/a&gt;&lt;div class=&quot;col col2&quot;&gt;&lt;a href=&quot;#&quot;&gt;\r\n				&lt;/a&gt;&lt;a href=&quot;#&quot;&gt;&lt;img src=&quot;image/catalog/cmsblock/block1-home2.jpg&quot; alt=&quot;banner&quot;&gt;\r\n			&lt;/a&gt;&lt;/div&gt;&lt;a href=&quot;#&quot;&gt;\r\n		&lt;/a&gt;&lt;/div&gt;&lt;a href=&quot;#&quot;&gt;\r\n		&lt;/a&gt;&lt;div class=&quot;col-md-12 col-sm-4 col-sms-12&quot;&gt;&lt;a href=&quot;#&quot;&gt;\r\n			&lt;/a&gt;&lt;div class=&quot;col col3&quot;&gt;&lt;a href=&quot;#&quot;&gt;\r\n				&lt;/a&gt;&lt;a href=&quot;#&quot;&gt;&lt;img src=&quot;image/catalog/cmsblock/block2-home2.jpg&quot; alt=&quot;banner&quot;&gt;\r\n			&lt;/a&gt;&lt;/div&gt;&lt;a href=&quot;#&quot;&gt;\r\n		&lt;/a&gt;&lt;/div&gt;&lt;a href=&quot;#&quot;&gt;\r\n	&lt;/a&gt;&lt;/div&gt;&lt;a href=&quot;#&quot;&gt;\r\n&lt;/a&gt;&lt;/div&gt;'),
(327, 2, 60, '               Banner Bottom     ', NULL, '										  										  										  										  &lt;div class=&quot;banner-bottom&quot;&gt;\r\n	&lt;div class=&quot;container&quot;&gt;\r\n		&lt;div class=&quot;container-inner&quot;&gt;\r\n			&lt;div class=&quot;row&quot;&gt;\r\n				&lt;div class=&quot;col-md-4 col-sm-12 col-sms-12&quot;&gt;\r\n					&lt;div class=&quot;col col1&quot;&gt;\r\n						&lt;div class=&quot;icon-banner&quot;&gt;&lt;/div&gt;\r\n						&lt;div class=&quot;banner-text&quot;&gt;\r\n							&lt;h2&gt;(999) 1234 56789&lt;/h2&gt;\r\n							&lt;p&gt;Free support line!&lt;/p&gt;\r\n						&lt;/div&gt;\r\n					&lt;/div&gt;\r\n				&lt;/div&gt;\r\n				&lt;div class=&quot;col-md-4 col-sm-12 col-sms-12&quot;&gt;\r\n					&lt;div class=&quot;col col2&quot;&gt;\r\n						&lt;div class=&quot;icon-banner&quot;&gt;&lt;/div&gt;\r\n						&lt;div class=&quot;banner-text&quot;&gt;\r\n							&lt;h2&gt;Support@plazathemes.com&lt;/h2&gt;\r\n							&lt;p&gt;Orders Support!&lt;/p&gt;\r\n						&lt;/div&gt;\r\n					&lt;/div&gt;\r\n				&lt;/div&gt;\r\n				&lt;div class=&quot;col-md-4 col-sm-12 col-sms-12&quot;&gt;\r\n					&lt;div class=&quot;col col3&quot;&gt;\r\n						&lt;div class=&quot;icon-banner&quot;&gt;&lt;/div&gt;\r\n						&lt;div class=&quot;banner-text&quot;&gt;\r\n							&lt;h2&gt;Mon - Fri / 8:00 - 18:00&lt;/h2&gt;\r\n							&lt;p&gt;Working Days/Hours!&lt;/p&gt;\r\n						&lt;/div&gt;\r\n					&lt;/div&gt;\r\n				&lt;/div&gt;\r\n			&lt;/div&gt;\r\n		&lt;/div&gt;\r\n	&lt;/div&gt;\r\n&lt;/div&gt; 									 									 									 									'),
(326, 1, 60, '               Banner Bottom     ', NULL, '										  										  										  										  &lt;div class=&quot;banner-bottom&quot;&gt;\r\n	&lt;div class=&quot;container&quot;&gt;\r\n		&lt;div class=&quot;container-inner&quot;&gt;\r\n			&lt;div class=&quot;row&quot;&gt;\r\n				&lt;div class=&quot;col-md-4 col-sm-12 col-sms-12&quot;&gt;\r\n					&lt;div class=&quot;col col1&quot;&gt;\r\n						&lt;div class=&quot;icon-banner&quot;&gt;&lt;/div&gt;\r\n						&lt;div class=&quot;banner-text&quot;&gt;\r\n							&lt;h2&gt;(999) 1234 56789&lt;/h2&gt;\r\n							&lt;p&gt;Free support line!&lt;/p&gt;\r\n						&lt;/div&gt;\r\n					&lt;/div&gt;\r\n				&lt;/div&gt;\r\n				&lt;div class=&quot;col-md-4 col-sm-12 col-sms-12&quot;&gt;\r\n					&lt;div class=&quot;col col2&quot;&gt;\r\n						&lt;div class=&quot;icon-banner&quot;&gt;&lt;/div&gt;\r\n						&lt;div class=&quot;banner-text&quot;&gt;\r\n							&lt;h2&gt;Support@plazathemes.com&lt;/h2&gt;\r\n							&lt;p&gt;Orders Support!&lt;/p&gt;\r\n						&lt;/div&gt;\r\n					&lt;/div&gt;\r\n				&lt;/div&gt;\r\n				&lt;div class=&quot;col-md-4 col-sm-12 col-sms-12&quot;&gt;\r\n					&lt;div class=&quot;col col3&quot;&gt;\r\n						&lt;div class=&quot;icon-banner&quot;&gt;&lt;/div&gt;\r\n						&lt;div class=&quot;banner-text&quot;&gt;\r\n							&lt;h2&gt;Mon - Fri / 8:00 - 18:00&lt;/h2&gt;\r\n							&lt;p&gt;Working Days/Hours!&lt;/p&gt;\r\n						&lt;/div&gt;\r\n					&lt;/div&gt;\r\n				&lt;/div&gt;\r\n			&lt;/div&gt;\r\n		&lt;/div&gt;\r\n	&lt;/div&gt;\r\n&lt;/div&gt; 									 									 									 									'),
(256, 1, 56, 'Banner Center Home1', NULL, '&lt;div class=&quot;banner-center&quot;&gt;\r\n	&lt;div class=&quot;row&quot;&gt;\r\n		&lt;div class=&quot;col-md-5 col-sm-5 col-sms-12&quot;&gt;\r\n			&lt;div class=&quot;col col1&quot;&gt;\r\n				&lt;a href=&quot;#&quot;&gt;&lt;img src=&quot;image/catalog/cmsblock/block-home1.jpg&quot; alt=&quot;banner&quot;&gt;&lt;/a&gt;\r\n			&lt;/div&gt;\r\n		&lt;/div&gt;\r\n		&lt;div class=&quot;col-md-7 col-sm-7 col-sms-12&quot;&gt;\r\n			&lt;div class=&quot;col col2&quot;&gt;\r\n				&lt;a href=&quot;#&quot;&gt;&lt;img src=&quot;image/catalog/cmsblock/block1-home1.jpg&quot; alt=&quot;banner&quot;&gt;&lt;/a&gt;\r\n			&lt;/div&gt;\r\n			&lt;div class=&quot;row row1&quot;&gt;\r\n				&lt;div class=&quot;col-md-7 col-sm-7 col-sms-12&quot;&gt;\r\n					&lt;div class=&quot;col col3&quot;&gt;\r\n						&lt;a href=&quot;#&quot;&gt;&lt;img src=&quot;image/catalog/cmsblock/block2-home1.jpg&quot; alt=&quot;banner&quot;&gt;&lt;/a&gt;\r\n					&lt;/div&gt;\r\n					&lt;div class=&quot;col col4&quot;&gt;\r\n						&lt;a href=&quot;#&quot;&gt;&lt;img src=&quot;image/catalog/cmsblock/block3-home1.jpg&quot; alt=&quot;banner&quot;&gt;&lt;/a&gt;\r\n					&lt;/div&gt;\r\n				&lt;/div&gt;\r\n				&lt;div class=&quot;col-md-5 col-sm-5 col-sms-12&quot;&gt;\r\n					&lt;div class=&quot;col col5&quot;&gt;\r\n						&lt;a href=&quot;#&quot;&gt;&lt;img src=&quot;image/catalog/cmsblock/block4-home1.jpg&quot; alt=&quot;banner&quot;&gt;&lt;/a&gt;\r\n					&lt;/div&gt;\r\n				&lt;/div&gt;\r\n			&lt;/div&gt;\r\n		&lt;/div&gt;\r\n	&lt;/div&gt;\r\n&lt;/div&gt;'),
(257, 2, 56, 'Banner Center Home1', NULL, '&lt;div class=&quot;banner-center&quot;&gt;\r\n	&lt;div class=&quot;row&quot;&gt;\r\n		&lt;div class=&quot;col-md-5 col-sm-5 col-sms-12&quot;&gt;\r\n			&lt;div class=&quot;col col1&quot;&gt;\r\n				&lt;a href=&quot;#&quot;&gt;&lt;img src=&quot;image/catalog/cmsblock/block-home1.jpg&quot; alt=&quot;banner&quot;&gt;&lt;/a&gt;\r\n			&lt;/div&gt;\r\n		&lt;/div&gt;\r\n		&lt;div class=&quot;col-md-7 col-sm-7 col-sms-12&quot;&gt;\r\n			&lt;div class=&quot;col col2&quot;&gt;\r\n				&lt;a href=&quot;#&quot;&gt;&lt;img src=&quot;image/catalog/cmsblock/block1-home1.jpg&quot; alt=&quot;banner&quot;&gt;&lt;/a&gt;\r\n			&lt;/div&gt;\r\n			&lt;div class=&quot;row row1&quot;&gt;\r\n				&lt;div class=&quot;col-md-7 col-sm-7 col-sms-12&quot;&gt;\r\n					&lt;div class=&quot;col col3&quot;&gt;\r\n						&lt;a href=&quot;#&quot;&gt;&lt;img src=&quot;image/catalog/cmsblock/block2-home1.jpg&quot; alt=&quot;banner&quot;&gt;&lt;/a&gt;\r\n					&lt;/div&gt;\r\n					&lt;div class=&quot;col col4&quot;&gt;\r\n						&lt;a href=&quot;#&quot;&gt;&lt;img src=&quot;image/catalog/cmsblock/block3-home1.jpg&quot; alt=&quot;banner&quot;&gt;&lt;/a&gt;\r\n					&lt;/div&gt;\r\n				&lt;/div&gt;\r\n				&lt;div class=&quot;col-md-5 col-sm-5 col-sms-12&quot;&gt;\r\n					&lt;div class=&quot;col col5&quot;&gt;\r\n						&lt;a href=&quot;#&quot;&gt;&lt;img src=&quot;image/catalog/cmsblock/block4-home1.jpg&quot; alt=&quot;banner&quot;&gt;&lt;/a&gt;\r\n					&lt;/div&gt;\r\n				&lt;/div&gt;\r\n			&lt;/div&gt;\r\n		&lt;/div&gt;\r\n	&lt;/div&gt;\r\n&lt;/div&gt;'),
(194, 2, 40, 'Banner Left', NULL, '&lt;div class=&quot;banner-left&quot;&gt;\r\n	&lt;a href=&quot;#&quot;&gt;&lt;img src=&quot;image/catalog/cmsblock/banner-left.jpg&quot; alt=&quot;banner&quot;&gt;&lt;/a&gt;\r\n&lt;/div&gt;'),
(285, 2, 64, 'Banner Static1 Home2', NULL, '&lt;div class=&quot;banner-static1&quot;&gt;\r\n	&lt;div class=&quot;row&quot;&gt;\r\n		&lt;div class=&quot;col-md-4 col-sm-4 col-sms-12&quot;&gt;\r\n			&lt;div class=&quot;col col1&quot;&gt;\r\n				&lt;div class=&quot;icon-banner&quot;&gt;&lt;/div&gt;\r\n				&lt;div class=&quot;banner-text&quot;&gt;\r\n					&lt;h2&gt;100% Money Guarantee&lt;/h2&gt;\r\n					&lt;p&gt;30 days money back guarantee!&lt;/p&gt;\r\n				&lt;/div&gt;\r\n			&lt;/div&gt;\r\n		&lt;/div&gt;\r\n		&lt;div class=&quot;col-md-4 col-sm-4 col-sms-12&quot;&gt;\r\n			&lt;div class=&quot;col col2&quot;&gt;\r\n				&lt;div class=&quot;icon-banner&quot;&gt;&lt;/div&gt;\r\n				&lt;div class=&quot;banner-text&quot;&gt;\r\n					&lt;h2&gt;Free Shipping&lt;/h2&gt;\r\n					&lt;p&gt;Free shipping on all order&lt;/p&gt;\r\n				&lt;/div&gt;\r\n			&lt;/div&gt;\r\n		&lt;/div&gt;\r\n		&lt;div class=&quot;col-md-4 col-sm-4 col-sms-12&quot;&gt;\r\n			&lt;div class=&quot;col col3&quot;&gt;\r\n				&lt;div class=&quot;icon-banner&quot;&gt;&lt;/div&gt;\r\n				&lt;div class=&quot;banner-text&quot;&gt;\r\n					&lt;h2&gt;Support 24/7&lt;/h2&gt;\r\n					&lt;p&gt;We support online 24 hours a day&lt;/p&gt;\r\n				&lt;/div&gt;\r\n			&lt;/div&gt;\r\n		&lt;/div&gt;\r\n	&lt;/div&gt;\r\n&lt;/div&gt;'),
(284, 1, 64, 'Banner Static1 Home2', NULL, '&lt;div class=&quot;banner-static1&quot;&gt;\r\n	&lt;div class=&quot;row&quot;&gt;\r\n		&lt;div class=&quot;col-md-4 col-sm-4 col-sms-12&quot;&gt;\r\n			&lt;div class=&quot;col col1&quot;&gt;\r\n				&lt;div class=&quot;icon-banner&quot;&gt;&lt;/div&gt;\r\n				&lt;div class=&quot;banner-text&quot;&gt;\r\n					&lt;h2&gt;100% Money Guarantee&lt;/h2&gt;\r\n					&lt;p&gt;30 days money back guarantee!&lt;/p&gt;\r\n				&lt;/div&gt;\r\n			&lt;/div&gt;\r\n		&lt;/div&gt;\r\n		&lt;div class=&quot;col-md-4 col-sm-4 col-sms-12&quot;&gt;\r\n			&lt;div class=&quot;col col2&quot;&gt;\r\n				&lt;div class=&quot;icon-banner&quot;&gt;&lt;/div&gt;\r\n				&lt;div class=&quot;banner-text&quot;&gt;\r\n					&lt;h2&gt;Free Shipping&lt;/h2&gt;\r\n					&lt;p&gt;Free shipping on all order&lt;/p&gt;\r\n				&lt;/div&gt;\r\n			&lt;/div&gt;\r\n		&lt;/div&gt;\r\n		&lt;div class=&quot;col-md-4 col-sm-4 col-sms-12&quot;&gt;\r\n			&lt;div class=&quot;col col3&quot;&gt;\r\n				&lt;div class=&quot;icon-banner&quot;&gt;&lt;/div&gt;\r\n				&lt;div class=&quot;banner-text&quot;&gt;\r\n					&lt;h2&gt;Support 24/7&lt;/h2&gt;\r\n					&lt;p&gt;We support online 24 hours a day&lt;/p&gt;\r\n				&lt;/div&gt;\r\n			&lt;/div&gt;\r\n		&lt;/div&gt;\r\n	&lt;/div&gt;\r\n&lt;/div&gt;'),
(312, 1, 61, '            Footer Link    ', NULL, '										  										  &lt;div class=&quot;footer-link&quot;&gt;\r\n	&lt;div class=&quot;container&quot;&gt;\r\n		&lt;ul&gt;\r\n			&lt;li&gt;&lt;a href=&quot;#&quot;&gt;Online Shopping&lt;/a&gt;&lt;/li&gt;\r\n			&lt;li&gt;&lt;a href=&quot;#&quot;&gt;Promotions&lt;/a&gt;&lt;/li&gt;\r\n			&lt;li&gt;&lt;a href=&quot;#&quot;&gt;My Orders&lt;/a&gt;&lt;/li&gt;\r\n			&lt;li&gt;&lt;a href=&quot;#&quot;&gt;Help&lt;/a&gt;&lt;/li&gt;\r\n			&lt;li&gt;&lt;a href=&quot;#&quot;&gt;Customer Service&lt;/a&gt;&lt;/li&gt;\r\n			&lt;li&gt;&lt;a href=&quot;#&quot;&gt;Support&lt;/a&gt;&lt;/li&gt;\r\n			&lt;li&gt;&lt;a href=&quot;#&quot;&gt;Most Populars&lt;/a&gt;&lt;/li&gt;\r\n			&lt;li&gt;&lt;a href=&quot;#&quot;&gt;New Arrivals&lt;/a&gt;&lt;/li&gt;\r\n			&lt;li&gt;&lt;a href=&quot;#&quot;&gt;Special Products&lt;/a&gt;&lt;/li&gt;\r\n			&lt;li&gt;&lt;a href=&quot;#&quot;&gt;Manufacturers&lt;/a&gt;&lt;/li&gt;\r\n			&lt;li&gt;&lt;a href=&quot;#&quot;&gt;Our Stores&lt;/a&gt;&lt;/li&gt;\r\n			&lt;li&gt;&lt;a href=&quot;#&quot;&gt;Shipping&lt;/a&gt;&lt;/li&gt;\r\n			&lt;li&gt;&lt;a href=&quot;#&quot;&gt;Payments&lt;/a&gt;&lt;/li&gt;\r\n			&lt;li&gt;&lt;a href=&quot;#&quot;&gt;Warantee&lt;/a&gt;&lt;/li&gt;\r\n			&lt;li&gt;&lt;a href=&quot;#&quot;&gt;Refunds&lt;/a&gt;&lt;/li&gt;\r\n			&lt;li&gt;&lt;a href=&quot;#&quot;&gt;Checkout&lt;/a&gt;&lt;/li&gt;\r\n			&lt;li&gt;&lt;a href=&quot;#&quot;&gt;Discount&lt;/a&gt;&lt;/li&gt;\r\n			&lt;li&gt;&lt;a href=&quot;#&quot;&gt;Terms &amp;amp; Conditions&lt;/a&gt;&lt;/li&gt;\r\n		&lt;/ul&gt;\r\n		&lt;ul class=&quot;social-footer&quot;&gt;\r\n			&lt;li class=&quot;twitter&quot;&gt;&lt;a href=&quot;#&quot;&gt;twitter&lt;/a&gt;&lt;/li&gt;\r\n			&lt;li class=&quot;facebook&quot;&gt;&lt;a href=&quot;#&quot;&gt;facebook&lt;/a&gt;&lt;/li&gt;\r\n			&lt;li class=&quot;google&quot;&gt;&lt;a href=&quot;#&quot;&gt;google&lt;/a&gt;&lt;/li&gt;\r\n			&lt;li class=&quot;behance&quot;&gt;&lt;a href=&quot;#&quot;&gt;behance&lt;/a&gt;&lt;/li&gt;\r\n			&lt;li class=&quot;pinterest&quot;&gt;&lt;a href=&quot;#&quot;&gt;pinterest&lt;/a&gt;&lt;/li&gt;\r\n			&lt;li class=&quot;youtube&quot;&gt;&lt;a href=&quot;#&quot;&gt;youtube&lt;/a&gt;&lt;/li&gt;\r\n		&lt;/ul&gt;\r\n	&lt;/div&gt;\r\n&lt;/div&gt; 									 									'),
(313, 2, 61, '            Footer Link    ', NULL, '										  										  &lt;div class=&quot;footer-link&quot;&gt;\r\n	&lt;div class=&quot;container&quot;&gt;\r\n		&lt;ul&gt;\r\n			&lt;li&gt;&lt;a href=&quot;#&quot;&gt;Online Shopping&lt;/a&gt;&lt;/li&gt;\r\n			&lt;li&gt;&lt;a href=&quot;#&quot;&gt;Promotions&lt;/a&gt;&lt;/li&gt;\r\n			&lt;li&gt;&lt;a href=&quot;#&quot;&gt;My Orders&lt;/a&gt;&lt;/li&gt;\r\n			&lt;li&gt;&lt;a href=&quot;#&quot;&gt;Help&lt;/a&gt;&lt;/li&gt;\r\n			&lt;li&gt;&lt;a href=&quot;#&quot;&gt;Customer Service&lt;/a&gt;&lt;/li&gt;\r\n			&lt;li&gt;&lt;a href=&quot;#&quot;&gt;Support&lt;/a&gt;&lt;/li&gt;\r\n			&lt;li&gt;&lt;a href=&quot;#&quot;&gt;Most Populars&lt;/a&gt;&lt;/li&gt;\r\n			&lt;li&gt;&lt;a href=&quot;#&quot;&gt;New Arrivals&lt;/a&gt;&lt;/li&gt;\r\n			&lt;li&gt;&lt;a href=&quot;#&quot;&gt;Special Products&lt;/a&gt;&lt;/li&gt;\r\n			&lt;li&gt;&lt;a href=&quot;#&quot;&gt;Manufacturers&lt;/a&gt;&lt;/li&gt;\r\n			&lt;li&gt;&lt;a href=&quot;#&quot;&gt;Our Stores&lt;/a&gt;&lt;/li&gt;\r\n			&lt;li&gt;&lt;a href=&quot;#&quot;&gt;Shipping&lt;/a&gt;&lt;/li&gt;\r\n			&lt;li&gt;&lt;a href=&quot;#&quot;&gt;Payments&lt;/a&gt;&lt;/li&gt;\r\n			&lt;li&gt;&lt;a href=&quot;#&quot;&gt;Warantee&lt;/a&gt;&lt;/li&gt;\r\n			&lt;li&gt;&lt;a href=&quot;#&quot;&gt;Refunds&lt;/a&gt;&lt;/li&gt;\r\n			&lt;li&gt;&lt;a href=&quot;#&quot;&gt;Checkout&lt;/a&gt;&lt;/li&gt;\r\n			&lt;li&gt;&lt;a href=&quot;#&quot;&gt;Discount&lt;/a&gt;&lt;/li&gt;\r\n			&lt;li&gt;&lt;a href=&quot;#&quot;&gt;Terms &amp;amp; Conditions&lt;/a&gt;&lt;/li&gt;\r\n		&lt;/ul&gt;\r\n		&lt;ul class=&quot;social-footer&quot;&gt;\r\n			&lt;li class=&quot;twitter&quot;&gt;&lt;a href=&quot;#&quot;&gt;twitter&lt;/a&gt;&lt;/li&gt;\r\n			&lt;li class=&quot;facebook&quot;&gt;&lt;a href=&quot;#&quot;&gt;facebook&lt;/a&gt;&lt;/li&gt;\r\n			&lt;li class=&quot;google&quot;&gt;&lt;a href=&quot;#&quot;&gt;google&lt;/a&gt;&lt;/li&gt;\r\n			&lt;li class=&quot;behance&quot;&gt;&lt;a href=&quot;#&quot;&gt;behance&lt;/a&gt;&lt;/li&gt;\r\n			&lt;li class=&quot;pinterest&quot;&gt;&lt;a href=&quot;#&quot;&gt;pinterest&lt;/a&gt;&lt;/li&gt;\r\n			&lt;li class=&quot;youtube&quot;&gt;&lt;a href=&quot;#&quot;&gt;youtube&lt;/a&gt;&lt;/li&gt;\r\n		&lt;/ul&gt;\r\n	&lt;/div&gt;\r\n&lt;/div&gt; 									 									'),
(315, 2, 62, '         Footer Paypal   ', NULL, '										  										  &lt;div class=&quot;footer-paypal&quot;&gt;\r\n	&lt;ul&gt;\r\n		&lt;li&gt;&lt;a href=&quot;#&quot;&gt;&lt;img src=&quot;image/catalog/cmsblock/paypal.jpg&quot; alt=&quot;paypal&quot;&gt;&lt;/a&gt;&lt;/li&gt;\r\n		&lt;li&gt;&lt;a href=&quot;#&quot;&gt;&lt;img src=&quot;image/catalog/cmsblock/paypal1.jpg&quot; alt=&quot;paypal&quot;&gt;&lt;/a&gt;&lt;/li&gt;\r\n		&lt;li&gt;&lt;a href=&quot;#&quot;&gt;&lt;img src=&quot;image/catalog/cmsblock/paypal2.jpg&quot; alt=&quot;paypal&quot;&gt;&lt;/a&gt;&lt;/li&gt;\r\n		&lt;li&gt;&lt;a href=&quot;#&quot;&gt;&lt;img src=&quot;image/catalog/cmsblock/paypal3.jpg&quot; alt=&quot;paypal&quot;&gt;&lt;/a&gt;&lt;/li&gt;\r\n		&lt;li&gt;&lt;a href=&quot;#&quot;&gt;&lt;img src=&quot;image/catalog/cmsblock/paypal4.jpg&quot; alt=&quot;paypal&quot;&gt;&lt;/a&gt;&lt;/li&gt;\r\n		&lt;li&gt;&lt;a href=&quot;#&quot;&gt;&lt;img src=&quot;image/catalog/cmsblock/paypal5.jpg&quot; alt=&quot;paypal&quot;&gt;&lt;/a&gt;&lt;/li&gt;\r\n	&lt;/ul&gt;\r\n&lt;/div&gt; 									 									'),
(194, 1, 40, 'Banner Left', '', '&lt;div class=&quot;banner-left&quot;&gt;\r\n	&lt;a href=&quot;#&quot;&gt;&lt;img src=&quot;image/catalog/cmsblock/banner-left.jpg&quot; alt=&quot;banner&quot;&gt;&lt;/a&gt;\r\n&lt;/div&gt;'),
(195, 2, 40, 'Banner Left', '', '&lt;div class=&quot;banner-left&quot;&gt;\r\n	&lt;a href=&quot;#&quot;&gt;&lt;img src=&quot;image/catalog/cmsblock/banner-left.jpg&quot; alt=&quot;banner&quot;&gt;&lt;/a&gt;\r\n&lt;/div&gt;'),
(244, 1, 50, 'Bestseller', NULL, '										  									'),
(245, 2, 50, 'Bestseller', NULL, '										  									'),
(246, 1, 51, 'Contact Us', NULL, '										  									'),
(247, 2, 51, 'Contact Us', NULL, '										  									'),
(248, 1, 52, 'New Products', NULL, '										  									'),
(249, 2, 52, 'New Products', NULL, '										  									'),
(250, 1, 53, 'Special', NULL, '										  									'),
(251, 2, 53, 'Special', NULL, '										  									'),
(301, 2, 54, '   Call Us ', NULL, '										  &lt;div class=&quot;call-us&quot;&gt;\r\n	&lt;div class=&quot;call-icon&quot;&gt;&lt;/div&gt;\r\n	&lt;div class=&quot;call-content&quot;&gt;\r\n		&lt;p&gt;Call Us:&lt;/p&gt;\r\n		&lt;h2&gt;(999) 1234 56789&lt;/h2&gt;\r\n	&lt;/div&gt;\r\n&lt;/div&gt; 									'),
(300, 1, 54, '   Call Us ', NULL, '										  &lt;div class=&quot;call-us&quot;&gt;\r\n	&lt;div class=&quot;call-icon&quot;&gt;&lt;/div&gt;\r\n	&lt;div class=&quot;call-content&quot;&gt;\r\n		&lt;p&gt;Call Us:&lt;/p&gt;\r\n		&lt;h2&gt;(999) 1234 56789&lt;/h2&gt;\r\n	&lt;/div&gt;\r\n&lt;/div&gt; 									'),
(254, 1, 55, 'Banner Static Home1', NULL, '&lt;div class=&quot;banner-static&quot;&gt;\r\n	&lt;div class=&quot;row&quot;&gt;\r\n		&lt;div class=&quot;col-md-4 col-sm-4 col-sms-12&quot;&gt;\r\n			&lt;div class=&quot;col col1&quot;&gt;\r\n				&lt;div class=&quot;icon-banner&quot;&gt;&lt;/div&gt;\r\n				&lt;div class=&quot;banner-text&quot;&gt;\r\n					&lt;h2&gt;100% Money Guarantee&lt;/h2&gt;\r\n					&lt;p&gt;30 days money back guarantee!&lt;/p&gt;\r\n				&lt;/div&gt;\r\n			&lt;/div&gt;\r\n		&lt;/div&gt;\r\n		&lt;div class=&quot;col-md-4 col-sm-4 col-sms-12&quot;&gt;\r\n			&lt;div class=&quot;col col2&quot;&gt;\r\n				&lt;div class=&quot;icon-banner&quot;&gt;&lt;/div&gt;\r\n				&lt;div class=&quot;banner-text&quot;&gt;\r\n					&lt;h2&gt;Free Shipping&lt;/h2&gt;\r\n					&lt;p&gt;Free shipping on all order&lt;/p&gt;\r\n				&lt;/div&gt;\r\n			&lt;/div&gt;\r\n		&lt;/div&gt;\r\n		&lt;div class=&quot;col-md-4 col-sm-4 col-sms-12&quot;&gt;\r\n			&lt;div class=&quot;col col3&quot;&gt;\r\n				&lt;div class=&quot;icon-banner&quot;&gt;&lt;/div&gt;\r\n				&lt;div class=&quot;banner-text&quot;&gt;\r\n					&lt;h2&gt;Support 24/7&lt;/h2&gt;\r\n					&lt;p&gt;We support online 24 hours a day&lt;/p&gt;\r\n				&lt;/div&gt;\r\n			&lt;/div&gt;\r\n		&lt;/div&gt;\r\n	&lt;/div&gt;\r\n&lt;/div&gt;'),
(255, 2, 55, 'Banner Static Home1', NULL, '&lt;div class=&quot;banner-static&quot;&gt;\r\n	&lt;div class=&quot;row&quot;&gt;\r\n		&lt;div class=&quot;col-md-4 col-sm-4 col-sms-12&quot;&gt;\r\n			&lt;div class=&quot;col col1&quot;&gt;\r\n				&lt;div class=&quot;icon-banner&quot;&gt;&lt;/div&gt;\r\n				&lt;div class=&quot;banner-text&quot;&gt;\r\n					&lt;h2&gt;100% Money Guarantee&lt;/h2&gt;\r\n					&lt;p&gt;30 days money back guarantee!&lt;/p&gt;\r\n				&lt;/div&gt;\r\n			&lt;/div&gt;\r\n		&lt;/div&gt;\r\n		&lt;div class=&quot;col-md-4 col-sm-4 col-sms-12&quot;&gt;\r\n			&lt;div class=&quot;col col2&quot;&gt;\r\n				&lt;div class=&quot;icon-banner&quot;&gt;&lt;/div&gt;\r\n				&lt;div class=&quot;banner-text&quot;&gt;\r\n					&lt;h2&gt;Free Shipping&lt;/h2&gt;\r\n					&lt;p&gt;Free shipping on all order&lt;/p&gt;\r\n				&lt;/div&gt;\r\n			&lt;/div&gt;\r\n		&lt;/div&gt;\r\n		&lt;div class=&quot;col-md-4 col-sm-4 col-sms-12&quot;&gt;\r\n			&lt;div class=&quot;col col3&quot;&gt;\r\n				&lt;div class=&quot;icon-banner&quot;&gt;&lt;/div&gt;\r\n				&lt;div class=&quot;banner-text&quot;&gt;\r\n					&lt;h2&gt;Support 24/7&lt;/h2&gt;\r\n					&lt;p&gt;We support online 24 hours a day&lt;/p&gt;\r\n				&lt;/div&gt;\r\n			&lt;/div&gt;\r\n		&lt;/div&gt;\r\n	&lt;/div&gt;\r\n&lt;/div&gt;'),
(286, 1, 65, 'Banner Center Home2', NULL, '&lt;div class=&quot;banner-center&quot;&gt;\r\n	&lt;div class=&quot;row&quot;&gt;\r\n		&lt;div class=&quot;col-md-4 col-sm-4 col-sms-12&quot;&gt;\r\n			&lt;div class=&quot;col col1&quot;&gt;\r\n				&lt;a href=&quot;#&quot;&gt;&lt;img src=&quot;image/catalog/cmsblock/block3-home2.jpg&quot; alt=&quot;banner&quot;&gt;&lt;/a&gt;\r\n			&lt;/div&gt;\r\n			&lt;div class=&quot;col col2&quot;&gt;\r\n				&lt;a href=&quot;#&quot;&gt;&lt;img src=&quot;image/catalog/cmsblock/block4-home2.jpg&quot; alt=&quot;banner&quot;&gt;&lt;/a&gt;\r\n			&lt;/div&gt;\r\n		&lt;/div&gt;\r\n		&lt;div class=&quot;col-md-4 col-sm-4 col-sms-12&quot;&gt;\r\n			&lt;div class=&quot;col col3&quot;&gt;\r\n				&lt;a href=&quot;#&quot;&gt;&lt;img src=&quot;image/catalog/cmsblock/block5-home2.jpg&quot; alt=&quot;banner&quot;&gt;&lt;/a&gt;\r\n			&lt;/div&gt;\r\n		&lt;/div&gt;\r\n		&lt;div class=&quot;col-md-4 col-sm-4 col-sms-12&quot;&gt;\r\n			&lt;div class=&quot;col col4&quot;&gt;\r\n				&lt;a href=&quot;#&quot;&gt;&lt;img src=&quot;image/catalog/cmsblock/block6-home2.jpg&quot; alt=&quot;banner&quot;&gt;&lt;/a&gt;\r\n			&lt;/div&gt;\r\n			&lt;div class=&quot;col col5&quot;&gt;\r\n				&lt;a href=&quot;#&quot;&gt;&lt;img src=&quot;image/catalog/cmsblock/block7-home2.jpg&quot; alt=&quot;banner&quot;&gt;&lt;/a&gt;\r\n			&lt;/div&gt;\r\n		&lt;/div&gt;\r\n	&lt;/div&gt;\r\n&lt;/div&gt;'),
(287, 2, 65, 'Banner Center Home2', NULL, '&lt;div class=&quot;banner-center&quot;&gt;\r\n	&lt;div class=&quot;row&quot;&gt;\r\n		&lt;div class=&quot;col-md-4 col-sm-4 col-sms-12&quot;&gt;\r\n			&lt;div class=&quot;col col1&quot;&gt;\r\n				&lt;a href=&quot;#&quot;&gt;&lt;img src=&quot;image/catalog/cmsblock/block3-home2.jpg&quot; alt=&quot;banner&quot;&gt;&lt;/a&gt;\r\n			&lt;/div&gt;\r\n			&lt;div class=&quot;col col2&quot;&gt;\r\n				&lt;a href=&quot;#&quot;&gt;&lt;img src=&quot;image/catalog/cmsblock/block4-home2.jpg&quot; alt=&quot;banner&quot;&gt;&lt;/a&gt;\r\n			&lt;/div&gt;\r\n		&lt;/div&gt;\r\n		&lt;div class=&quot;col-md-4 col-sm-4 col-sms-12&quot;&gt;\r\n			&lt;div class=&quot;col col3&quot;&gt;\r\n				&lt;a href=&quot;#&quot;&gt;&lt;img src=&quot;image/catalog/cmsblock/block5-home2.jpg&quot; alt=&quot;banner&quot;&gt;&lt;/a&gt;\r\n			&lt;/div&gt;\r\n		&lt;/div&gt;\r\n		&lt;div class=&quot;col-md-4 col-sm-4 col-sms-12&quot;&gt;\r\n			&lt;div class=&quot;col col4&quot;&gt;\r\n				&lt;a href=&quot;#&quot;&gt;&lt;img src=&quot;image/catalog/cmsblock/block6-home2.jpg&quot; alt=&quot;banner&quot;&gt;&lt;/a&gt;\r\n			&lt;/div&gt;\r\n			&lt;div class=&quot;col col5&quot;&gt;\r\n				&lt;a href=&quot;#&quot;&gt;&lt;img src=&quot;image/catalog/cmsblock/block7-home2.jpg&quot; alt=&quot;banner&quot;&gt;&lt;/a&gt;\r\n			&lt;/div&gt;\r\n		&lt;/div&gt;\r\n	&lt;/div&gt;\r\n&lt;/div&gt;'),
(291, 2, 66, '   Banner Center1 Home2 ', NULL, '										  &lt;div class=&quot;banner-center1&quot;&gt;&lt;a href=&quot;#&quot;&gt;&lt;img src=&quot;image/catalog/cmsblock/block8-home2.jpg&quot; alt=&quot;banner&quot;&gt;&lt;/a&gt;&lt;/div&gt; 									'),
(290, 1, 66, '   Banner Center1 Home2 ', NULL, '										  &lt;div class=&quot;banner-center1&quot;&gt;&lt;a href=&quot;#&quot;&gt;&lt;img src=&quot;image/catalog/cmsblock/block8-home2.jpg&quot; alt=&quot;banner&quot;&gt;&lt;/a&gt;&lt;/div&gt; 									'),
(329, 2, 67, '   Banner Center2 Home2 ', NULL, '										  &lt;div class=&quot;banner-center2&quot;&gt;&lt;a href=&quot;#&quot;&gt;&lt;img src=&quot;image/catalog/cmsblock/block9-home2.jpg&quot; alt=&quot;banner&quot;&gt;&lt;/a&gt;&lt;/div&gt; 									'),
(328, 1, 67, '   Banner Center2 Home2 ', NULL, '										  &lt;div class=&quot;banner-center2&quot;&gt;&lt;a href=&quot;#&quot;&gt;&lt;img src=&quot;image/catalog/cmsblock/block9-home2.jpg&quot; alt=&quot;banner&quot;&gt;&lt;/a&gt;&lt;/div&gt; 									'),
(314, 1, 62, '         Footer Paypal   ', NULL, '										  										  &lt;div class=&quot;footer-paypal&quot;&gt;\r\n	&lt;ul&gt;\r\n		&lt;li&gt;&lt;a href=&quot;#&quot;&gt;&lt;img src=&quot;image/catalog/cmsblock/paypal.jpg&quot; alt=&quot;paypal&quot;&gt;&lt;/a&gt;&lt;/li&gt;\r\n		&lt;li&gt;&lt;a href=&quot;#&quot;&gt;&lt;img src=&quot;image/catalog/cmsblock/paypal1.jpg&quot; alt=&quot;paypal&quot;&gt;&lt;/a&gt;&lt;/li&gt;\r\n		&lt;li&gt;&lt;a href=&quot;#&quot;&gt;&lt;img src=&quot;image/catalog/cmsblock/paypal2.jpg&quot; alt=&quot;paypal&quot;&gt;&lt;/a&gt;&lt;/li&gt;\r\n		&lt;li&gt;&lt;a href=&quot;#&quot;&gt;&lt;img src=&quot;image/catalog/cmsblock/paypal3.jpg&quot; alt=&quot;paypal&quot;&gt;&lt;/a&gt;&lt;/li&gt;\r\n		&lt;li&gt;&lt;a href=&quot;#&quot;&gt;&lt;img src=&quot;image/catalog/cmsblock/paypal4.jpg&quot; alt=&quot;paypal&quot;&gt;&lt;/a&gt;&lt;/li&gt;\r\n		&lt;li&gt;&lt;a href=&quot;#&quot;&gt;&lt;img src=&quot;image/catalog/cmsblock/paypal5.jpg&quot; alt=&quot;paypal&quot;&gt;&lt;/a&gt;&lt;/li&gt;\r\n	&lt;/ul&gt;\r\n&lt;/div&gt; 									 									'),
(302, 1, 68, 'Banner Static Home3', NULL, '&lt;div class=&quot;banner-static&quot;&gt;\r\n	&lt;div class=&quot;col col1&quot;&gt;\r\n		&lt;a href=&quot;#&quot;&gt;&lt;img src=&quot;image/catalog/cmsblock/block-home3.jpg&quot; alt=&quot;block&quot;&gt;&lt;/a&gt;\r\n	&lt;/div&gt;\r\n&lt;/div&gt;'),
(303, 2, 68, 'Banner Static Home3', NULL, '&lt;div class=&quot;banner-static&quot;&gt;\r\n	&lt;div class=&quot;col col1&quot;&gt;\r\n		&lt;a href=&quot;#&quot;&gt;&lt;img src=&quot;image/catalog/cmsblock/block-home3.jpg&quot; alt=&quot;block&quot;&gt;&lt;/a&gt;\r\n	&lt;/div&gt;\r\n&lt;/div&gt;'),
(304, 1, 69, 'Banner Center Home3', NULL, '&lt;div class=&quot;banner-center&quot;&gt;\r\n	&lt;div class=&quot;row&quot;&gt;\r\n		&lt;div class=&quot;col-md-6 col-sm-6 col-sms-12&quot;&gt;\r\n			&lt;div class=&quot;col col1&quot;&gt;\r\n				&lt;a href=&quot;#&quot;&gt;&lt;img src=&quot;image/catalog/cmsblock/block1-home3.jpg&quot; alt=&quot;block1&quot;&gt;&lt;/a&gt;\r\n			&lt;/div&gt;\r\n		&lt;/div&gt;\r\n		&lt;div class=&quot;col-md-6 col-sm-6 col-sms-12&quot;&gt;\r\n			&lt;div class=&quot;col col2&quot;&gt;\r\n				&lt;a href=&quot;#&quot;&gt;&lt;img src=&quot;image/catalog/cmsblock/block2-home3.jpg&quot; alt=&quot;block2&quot;&gt;&lt;/a&gt;\r\n			&lt;/div&gt;\r\n		&lt;/div&gt;\r\n	&lt;/div&gt;\r\n&lt;/div&gt;'),
(305, 2, 69, 'Banner Center Home3', NULL, '&lt;div class=&quot;banner-center&quot;&gt;\r\n	&lt;div class=&quot;row&quot;&gt;\r\n		&lt;div class=&quot;col-md-6 col-sm-6 col-sms-12&quot;&gt;\r\n			&lt;div class=&quot;col col1&quot;&gt;\r\n				&lt;a href=&quot;#&quot;&gt;&lt;img src=&quot;image/catalog/cmsblock/block1-home3.jpg&quot; alt=&quot;block1&quot;&gt;&lt;/a&gt;\r\n			&lt;/div&gt;\r\n		&lt;/div&gt;\r\n		&lt;div class=&quot;col-md-6 col-sm-6 col-sms-12&quot;&gt;\r\n			&lt;div class=&quot;col col2&quot;&gt;\r\n				&lt;a href=&quot;#&quot;&gt;&lt;img src=&quot;image/catalog/cmsblock/block2-home3.jpg&quot; alt=&quot;block2&quot;&gt;&lt;/a&gt;\r\n			&lt;/div&gt;\r\n		&lt;/div&gt;\r\n	&lt;/div&gt;\r\n&lt;/div&gt;'),
(306, 1, 70, 'Banner Center1 Home3', NULL, '&lt;div class=&quot;banner-center1&quot;&gt;\r\n	&lt;a href=&quot;#&quot;&gt;&lt;img src=&quot;image/catalog/cmsblock/block3-home3.jpg&quot; alt=&quot;block3&quot;&gt;&lt;/a&gt;\r\n&lt;/div&gt;'),
(307, 2, 70, 'Banner Center1 Home3', NULL, '&lt;div class=&quot;banner-center1&quot;&gt;\r\n	&lt;a href=&quot;#&quot;&gt;&lt;img src=&quot;image/catalog/cmsblock/block3-home3.jpg&quot; alt=&quot;block3&quot;&gt;&lt;/a&gt;\r\n&lt;/div&gt;'),
(308, 1, 71, 'Banner Center2 Home3', NULL, '&lt;div class=&quot;banner-center1&quot;&gt;\r\n	&lt;a href=&quot;#&quot;&gt;&lt;img src=&quot;image/catalog/cmsblock/block4-home3.jpg&quot; alt=&quot;block4&quot;&gt;&lt;/a&gt;\r\n&lt;/div&gt;'),
(309, 2, 71, 'Banner Center2 Home3', NULL, '&lt;div class=&quot;banner-center1&quot;&gt;\r\n	&lt;a href=&quot;#&quot;&gt;&lt;img src=&quot;image/catalog/cmsblock/block4-home3.jpg&quot; alt=&quot;block4&quot;&gt;&lt;/a&gt;\r\n&lt;/div&gt;'),
(338, 1, 72, '            Header Bottom    ', NULL, '&lt;div class=&quot;header-bottom&quot;&gt;\r\n	&lt;p&gt;\r\n		&lt;label&gt;Go quickly to&lt;/label&gt;&lt;a href=&quot;#&quot;&gt;Mobiles&lt;/a&gt;, &lt;a href=&quot;#&quot;&gt;Mens Footwear&lt;/a&gt;, &lt;a href=&quot;#&quot;&gt;Mens Tshirts&lt;/a&gt;, &lt;a href=&quot;#&quot;&gt;Apple Store&lt;/a&gt;, &lt;a href=&quot;#&quot;&gt;Winter Wear&lt;/a&gt;, &lt;a href=&quot;#&quot;&gt;Sarees&lt;/a&gt;, &lt;a href=&quot;#&quot;&gt;Kurtas &amp;amp; Kurtis&lt;/a&gt;, &lt;a href=&quot;#&quot;&gt;Geysers&lt;/a&gt;, &lt;a href=&quot;#&quot;&gt;New Books&lt;/a&gt;, &lt;a href=&quot;#&quot;&gt;TVs&lt;/a&gt;, &lt;a href=&quot;#&quot;&gt;Laptops&lt;/a&gt;, &lt;a href=&quot;#&quot;&gt;Powerbank&lt;/a&gt;\r\n	&lt;/p&gt;\r\n&lt;/div&gt;'),
(322, 1, 73, 'Banner Static Home4', NULL, '&lt;div class=&quot;banner-static&quot;&gt;\r\n	&lt;div class=&quot;row&quot;&gt;\r\n		&lt;div class=&quot;col-md-3 col-sm-6 col-sms-12&quot;&gt;\r\n			&lt;div class=&quot;col col1&quot;&gt;\r\n				&lt;div class=&quot;icon-banner&quot;&gt;&lt;/div&gt;\r\n				&lt;div class=&quot;banner-text&quot;&gt;\r\n					&lt;h2&gt;100% Money Guarantee&lt;/h2&gt;\r\n					&lt;p&gt;30 days money back guarantee!&lt;/p&gt;\r\n				&lt;/div&gt;\r\n			&lt;/div&gt;\r\n		&lt;/div&gt;\r\n		&lt;div class=&quot;col-md-3 col-sm-6 col-sms-12&quot;&gt;\r\n			&lt;div class=&quot;col col2&quot;&gt;\r\n				&lt;div class=&quot;icon-banner&quot;&gt;&lt;/div&gt;\r\n				&lt;div class=&quot;banner-text&quot;&gt;\r\n					&lt;h2&gt;Free Shipping&lt;/h2&gt;\r\n					&lt;p&gt;Free shipping on all order&lt;/p&gt;\r\n				&lt;/div&gt;\r\n			&lt;/div&gt;\r\n		&lt;/div&gt;\r\n		&lt;div class=&quot;col-md-3 col-sm-6 col-sms-12&quot;&gt;\r\n			&lt;div class=&quot;col col3&quot;&gt;\r\n				&lt;div class=&quot;icon-banner&quot;&gt;&lt;/div&gt;\r\n				&lt;div class=&quot;banner-text&quot;&gt;\r\n					&lt;h2&gt;Support 24/7&lt;/h2&gt;\r\n					&lt;p&gt;We support online 24 hours a day&lt;/p&gt;\r\n				&lt;/div&gt;\r\n			&lt;/div&gt;\r\n		&lt;/div&gt;\r\n		&lt;div class=&quot;col-md-3 col-sm-6 col-sms-12&quot;&gt;\r\n			&lt;div class=&quot;col col4&quot;&gt;\r\n				&lt;div class=&quot;icon-banner&quot;&gt;&lt;/div&gt;\r\n				&lt;div class=&quot;banner-text&quot;&gt;\r\n					&lt;h2&gt;Secure Payment&lt;/h2&gt;\r\n					&lt;p&gt;We value Your Security&lt;/p&gt;\r\n				&lt;/div&gt;\r\n			&lt;/div&gt;\r\n		&lt;/div&gt;\r\n	&lt;/div&gt;\r\n&lt;/div&gt;'),
(323, 2, 73, 'Banner Static Home4', NULL, '&lt;div class=&quot;banner-static&quot;&gt;\r\n	&lt;div class=&quot;row&quot;&gt;\r\n		&lt;div class=&quot;col-md-3 col-sm-6 col-sms-12&quot;&gt;\r\n			&lt;div class=&quot;col col1&quot;&gt;\r\n				&lt;div class=&quot;icon-banner&quot;&gt;&lt;/div&gt;\r\n				&lt;div class=&quot;banner-text&quot;&gt;\r\n					&lt;h2&gt;100% Money Guarantee&lt;/h2&gt;\r\n					&lt;p&gt;30 days money back guarantee!&lt;/p&gt;\r\n				&lt;/div&gt;\r\n			&lt;/div&gt;\r\n		&lt;/div&gt;\r\n		&lt;div class=&quot;col-md-3 col-sm-6 col-sms-12&quot;&gt;\r\n			&lt;div class=&quot;col col2&quot;&gt;\r\n				&lt;div class=&quot;icon-banner&quot;&gt;&lt;/div&gt;\r\n				&lt;div class=&quot;banner-text&quot;&gt;\r\n					&lt;h2&gt;Free Shipping&lt;/h2&gt;\r\n					&lt;p&gt;Free shipping on all order&lt;/p&gt;\r\n				&lt;/div&gt;\r\n			&lt;/div&gt;\r\n		&lt;/div&gt;\r\n		&lt;div class=&quot;col-md-3 col-sm-6 col-sms-12&quot;&gt;\r\n			&lt;div class=&quot;col col3&quot;&gt;\r\n				&lt;div class=&quot;icon-banner&quot;&gt;&lt;/div&gt;\r\n				&lt;div class=&quot;banner-text&quot;&gt;\r\n					&lt;h2&gt;Support 24/7&lt;/h2&gt;\r\n					&lt;p&gt;We support online 24 hours a day&lt;/p&gt;\r\n				&lt;/div&gt;\r\n			&lt;/div&gt;\r\n		&lt;/div&gt;\r\n		&lt;div class=&quot;col-md-3 col-sm-6 col-sms-12&quot;&gt;\r\n			&lt;div class=&quot;col col4&quot;&gt;\r\n				&lt;div class=&quot;icon-banner&quot;&gt;&lt;/div&gt;\r\n				&lt;div class=&quot;banner-text&quot;&gt;\r\n					&lt;h2&gt;Secure Payment&lt;/h2&gt;\r\n					&lt;p&gt;We value Your Security&lt;/p&gt;\r\n				&lt;/div&gt;\r\n			&lt;/div&gt;\r\n		&lt;/div&gt;\r\n	&lt;/div&gt;\r\n&lt;/div&gt;'),
(324, 1, 74, 'Banner Center Home4', NULL, '&lt;div class=&quot;banner-center&quot;&gt;\r\n	&lt;div class=&quot;container&quot;&gt;\r\n		&lt;div class=&quot;row&quot;&gt;\r\n			&lt;div class=&quot;col-md-4 col-sm-4 col-sms-12&quot;&gt;\r\n				&lt;div class=&quot;col col1&quot;&gt;\r\n					&lt;a href=&quot;#&quot;&gt;&lt;img src=&quot;image/catalog/cmsblock/block-home4.jpg&quot; alt=&quot;block&quot;&gt;&lt;/a&gt;\r\n				&lt;/div&gt;\r\n			&lt;/div&gt;\r\n			&lt;div class=&quot;col-md-4 col-sm-4 col-sms-12&quot;&gt;\r\n				&lt;div class=&quot;col col2&quot;&gt;\r\n					&lt;a href=&quot;#&quot;&gt;&lt;img src=&quot;image/catalog/cmsblock/block1-home4.jpg&quot; alt=&quot;block1&quot;&gt;&lt;/a&gt;\r\n				&lt;/div&gt;\r\n			&lt;/div&gt;\r\n			&lt;div class=&quot;col-md-4 col-sm-4 col-sms-12&quot;&gt;\r\n				&lt;div class=&quot;col col3&quot;&gt;\r\n					&lt;a href=&quot;#&quot;&gt;&lt;img src=&quot;image/catalog/cmsblock/block2-home4.jpg&quot; alt=&quot;block2&quot;&gt;&lt;/a&gt;\r\n				&lt;/div&gt;\r\n			&lt;/div&gt;\r\n		&lt;/div&gt;\r\n	&lt;/div&gt;\r\n&lt;/div&gt;'),
(325, 2, 74, 'Banner Center Home4', NULL, '&lt;div class=&quot;banner-center&quot;&gt;\r\n	&lt;div class=&quot;container&quot;&gt;\r\n		&lt;div class=&quot;row&quot;&gt;\r\n			&lt;div class=&quot;col-md-4 col-sm-4 col-sms-12&quot;&gt;\r\n				&lt;div class=&quot;col col1&quot;&gt;\r\n					&lt;a href=&quot;#&quot;&gt;&lt;img src=&quot;image/catalog/cmsblock/block-home4.jpg&quot; alt=&quot;block&quot;&gt;&lt;/a&gt;\r\n				&lt;/div&gt;\r\n			&lt;/div&gt;\r\n			&lt;div class=&quot;col-md-4 col-sm-4 col-sms-12&quot;&gt;\r\n				&lt;div class=&quot;col col2&quot;&gt;\r\n					&lt;a href=&quot;#&quot;&gt;&lt;img src=&quot;image/catalog/cmsblock/block1-home4.jpg&quot; alt=&quot;block1&quot;&gt;&lt;/a&gt;\r\n				&lt;/div&gt;\r\n			&lt;/div&gt;\r\n			&lt;div class=&quot;col-md-4 col-sm-4 col-sms-12&quot;&gt;\r\n				&lt;div class=&quot;col col3&quot;&gt;\r\n					&lt;a href=&quot;#&quot;&gt;&lt;img src=&quot;image/catalog/cmsblock/block2-home4.jpg&quot; alt=&quot;block2&quot;&gt;&lt;/a&gt;\r\n				&lt;/div&gt;\r\n			&lt;/div&gt;\r\n		&lt;/div&gt;\r\n	&lt;/div&gt;\r\n&lt;/div&gt;'),
(330, 1, 75, 'Banner Left2', NULL, '&lt;div class=&quot;banner-left&quot;&gt;\r\n	&lt;a href=&quot;#&quot;&gt;&lt;img src=&quot;image/catalog/cmsblock/banner-left2.jpg&quot; alt=&quot;banner&quot;&gt;&lt;/a&gt;\r\n&lt;/div&gt;'),
(331, 2, 75, 'Banner Left2', NULL, '&lt;div class=&quot;banner-left&quot;&gt;\r\n	&lt;a href=&quot;#&quot;&gt;&lt;img src=&quot;image/catalog/cmsblock/banner-left2.jpg&quot; alt=&quot;banner&quot;&gt;&lt;/a&gt;\r\n&lt;/div&gt;'),
(332, 1, 76, 'Banner Left3', NULL, '&lt;div class=&quot;banner-left&quot;&gt;\r\n	&lt;a href=&quot;#&quot;&gt;&lt;img src=&quot;image/catalog/cmsblock/banner-left3.jpg&quot; alt=&quot;banner&quot;&gt;&lt;/a&gt;\r\n&lt;/div&gt;'),
(333, 2, 76, 'Banner Left3', NULL, '&lt;div class=&quot;banner-left&quot;&gt;\r\n	&lt;a href=&quot;#&quot;&gt;&lt;img src=&quot;image/catalog/cmsblock/banner-left3.jpg&quot; alt=&quot;banner&quot;&gt;&lt;/a&gt;\r\n&lt;/div&gt;'),
(334, 1, 77, 'Banner Left4', NULL, '&lt;div class=&quot;banner-left&quot;&gt;\r\n	&lt;a href=&quot;#&quot;&gt;&lt;img src=&quot;image/catalog/cmsblock/banner-left4.jpg&quot; alt=&quot;banner&quot;&gt;&lt;/a&gt;\r\n&lt;/div&gt;'),
(335, 2, 77, 'Banner Left4', NULL, '&lt;div class=&quot;banner-left&quot;&gt;\r\n	&lt;a href=&quot;#&quot;&gt;&lt;img src=&quot;image/catalog/cmsblock/banner-left4.jpg&quot; alt=&quot;banner&quot;&gt;&lt;/a&gt;\r\n&lt;/div&gt;'),
(339, 2, 72, '            Header Bottom    ', NULL, '&lt;div class=&quot;header-bottom&quot;&gt;\r\n	&lt;p&gt;\r\n		&lt;label&gt;Go quickly to&lt;/label&gt;&lt;a href=&quot;#&quot;&gt;Mobiles&lt;/a&gt;, &lt;a href=&quot;#&quot;&gt;Mens Footwear&lt;/a&gt;, &lt;a href=&quot;#&quot;&gt;Mens Tshirts&lt;/a&gt;, &lt;a href=&quot;#&quot;&gt;Apple Store&lt;/a&gt;, &lt;a href=&quot;#&quot;&gt;Winter Wear&lt;/a&gt;, &lt;a href=&quot;#&quot;&gt;Sarees&lt;/a&gt;, &lt;a href=&quot;#&quot;&gt;Kurtas &amp;amp; Kurtis&lt;/a&gt;, &lt;a href=&quot;#&quot;&gt;Geysers&lt;/a&gt;, &lt;a href=&quot;#&quot;&gt;New Books&lt;/a&gt;, &lt;a href=&quot;#&quot;&gt;TVs&lt;/a&gt;, &lt;a href=&quot;#&quot;&gt;Laptops&lt;/a&gt;, &lt;a href=&quot;#&quot;&gt;Powerbank&lt;/a&gt;\r\n	&lt;/p&gt;\r\n&lt;/div&gt;');

-- --------------------------------------------------------

--
-- Table structure for table `oc_cmsblock_to_store`
--

CREATE TABLE `oc_cmsblock_to_store` (
  `cmsblock_id` int(11) DEFAULT NULL,
  `store_id` tinyint(4) DEFAULT NULL
) ENGINE=MyISAM DEFAULT CHARSET=latin1;

-- --------------------------------------------------------

--
-- Table structure for table `oc_country`
--

CREATE TABLE `oc_country` (
  `country_id` int(11) NOT NULL,
  `name` varchar(128) NOT NULL,
  `iso_code_2` varchar(2) NOT NULL,
  `iso_code_3` varchar(3) NOT NULL,
  `address_format` text NOT NULL,
  `postcode_required` tinyint(1) NOT NULL,
  `status` tinyint(1) NOT NULL DEFAULT '1'
) ENGINE=MyISAM DEFAULT CHARSET=utf8;

--
-- Dumping data for table `oc_country`
--

INSERT INTO `oc_country` (`country_id`, `name`, `iso_code_2`, `iso_code_3`, `address_format`, `postcode_required`, `status`) VALUES
(1, 'Afghanistan', 'AF', 'AFG', '', 0, 1),
(2, 'Albania', 'AL', 'ALB', '', 0, 1),
(3, 'Algeria', 'DZ', 'DZA', '', 0, 1),
(4, 'American Samoa', 'AS', 'ASM', '', 0, 1),
(5, 'Andorra', 'AD', 'AND', '', 0, 1),
(6, 'Angola', 'AO', 'AGO', '', 0, 1),
(7, 'Anguilla', 'AI', 'AIA', '', 0, 1),
(8, 'Antarctica', 'AQ', 'ATA', '', 0, 1),
(9, 'Antigua and Barbuda', 'AG', 'ATG', '', 0, 1),
(10, 'Argentina', 'AR', 'ARG', '', 0, 1),
(11, 'Armenia', 'AM', 'ARM', '', 0, 1),
(12, 'Aruba', 'AW', 'ABW', '', 0, 1),
(13, 'Australia', 'AU', 'AUS', '', 0, 1),
(14, 'Austria', 'AT', 'AUT', '', 0, 1),
(15, 'Azerbaijan', 'AZ', 'AZE', '', 0, 1),
(16, 'Bahamas', 'BS', 'BHS', '', 0, 1),
(17, 'Bahrain', 'BH', 'BHR', '', 0, 1),
(18, 'Bangladesh', 'BD', 'BGD', '', 0, 1),
(19, 'Barbados', 'BB', 'BRB', '', 0, 1),
(20, 'Belarus', 'BY', 'BLR', '', 0, 1),
(21, 'Belgium', 'BE', 'BEL', '{firstname} {lastname}\r\n{company}\r\n{address_1}\r\n{address_2}\r\n{postcode} {city}\r\n{country}', 0, 1),
(22, 'Belize', 'BZ', 'BLZ', '', 0, 1),
(23, 'Benin', 'BJ', 'BEN', '', 0, 1),
(24, 'Bermuda', 'BM', 'BMU', '', 0, 1),
(25, 'Bhutan', 'BT', 'BTN', '', 0, 1),
(26, 'Bolivia', 'BO', 'BOL', '', 0, 1),
(27, 'Bosnia and Herzegovina', 'BA', 'BIH', '', 0, 1),
(28, 'Botswana', 'BW', 'BWA', '', 0, 1),
(29, 'Bouvet Island', 'BV', 'BVT', '', 0, 1),
(30, 'Brazil', 'BR', 'BRA', '', 0, 1),
(31, 'British Indian Ocean Territory', 'IO', 'IOT', '', 0, 1),
(32, 'Brunei Darussalam', 'BN', 'BRN', '', 0, 1),
(33, 'Bulgaria', 'BG', 'BGR', '', 0, 1),
(34, 'Burkina Faso', 'BF', 'BFA', '', 0, 1),
(35, 'Burundi', 'BI', 'BDI', '', 0, 1),
(36, 'Cambodia', 'KH', 'KHM', '', 0, 1),
(37, 'Cameroon', 'CM', 'CMR', '', 0, 1),
(38, 'Canada', 'CA', 'CAN', '', 0, 1),
(39, 'Cape Verde', 'CV', 'CPV', '', 0, 1),
(40, 'Cayman Islands', 'KY', 'CYM', '', 0, 1),
(41, 'Central African Republic', 'CF', 'CAF', '', 0, 1),
(42, 'Chad', 'TD', 'TCD', '', 0, 1),
(43, 'Chile', 'CL', 'CHL', '', 0, 1),
(44, 'China', 'CN', 'CHN', '', 0, 1),
(45, 'Christmas Island', 'CX', 'CXR', '', 0, 1),
(46, 'Cocos (Keeling) Islands', 'CC', 'CCK', '', 0, 1),
(47, 'Colombia', 'CO', 'COL', '', 0, 1),
(48, 'Comoros', 'KM', 'COM', '', 0, 1),
(49, 'Congo', 'CG', 'COG', '', 0, 1),
(50, 'Cook Islands', 'CK', 'COK', '', 0, 1),
(51, 'Costa Rica', 'CR', 'CRI', '', 0, 1),
(52, 'Cote D''Ivoire', 'CI', 'CIV', '', 0, 1),
(53, 'Croatia', 'HR', 'HRV', '', 0, 1),
(54, 'Cuba', 'CU', 'CUB', '', 0, 1),
(55, 'Cyprus', 'CY', 'CYP', '', 0, 1),
(56, 'Czech Republic', 'CZ', 'CZE', '', 0, 1),
(57, 'Denmark', 'DK', 'DNK', '', 0, 1),
(58, 'Djibouti', 'DJ', 'DJI', '', 0, 1),
(59, 'Dominica', 'DM', 'DMA', '', 0, 1),
(60, 'Dominican Republic', 'DO', 'DOM', '', 0, 1),
(61, 'East Timor', 'TL', 'TLS', '', 0, 1),
(62, 'Ecuador', 'EC', 'ECU', '', 0, 1),
(63, 'Egypt', 'EG', 'EGY', '', 0, 1),
(64, 'El Salvador', 'SV', 'SLV', '', 0, 1),
(65, 'Equatorial Guinea', 'GQ', 'GNQ', '', 0, 1),
(66, 'Eritrea', 'ER', 'ERI', '', 0, 1),
(67, 'Estonia', 'EE', 'EST', '', 0, 1),
(68, 'Ethiopia', 'ET', 'ETH', '', 0, 1),
(69, 'Falkland Islands (Malvinas)', 'FK', 'FLK', '', 0, 1),
(70, 'Faroe Islands', 'FO', 'FRO', '', 0, 1),
(71, 'Fiji', 'FJ', 'FJI', '', 0, 1),
(72, 'Finland', 'FI', 'FIN', '', 0, 1),
(74, 'France, Metropolitan', 'FR', 'FRA', '{firstname} {lastname}\r\n{company}\r\n{address_1}\r\n{address_2}\r\n{postcode} {city}\r\n{country}', 1, 1),
(75, 'French Guiana', 'GF', 'GUF', '', 0, 1),
(76, 'French Polynesia', 'PF', 'PYF', '', 0, 1),
(77, 'French Southern Territories', 'TF', 'ATF', '', 0, 1),
(78, 'Gabon', 'GA', 'GAB', '', 0, 1),
(79, 'Gambia', 'GM', 'GMB', '', 0, 1),
(80, 'Georgia', 'GE', 'GEO', '', 0, 1),
(81, 'Germany', 'DE', 'DEU', '{company}\r\n{firstname} {lastname}\r\n{address_1}\r\n{address_2}\r\n{postcode} {city}\r\n{country}', 1, 1),
(82, 'Ghana', 'GH', 'GHA', '', 0, 1),
(83, 'Gibraltar', 'GI', 'GIB', '', 0, 1),
(84, 'Greece', 'GR', 'GRC', '', 0, 1),
(85, 'Greenland', 'GL', 'GRL', '', 0, 1),
(86, 'Grenada', 'GD', 'GRD', '', 0, 1),
(87, 'Guadeloupe', 'GP', 'GLP', '', 0, 1),
(88, 'Guam', 'GU', 'GUM', '', 0, 1),
(89, 'Guatemala', 'GT', 'GTM', '', 0, 1),
(90, 'Guinea', 'GN', 'GIN', '', 0, 1),
(91, 'Guinea-Bissau', 'GW', 'GNB', '', 0, 1),
(92, 'Guyana', 'GY', 'GUY', '', 0, 1),
(93, 'Haiti', 'HT', 'HTI', '', 0, 1),
(94, 'Heard and Mc Donald Islands', 'HM', 'HMD', '', 0, 1),
(95, 'Honduras', 'HN', 'HND', '', 0, 1),
(96, 'Hong Kong', 'HK', 'HKG', '', 0, 1),
(97, 'Hungary', 'HU', 'HUN', '', 0, 1),
(98, 'Iceland', 'IS', 'ISL', '', 0, 1),
(99, 'India', 'IN', 'IND', '', 0, 1),
(100, 'Indonesia', 'ID', 'IDN', '', 0, 1),
(101, 'Iran (Islamic Republic of)', 'IR', 'IRN', '', 0, 1),
(102, 'Iraq', 'IQ', 'IRQ', '', 0, 1),
(103, 'Ireland', 'IE', 'IRL', '', 0, 1),
(104, 'Israel', 'IL', 'ISR', '', 0, 1),
(105, 'Italy', 'IT', 'ITA', '', 0, 1),
(106, 'Jamaica', 'JM', 'JAM', '', 0, 1),
(107, 'Japan', 'JP', 'JPN', '', 0, 1),
(108, 'Jordan', 'JO', 'JOR', '', 0, 1),
(109, 'Kazakhstan', 'KZ', 'KAZ', '', 0, 1),
(110, 'Kenya', 'KE', 'KEN', '', 0, 1),
(111, 'Kiribati', 'KI', 'KIR', '', 0, 1),
(112, 'North Korea', 'KP', 'PRK', '', 0, 1),
(113, 'South Korea', 'KR', 'KOR', '', 0, 1),
(114, 'Kuwait', 'KW', 'KWT', '', 0, 1),
(115, 'Kyrgyzstan', 'KG', 'KGZ', '', 0, 1),
(116, 'Lao People''s Democratic Republic', 'LA', 'LAO', '', 0, 1),
(117, 'Latvia', 'LV', 'LVA', '', 0, 1),
(118, 'Lebanon', 'LB', 'LBN', '', 0, 1),
(119, 'Lesotho', 'LS', 'LSO', '', 0, 1),
(120, 'Liberia', 'LR', 'LBR', '', 0, 1),
(121, 'Libyan Arab Jamahiriya', 'LY', 'LBY', '', 0, 1),
(122, 'Liechtenstein', 'LI', 'LIE', '', 0, 1),
(123, 'Lithuania', 'LT', 'LTU', '', 0, 1),
(124, 'Luxembourg', 'LU', 'LUX', '', 0, 1),
(125, 'Macau', 'MO', 'MAC', '', 0, 1),
(126, 'FYROM', 'MK', 'MKD', '', 0, 1),
(127, 'Madagascar', 'MG', 'MDG', '', 0, 1),
(128, 'Malawi', 'MW', 'MWI', '', 0, 1),
(129, 'Malaysia', 'MY', 'MYS', '', 0, 1),
(130, 'Maldives', 'MV', 'MDV', '', 0, 1),
(131, 'Mali', 'ML', 'MLI', '', 0, 1),
(132, 'Malta', 'MT', 'MLT', '', 0, 1),
(133, 'Marshall Islands', 'MH', 'MHL', '', 0, 1),
(134, 'Martinique', 'MQ', 'MTQ', '', 0, 1),
(135, 'Mauritania', 'MR', 'MRT', '', 0, 1),
(136, 'Mauritius', 'MU', 'MUS', '', 0, 1),
(137, 'Mayotte', 'YT', 'MYT', '', 0, 1),
(138, 'Mexico', 'MX', 'MEX', '', 0, 1),
(139, 'Micronesia, Federated States of', 'FM', 'FSM', '', 0, 1),
(140, 'Moldova, Republic of', 'MD', 'MDA', '', 0, 1),
(141, 'Monaco', 'MC', 'MCO', '', 0, 1),
(142, 'Mongolia', 'MN', 'MNG', '', 0, 1),
(143, 'Montserrat', 'MS', 'MSR', '', 0, 1),
(144, 'Morocco', 'MA', 'MAR', '', 0, 1),
(145, 'Mozambique', 'MZ', 'MOZ', '', 0, 1),
(146, 'Myanmar', 'MM', 'MMR', '', 0, 1),
(147, 'Namibia', 'NA', 'NAM', '', 0, 1),
(148, 'Nauru', 'NR', 'NRU', '', 0, 1),
(149, 'Nepal', 'NP', 'NPL', '', 0, 1),
(150, 'Netherlands', 'NL', 'NLD', '', 0, 1),
(151, 'Netherlands Antilles', 'AN', 'ANT', '', 0, 1),
(152, 'New Caledonia', 'NC', 'NCL', '', 0, 1),
(153, 'New Zealand', 'NZ', 'NZL', '', 0, 1),
(154, 'Nicaragua', 'NI', 'NIC', '', 0, 1),
(155, 'Niger', 'NE', 'NER', '', 0, 1),
(156, 'Nigeria', 'NG', 'NGA', '', 0, 1),
(157, 'Niue', 'NU', 'NIU', '', 0, 1),
(158, 'Norfolk Island', 'NF', 'NFK', '', 0, 1),
(159, 'Northern Mariana Islands', 'MP', 'MNP', '', 0, 1),
(160, 'Norway', 'NO', 'NOR', '', 0, 1),
(161, 'Oman', 'OM', 'OMN', '', 0, 1),
(162, 'Pakistan', 'PK', 'PAK', '', 0, 1),
(163, 'Palau', 'PW', 'PLW', '', 0, 1),
(164, 'Panama', 'PA', 'PAN', '', 0, 1),
(165, 'Papua New Guinea', 'PG', 'PNG', '', 0, 1),
(166, 'Paraguay', 'PY', 'PRY', '', 0, 1),
(167, 'Peru', 'PE', 'PER', '', 0, 1),
(168, 'Philippines', 'PH', 'PHL', '', 0, 1),
(169, 'Pitcairn', 'PN', 'PCN', '', 0, 1),
(170, 'Poland', 'PL', 'POL', '', 0, 1),
(171, 'Portugal', 'PT', 'PRT', '', 0, 1),
(172, 'Puerto Rico', 'PR', 'PRI', '', 0, 1),
(173, 'Qatar', 'QA', 'QAT', '', 0, 1),
(174, 'Reunion', 'RE', 'REU', '', 0, 1),
(175, 'Romania', 'RO', 'ROM', '', 0, 1),
(176, 'Russian Federation', 'RU', 'RUS', '', 0, 1),
(177, 'Rwanda', 'RW', 'RWA', '', 0, 1),
(178, 'Saint Kitts and Nevis', 'KN', 'KNA', '', 0, 1),
(179, 'Saint Lucia', 'LC', 'LCA', '', 0, 1),
(180, 'Saint Vincent and the Grenadines', 'VC', 'VCT', '', 0, 1),
(181, 'Samoa', 'WS', 'WSM', '', 0, 1),
(182, 'San Marino', 'SM', 'SMR', '', 0, 1),
(183, 'Sao Tome and Principe', 'ST', 'STP', '', 0, 1),
(184, 'Saudi Arabia', 'SA', 'SAU', '', 0, 1),
(185, 'Senegal', 'SN', 'SEN', '', 0, 1),
(186, 'Seychelles', 'SC', 'SYC', '', 0, 1),
(187, 'Sierra Leone', 'SL', 'SLE', '', 0, 1),
(188, 'Singapore', 'SG', 'SGP', '', 0, 1),
(189, 'Slovak Republic', 'SK', 'SVK', '{firstname} {lastname}\r\n{company}\r\n{address_1}\r\n{address_2}\r\n{city} {postcode}\r\n{zone}\r\n{country}', 0, 1),
(190, 'Slovenia', 'SI', 'SVN', '', 0, 1),
(191, 'Solomon Islands', 'SB', 'SLB', '', 0, 1),
(192, 'Somalia', 'SO', 'SOM', '', 0, 1),
(193, 'South Africa', 'ZA', 'ZAF', '', 0, 1),
(194, 'South Georgia &amp; South Sandwich Islands', 'GS', 'SGS', '', 0, 1),
(195, 'Spain', 'ES', 'ESP', '', 0, 1),
(196, 'Sri Lanka', 'LK', 'LKA', '', 0, 1),
(197, 'St. Helena', 'SH', 'SHN', '', 0, 1),
(198, 'St. Pierre and Miquelon', 'PM', 'SPM', '', 0, 1),
(199, 'Sudan', 'SD', 'SDN', '', 0, 1),
(200, 'Suriname', 'SR', 'SUR', '', 0, 1),
(201, 'Svalbard and Jan Mayen Islands', 'SJ', 'SJM', '', 0, 1),
(202, 'Swaziland', 'SZ', 'SWZ', '', 0, 1),
(203, 'Sweden', 'SE', 'SWE', '{company}\r\n{firstname} {lastname}\r\n{address_1}\r\n{address_2}\r\n{postcode} {city}\r\n{country}', 1, 1),
(204, 'Switzerland', 'CH', 'CHE', '', 0, 1),
(205, 'Syrian Arab Republic', 'SY', 'SYR', '', 0, 1),
(206, 'Taiwan', 'TW', 'TWN', '', 0, 1),
(207, 'Tajikistan', 'TJ', 'TJK', '', 0, 1),
(208, 'Tanzania, United Republic of', 'TZ', 'TZA', '', 0, 1),
(209, 'Thailand', 'TH', 'THA', '', 0, 1),
(210, 'Togo', 'TG', 'TGO', '', 0, 1),
(211, 'Tokelau', 'TK', 'TKL', '', 0, 1),
(212, 'Tonga', 'TO', 'TON', '', 0, 1),
(213, 'Trinidad and Tobago', 'TT', 'TTO', '', 0, 1),
(214, 'Tunisia', 'TN', 'TUN', '', 0, 1),
(215, 'Turkey', 'TR', 'TUR', '', 0, 1),
(216, 'Turkmenistan', 'TM', 'TKM', '', 0, 1),
(217, 'Turks and Caicos Islands', 'TC', 'TCA', '', 0, 1),
(218, 'Tuvalu', 'TV', 'TUV', '', 0, 1),
(219, 'Uganda', 'UG', 'UGA', '', 0, 1),
(220, 'Ukraine', 'UA', 'UKR', '', 0, 1),
(221, 'United Arab Emirates', 'AE', 'ARE', '', 0, 1),
(222, 'United Kingdom', 'GB', 'GBR', '', 1, 1),
(223, 'United States', 'US', 'USA', '{firstname} {lastname}\r\n{company}\r\n{address_1}\r\n{address_2}\r\n{city}, {zone} {postcode}\r\n{country}', 0, 1),
(224, 'United States Minor Outlying Islands', 'UM', 'UMI', '', 0, 1),
(225, 'Uruguay', 'UY', 'URY', '', 0, 1),
(226, 'Uzbekistan', 'UZ', 'UZB', '', 0, 1),
(227, 'Vanuatu', 'VU', 'VUT', '', 0, 1),
(228, 'Vatican City State (Holy See)', 'VA', 'VAT', '', 0, 1),
(229, 'Venezuela', 'VE', 'VEN', '', 0, 1),
(230, 'Viet Nam', 'VN', 'VNM', '', 0, 1),
(231, 'Virgin Islands (British)', 'VG', 'VGB', '', 0, 1),
(232, 'Virgin Islands (U.S.)', 'VI', 'VIR', '', 0, 1),
(233, 'Wallis and Futuna Islands', 'WF', 'WLF', '', 0, 1),
(234, 'Western Sahara', 'EH', 'ESH', '', 0, 1),
(235, 'Yemen', 'YE', 'YEM', '', 0, 1),
(237, 'Democratic Republic of Congo', 'CD', 'COD', '', 0, 1),
(238, 'Zambia', 'ZM', 'ZMB', '', 0, 1),
(239, 'Zimbabwe', 'ZW', 'ZWE', '', 0, 1),
(242, 'Montenegro', 'ME', 'MNE', '', 0, 1),
(243, 'Serbia', 'RS', 'SRB', '', 0, 1),
(244, 'Aaland Islands', 'AX', 'ALA', '', 0, 1),
(245, 'Bonaire, Sint Eustatius and Saba', 'BQ', 'BES', '', 0, 1),
(246, 'Curacao', 'CW', 'CUW', '', 0, 1),
(247, 'Palestinian Territory, Occupied', 'PS', 'PSE', '', 0, 1),
(248, 'South Sudan', 'SS', 'SSD', '', 0, 1),
(249, 'St. Barthelemy', 'BL', 'BLM', '', 0, 1),
(250, 'St. Martin (French part)', 'MF', 'MAF', '', 0, 1),
(251, 'Canary Islands', 'IC', 'ICA', '', 0, 1),
(252, 'Ascension Island (British)', 'AC', 'ASC', '', 0, 1),
(253, 'Kosovo, Republic of', 'XK', 'UNK', '', 0, 1),
(254, 'Isle of Man', 'IM', 'IMN', '', 0, 1),
(255, 'Tristan da Cunha', 'TA', 'SHN', '', 0, 1),
(256, 'Guernsey', 'GG', 'GGY', '', 0, 1),
(257, 'Jersey', 'JE', 'JEY', '', 0, 1);

-- --------------------------------------------------------

--
-- Table structure for table `oc_coupon`
--

CREATE TABLE `oc_coupon` (
  `coupon_id` int(11) NOT NULL,
  `name` varchar(128) NOT NULL,
  `code` varchar(20) NOT NULL,
  `type` char(1) NOT NULL,
  `discount` decimal(15,4) NOT NULL,
  `logged` tinyint(1) NOT NULL,
  `shipping` tinyint(1) NOT NULL,
  `total` decimal(15,4) NOT NULL,
  `date_start` date NOT NULL DEFAULT '0000-00-00',
  `date_end` date NOT NULL DEFAULT '0000-00-00',
  `uses_total` int(11) NOT NULL,
  `uses_customer` varchar(11) NOT NULL,
  `status` tinyint(1) NOT NULL,
  `date_added` datetime NOT NULL
) ENGINE=MyISAM DEFAULT CHARSET=utf8;

--
-- Dumping data for table `oc_coupon`
--

INSERT INTO `oc_coupon` (`coupon_id`, `name`, `code`, `type`, `discount`, `logged`, `shipping`, `total`, `date_start`, `date_end`, `uses_total`, `uses_customer`, `status`, `date_added`) VALUES
(4, '-10% Discount', '2222', 'P', '10.0000', 0, 0, '0.0000', '2014-01-01', '2020-01-01', 10, '10', 0, '2009-01-27 13:55:03'),
(5, 'Free Shipping', '3333', 'P', '0.0000', 0, 1, '100.0000', '2014-01-01', '2014-02-01', 10, '10', 0, '2009-03-14 21:13:53'),
(6, '-10.00 Discount', '1111', 'F', '10.0000', 0, 0, '10.0000', '2014-01-01', '2020-01-01', 100000, '10000', 0, '2009-03-14 21:15:18');

-- --------------------------------------------------------

--
-- Table structure for table `oc_coupon_category`
--

CREATE TABLE `oc_coupon_category` (
  `coupon_id` int(11) NOT NULL,
  `category_id` int(11) NOT NULL
) ENGINE=MyISAM DEFAULT CHARSET=utf8;

-- --------------------------------------------------------

--
-- Table structure for table `oc_coupon_history`
--

CREATE TABLE `oc_coupon_history` (
  `coupon_history_id` int(11) NOT NULL,
  `coupon_id` int(11) NOT NULL,
  `order_id` int(11) NOT NULL,
  `customer_id` int(11) NOT NULL,
  `amount` decimal(15,4) NOT NULL,
  `date_added` datetime NOT NULL
) ENGINE=MyISAM DEFAULT CHARSET=utf8;

-- --------------------------------------------------------

--
-- Table structure for table `oc_coupon_product`
--

CREATE TABLE `oc_coupon_product` (
  `coupon_product_id` int(11) NOT NULL,
  `coupon_id` int(11) NOT NULL,
  `product_id` int(11) NOT NULL
) ENGINE=MyISAM DEFAULT CHARSET=utf8;

-- --------------------------------------------------------

--
-- Table structure for table `oc_currency`
--

CREATE TABLE `oc_currency` (
  `currency_id` int(11) NOT NULL,
  `title` varchar(32) NOT NULL,
  `code` varchar(3) NOT NULL,
  `symbol_left` varchar(12) NOT NULL,
  `symbol_right` varchar(12) NOT NULL,
  `decimal_place` char(1) NOT NULL,
  `value` double(15,8) NOT NULL,
  `status` tinyint(1) NOT NULL,
  `date_modified` datetime NOT NULL
) ENGINE=MyISAM DEFAULT CHARSET=utf8;

--
-- Dumping data for table `oc_currency`
--

INSERT INTO `oc_currency` (`currency_id`, `title`, `code`, `symbol_left`, `symbol_right`, `decimal_place`, `value`, `status`, `date_modified`) VALUES
(1, 'Pound Sterling', 'GBP', '£', '', '2', 0.75261534, 1, '2017-11-01 09:19:14'),
(2, 'US Dollar', 'USD', '$', '', '2', 1.00000000, 1, '2018-03-22 03:40:22'),
(3, 'Euro', 'EUR', '€', '', '2', 0.85932801, 1, '2018-02-23 08:37:02');

-- --------------------------------------------------------

--
-- Table structure for table `oc_customer`
--

CREATE TABLE `oc_customer` (
  `customer_id` int(11) NOT NULL,
  `customer_group_id` int(11) NOT NULL,
  `store_id` int(11) NOT NULL DEFAULT '0',
  `language_id` int(11) NOT NULL,
  `firstname` varchar(32) NOT NULL,
  `lastname` varchar(32) NOT NULL,
  `email` varchar(96) NOT NULL,
  `telephone` varchar(32) NOT NULL,
  `fax` varchar(32) NOT NULL,
  `password` varchar(40) NOT NULL,
  `salt` varchar(9) NOT NULL,
  `cart` text,
  `wishlist` text,
  `newsletter` tinyint(1) NOT NULL DEFAULT '0',
  `address_id` int(11) NOT NULL DEFAULT '0',
  `custom_field` text NOT NULL,
  `ip` varchar(40) NOT NULL,
  `status` tinyint(1) NOT NULL,
  `safe` tinyint(1) NOT NULL,
  `token` text NOT NULL,
  `code` varchar(40) NOT NULL,
  `date_added` datetime NOT NULL
) ENGINE=MyISAM DEFAULT CHARSET=utf8;

--
-- Dumping data for table `oc_customer`
--

INSERT INTO `oc_customer` (`customer_id`, `customer_group_id`, `store_id`, `language_id`, `firstname`, `lastname`, `email`, `telephone`, `fax`, `password`, `salt`, `cart`, `wishlist`, `newsletter`, `address_id`, `custom_field`, `ip`, `status`, `safe`, `token`, `code`, `date_added`) VALUES
(1, 1, 0, 1, 'demo', 'plaza', 'demo@plazathemes.com', '1234567890', '', 'cf4e509cbc354cb5d12f140da32884a66832800c', 'c6DaYD25P', NULL, NULL, 0, 1, '', '127.0.0.1', 1, 0, '', '', '2017-11-16 11:18:16');

-- --------------------------------------------------------

--
-- Table structure for table `oc_customer_activity`
--

CREATE TABLE `oc_customer_activity` (
  `customer_activity_id` int(11) NOT NULL,
  `customer_id` int(11) NOT NULL,
  `key` varchar(64) NOT NULL,
  `data` text NOT NULL,
  `ip` varchar(40) NOT NULL,
  `date_added` datetime NOT NULL
) ENGINE=MyISAM DEFAULT CHARSET=utf8;

-- --------------------------------------------------------

--
-- Table structure for table `oc_customer_affiliate`
--

CREATE TABLE `oc_customer_affiliate` (
  `customer_id` int(11) NOT NULL,
  `company` varchar(40) NOT NULL,
  `website` varchar(255) NOT NULL,
  `tracking` varchar(64) NOT NULL,
  `commission` decimal(4,2) NOT NULL DEFAULT '0.00',
  `tax` varchar(64) NOT NULL,
  `payment` varchar(6) NOT NULL,
  `cheque` varchar(100) NOT NULL,
  `paypal` varchar(64) NOT NULL,
  `bank_name` varchar(64) NOT NULL,
  `bank_branch_number` varchar(64) NOT NULL,
  `bank_swift_code` varchar(64) NOT NULL,
  `bank_account_name` varchar(64) NOT NULL,
  `bank_account_number` varchar(64) NOT NULL,
  `custom_field` text NOT NULL,
  `status` tinyint(1) NOT NULL,
  `date_added` datetime NOT NULL
) ENGINE=MyISAM DEFAULT CHARSET=utf8;

-- --------------------------------------------------------

--
-- Table structure for table `oc_customer_approval`
--

CREATE TABLE `oc_customer_approval` (
  `customer_approval_id` int(11) NOT NULL,
  `customer_id` int(11) NOT NULL,
  `type` varchar(9) NOT NULL,
  `date_added` datetime NOT NULL
) ENGINE=MyISAM DEFAULT CHARSET=utf8;

-- --------------------------------------------------------

--
-- Table structure for table `oc_customer_group`
--

CREATE TABLE `oc_customer_group` (
  `customer_group_id` int(11) NOT NULL,
  `approval` int(1) NOT NULL,
  `sort_order` int(3) NOT NULL
) ENGINE=MyISAM DEFAULT CHARSET=utf8;

--
-- Dumping data for table `oc_customer_group`
--

INSERT INTO `oc_customer_group` (`customer_group_id`, `approval`, `sort_order`) VALUES
(1, 0, 1);

-- --------------------------------------------------------

--
-- Table structure for table `oc_customer_group_description`
--

CREATE TABLE `oc_customer_group_description` (
  `customer_group_id` int(11) NOT NULL,
  `language_id` int(11) NOT NULL,
  `name` varchar(32) NOT NULL,
  `description` text NOT NULL
) ENGINE=MyISAM DEFAULT CHARSET=utf8;

--
-- Dumping data for table `oc_customer_group_description`
--

INSERT INTO `oc_customer_group_description` (`customer_group_id`, `language_id`, `name`, `description`) VALUES
(1, 1, 'Default', 'test'),
(1, 2, 'Default', 'test');

-- --------------------------------------------------------

--
-- Table structure for table `oc_customer_history`
--

CREATE TABLE `oc_customer_history` (
  `customer_history_id` int(11) NOT NULL,
  `customer_id` int(11) NOT NULL,
  `comment` text NOT NULL,
  `date_added` datetime NOT NULL
) ENGINE=MyISAM DEFAULT CHARSET=utf8;

-- --------------------------------------------------------

--
-- Table structure for table `oc_customer_ip`
--

CREATE TABLE `oc_customer_ip` (
  `customer_ip_id` int(11) NOT NULL,
  `customer_id` int(11) NOT NULL,
  `ip` varchar(40) NOT NULL,
  `date_added` datetime NOT NULL
) ENGINE=MyISAM DEFAULT CHARSET=utf8;

--
-- Dumping data for table `oc_customer_ip`
--

INSERT INTO `oc_customer_ip` (`customer_ip_id`, `customer_id`, `ip`, `date_added`) VALUES
(1, 1, '127.0.0.1', '2017-11-16 11:19:53');

-- --------------------------------------------------------

--
-- Table structure for table `oc_customer_login`
--

CREATE TABLE `oc_customer_login` (
  `customer_login_id` int(11) NOT NULL,
  `email` varchar(96) NOT NULL,
  `ip` varchar(40) NOT NULL,
  `total` int(4) NOT NULL,
  `date_added` datetime NOT NULL,
  `date_modified` datetime NOT NULL
) ENGINE=MyISAM DEFAULT CHARSET=utf8;

--
-- Dumping data for table `oc_customer_login`
--

INSERT INTO `oc_customer_login` (`customer_login_id`, `email`, `ip`, `total`, `date_added`, `date_modified`) VALUES
(2, 'admin', '127.0.0.1', 1, '2017-11-16 04:17:35', '2017-11-16 04:17:35');

-- --------------------------------------------------------

--
-- Table structure for table `oc_customer_online`
--

CREATE TABLE `oc_customer_online` (
  `ip` varchar(40) NOT NULL,
  `customer_id` int(11) NOT NULL,
  `url` text NOT NULL,
  `referer` text NOT NULL,
  `date_added` datetime NOT NULL
) ENGINE=MyISAM DEFAULT CHARSET=utf8;

-- --------------------------------------------------------

--
-- Table structure for table `oc_customer_reward`
--

CREATE TABLE `oc_customer_reward` (
  `customer_reward_id` int(11) NOT NULL,
  `customer_id` int(11) NOT NULL DEFAULT '0',
  `order_id` int(11) NOT NULL DEFAULT '0',
  `description` text NOT NULL,
  `points` int(8) NOT NULL DEFAULT '0',
  `date_added` datetime NOT NULL
) ENGINE=MyISAM DEFAULT CHARSET=utf8;

-- --------------------------------------------------------

--
-- Table structure for table `oc_customer_search`
--

CREATE TABLE `oc_customer_search` (
  `customer_search_id` int(11) NOT NULL,
  `store_id` int(11) NOT NULL,
  `language_id` int(11) NOT NULL,
  `customer_id` int(11) NOT NULL,
  `keyword` varchar(255) NOT NULL,
  `category_id` int(11) DEFAULT NULL,
  `sub_category` tinyint(1) NOT NULL,
  `description` tinyint(1) NOT NULL,
  `products` int(11) NOT NULL,
  `ip` varchar(40) NOT NULL,
  `date_added` datetime NOT NULL
) ENGINE=MyISAM DEFAULT CHARSET=utf8;

-- --------------------------------------------------------

--
-- Table structure for table `oc_customer_transaction`
--

CREATE TABLE `oc_customer_transaction` (
  `customer_transaction_id` int(11) NOT NULL,
  `customer_id` int(11) NOT NULL,
  `order_id` int(11) NOT NULL,
  `description` text NOT NULL,
  `amount` decimal(15,4) NOT NULL,
  `date_added` datetime NOT NULL
) ENGINE=MyISAM DEFAULT CHARSET=utf8;

-- --------------------------------------------------------

--
-- Table structure for table `oc_customer_wishlist`
--

CREATE TABLE `oc_customer_wishlist` (
  `customer_id` int(11) NOT NULL,
  `product_id` int(11) NOT NULL,
  `date_added` datetime NOT NULL
) ENGINE=MyISAM DEFAULT CHARSET=utf8;

-- --------------------------------------------------------

--
-- Table structure for table `oc_custom_field`
--

CREATE TABLE `oc_custom_field` (
  `custom_field_id` int(11) NOT NULL,
  `type` varchar(32) NOT NULL,
  `value` text NOT NULL,
  `validation` varchar(255) NOT NULL,
  `location` varchar(10) NOT NULL,
  `status` tinyint(1) NOT NULL,
  `sort_order` int(3) NOT NULL
) ENGINE=MyISAM DEFAULT CHARSET=utf8;

-- --------------------------------------------------------

--
-- Table structure for table `oc_custom_field_customer_group`
--

CREATE TABLE `oc_custom_field_customer_group` (
  `custom_field_id` int(11) NOT NULL,
  `customer_group_id` int(11) NOT NULL,
  `required` tinyint(1) NOT NULL
) ENGINE=MyISAM DEFAULT CHARSET=utf8;

-- --------------------------------------------------------

--
-- Table structure for table `oc_custom_field_description`
--

CREATE TABLE `oc_custom_field_description` (
  `custom_field_id` int(11) NOT NULL,
  `language_id` int(11) NOT NULL,
  `name` varchar(128) NOT NULL
) ENGINE=MyISAM DEFAULT CHARSET=utf8;

-- --------------------------------------------------------

--
-- Table structure for table `oc_custom_field_value`
--

CREATE TABLE `oc_custom_field_value` (
  `custom_field_value_id` int(11) NOT NULL,
  `custom_field_id` int(11) NOT NULL,
  `sort_order` int(3) NOT NULL
) ENGINE=MyISAM DEFAULT CHARSET=utf8;

-- --------------------------------------------------------

--
-- Table structure for table `oc_custom_field_value_description`
--

CREATE TABLE `oc_custom_field_value_description` (
  `custom_field_value_id` int(11) NOT NULL,
  `language_id` int(11) NOT NULL,
  `custom_field_id` int(11) NOT NULL,
  `name` varchar(128) NOT NULL
) ENGINE=MyISAM DEFAULT CHARSET=utf8;

-- --------------------------------------------------------

--
-- Table structure for table `oc_download`
--

CREATE TABLE `oc_download` (
  `download_id` int(11) NOT NULL,
  `filename` varchar(160) NOT NULL,
  `mask` varchar(128) NOT NULL,
  `date_added` datetime NOT NULL
) ENGINE=MyISAM DEFAULT CHARSET=utf8;

-- --------------------------------------------------------

--
-- Table structure for table `oc_download_description`
--

CREATE TABLE `oc_download_description` (
  `download_id` int(11) NOT NULL,
  `language_id` int(11) NOT NULL,
  `name` varchar(64) NOT NULL
) ENGINE=MyISAM DEFAULT CHARSET=utf8;

-- --------------------------------------------------------

--
-- Table structure for table `oc_event`
--

CREATE TABLE `oc_event` (
  `event_id` int(11) NOT NULL,
  `code` varchar(64) NOT NULL,
  `trigger` text NOT NULL,
  `action` text NOT NULL,
  `status` tinyint(1) NOT NULL,
  `sort_order` int(3) NOT NULL
) ENGINE=MyISAM DEFAULT CHARSET=utf8;

--
-- Dumping data for table `oc_event`
--

INSERT INTO `oc_event` (`event_id`, `code`, `trigger`, `action`, `status`, `sort_order`) VALUES
(1, 'activity_customer_add', 'catalog/model/account/customer/addCustomer/after', 'event/activity/addCustomer', 1, 0),
(2, 'activity_customer_edit', 'catalog/model/account/customer/editCustomer/after', 'event/activity/editCustomer', 1, 0),
(3, 'activity_customer_password', 'catalog/model/account/customer/editPassword/after', 'event/activity/editPassword', 1, 0),
(4, 'activity_customer_forgotten', 'catalog/model/account/customer/editCode/after', 'event/activity/forgotten', 1, 0),
(5, 'activity_transaction', 'catalog/model/account/customer/addTransaction/after', 'event/activity/addTransaction', 1, 0),
(6, 'activity_customer_login', 'catalog/model/account/customer/deleteLoginAttempts/after', 'event/activity/login', 1, 0),
(7, 'activity_address_add', 'catalog/model/account/address/addAddress/after', 'event/activity/addAddress', 1, 0),
(8, 'activity_address_edit', 'catalog/model/account/address/editAddress/after', 'event/activity/editAddress', 1, 0),
(9, 'activity_address_delete', 'catalog/model/account/address/deleteAddress/after', 'event/activity/deleteAddress', 1, 0),
(10, 'activity_affiliate_add', 'catalog/model/account/customer/addAffiliate/after', 'event/activity/addAffiliate', 1, 0),
(11, 'activity_affiliate_edit', 'catalog/model/account/customer/editAffiliate/after', 'event/activity/editAffiliate', 1, 0),
(12, 'activity_order_add', 'catalog/model/checkout/order/addOrderHistory/before', 'event/activity/addOrderHistory', 1, 0),
(13, 'activity_return_add', 'catalog/model/account/return/addReturn/after', 'event/activity/addReturn', 1, 0),
(14, 'mail_transaction', 'catalog/model/account/customer/addTransaction/after', 'mail/transaction', 1, 0),
(15, 'mail_forgotten', 'catalog/model/account/customer/editCode/after', 'mail/forgotten', 1, 0),
(16, 'mail_customer_add', 'catalog/model/account/customer/addCustomer/after', 'mail/register', 1, 0),
(17, 'mail_customer_alert', 'catalog/model/account/customer/addCustomer/after', 'mail/register/alert', 1, 0),
(18, 'mail_affiliate_add', 'catalog/model/account/customer/addAffiliate/after', 'mail/affiliate', 1, 0),
(19, 'mail_affiliate_alert', 'catalog/model/account/customer/addAffiliate/after', 'mail/affiliate/alert', 1, 0),
(20, 'mail_voucher', 'catalog/model/checkout/order/addOrderHistory/after', 'extension/total/voucher/send', 1, 0),
(21, 'mail_order_add', 'catalog/model/checkout/order/addOrderHistory/before', 'mail/order', 1, 0),
(22, 'mail_order_alert', 'catalog/model/checkout/order/addOrderHistory/before', 'mail/order/alert', 1, 0),
(23, 'statistics_review_add', 'catalog/model/catalog/review/addReview/after', 'event/statistics/addReview', 1, 0),
(24, 'statistics_return_add', 'catalog/model/account/return/addReturn/after', 'event/statistics/addReturn', 1, 0),
(25, 'statistics_order_history', 'catalog/model/checkout/order/addOrderHistory/after', 'event/statistics/addOrderHistory', 1, 0),
(26, 'admin_mail_affiliate_approve', 'admin/model/customer/customer_approval/approveAffiliate/after', 'mail/affiliate/approve', 1, 0),
(27, 'admin_mail_affiliate_deny', 'admin/model/customer/customer_approval/denyAffiliate/after', 'mail/affiliate/deny', 1, 0),
(28, 'admin_mail_customer_approve', 'admin/model/customer/customer_approval/approveCustomer/after', 'mail/customer/approve', 1, 0),
(29, 'admin_mail_customer_deny', 'admin/model/customer/customer_approval/denyCustomer/after', 'mail/customer/deny', 1, 0),
(30, 'admin_mail_reward', 'admin/model/customer/customer/addReward/after', 'mail/reward', 1, 0),
(31, 'admin_mail_transaction', 'admin/model/customer/customer/addTransaction/after', 'mail/transaction', 1, 0),
(32, 'admin_mail_return', 'admin/model/sale/return/addReturn/after', 'mail/return', 1, 0),
(33, 'admin_mail_forgotten', 'admin/model/user/user/editCode/after', 'mail/forgotten', 1, 0);

-- --------------------------------------------------------

--
-- Table structure for table `oc_extension`
--

CREATE TABLE `oc_extension` (
  `extension_id` int(11) NOT NULL,
  `type` varchar(32) NOT NULL,
  `code` varchar(32) NOT NULL
) ENGINE=MyISAM DEFAULT CHARSET=utf8;

--
-- Dumping data for table `oc_extension`
--

INSERT INTO `oc_extension` (`extension_id`, `type`, `code`) VALUES
(1, 'payment', 'cod'),
(2, 'total', 'shipping'),
(3, 'total', 'sub_total'),
(4, 'total', 'tax'),
(5, 'total', 'total'),
(8, 'total', 'credit'),
(9, 'shipping', 'flat'),
(10, 'total', 'handling'),
(11, 'total', 'low_order_fee'),
(12, 'total', 'coupon'),
(15, 'total', 'reward'),
(16, 'total', 'voucher'),
(17, 'payment', 'free_checkout'),
(20, 'theme', 'default'),
(21, 'dashboard', 'activity'),
(22, 'dashboard', 'sale'),
(23, 'dashboard', 'recent'),
(24, 'dashboard', 'order'),
(25, 'dashboard', 'online'),
(26, 'dashboard', 'map'),
(27, 'dashboard', 'customer'),
(28, 'dashboard', 'chart'),
(29, 'report', 'sale_coupon'),
(31, 'report', 'customer_search'),
(32, 'report', 'customer_transaction'),
(33, 'report', 'product_purchased'),
(34, 'report', 'product_viewed'),
(35, 'report', 'sale_return'),
(36, 'report', 'sale_order'),
(37, 'report', 'sale_shipping'),
(38, 'report', 'sale_tax'),
(39, 'report', 'customer_activity'),
(40, 'report', 'customer_order'),
(41, 'report', 'customer_reward'),
(42, 'module', 'oc_page_builder'),
(43, 'module', 'ocajaxlogin'),
(44, 'module', 'ocblog'),
(45, 'module', 'occmsblock'),
(46, 'module', 'oclayerednavigation'),
(47, 'module', 'newslettersubscribe'),
(48, 'module', 'ocslideshow'),
(50, 'module', 'octhemeoption'),
(61, 'module', 'ocproduct'),
(52, 'module', 'octabproducts'),
(53, 'module', 'ochozmegamenu'),
(56, 'module', 'carousel'),
(57, 'module', 'featured'),
(60, 'module', 'ocfeaturedcategory'),
(62, 'module', 'ocsearchcategory'),
(63, 'module', 'ocvermegamenu'),
(64, 'module', 'ocbestsellerpage'),
(65, 'module', 'ocnewproductpage'),
(66, 'module', 'ocinstagram');

-- --------------------------------------------------------

--
-- Table structure for table `oc_extension_install`
--

CREATE TABLE `oc_extension_install` (
  `extension_install_id` int(11) NOT NULL,
  `extension_download_id` int(11) NOT NULL,
  `filename` varchar(255) NOT NULL,
  `date_added` datetime NOT NULL
) ENGINE=MyISAM DEFAULT CHARSET=utf8;

--
-- Dumping data for table `oc_extension_install`
--

INSERT INTO `oc_extension_install` (`extension_install_id`, `extension_download_id`, `filename`, `date_added`) VALUES
(28, 0, 'occustomizetemplate.ocmod.zip', '2017-09-12 17:26:42'),
(27, 0, 'octhemeoption.ocmod.zip', '2017-09-08 09:52:09'),
(26, 0, 'octhemeoption.ocmod.zip', '2017-09-08 09:25:18'),
(25, 0, 'occustomizetemplate.ocmod.zip', '2017-08-29 10:03:24'),
(24, 0, 'occustomizetemplate.ocmod.zip', '2017-08-29 10:02:22'),
(23, 0, 'octhemeoption.ocmod.zip', '2017-08-29 10:01:05'),
(22, 0, 'oclayerednavigation.ocmod.zip', '2017-08-29 10:00:56'),
(33, 0, 'occustomizetemplate.ocmod.zip', '2017-11-21 10:59:26'),
(29, 0, 'occustomizetemplate.ocmod.zip', '2017-10-30 09:13:47'),
(30, 0, 'occustomizetemplate.ocmod.zip', '2017-11-12 22:00:56'),
(31, 0, 'occustomizetemplate.ocmod.zip', '2017-11-13 15:37:33'),
(32, 0, 'occustomizetemplate.ocmod.zip', '2017-11-21 10:54:16'),
(34, 0, 'ocsearchcategory.ocmod.zip', '2017-11-22 22:59:20'),
(35, 0, 'occustomizetemplate.ocmod.zip', '2017-12-05 22:09:26'),
(36, 0, 'occustomizetemplate.ocmod.zip', '2017-12-05 22:19:12'),
(37, 0, 'occustomizetemplate.ocmod.zip', '2018-01-18 23:16:44'),
(38, 0, 'occustomizetemplate.ocmod.zip', '2018-01-20 10:46:55'),
(39, 0, 'octhemeoption.ocmod.zip', '2018-02-23 09:43:57'),
(40, 0, 'occustomizetemplate.ocmod.zip', '2018-03-01 13:47:38'),
(41, 0, 'occustomizetemplate.ocmod.zip', '2018-03-01 13:54:37'),
(42, 0, 'occustomizetemplate.ocmod.zip', '2018-03-01 13:57:29'),
(43, 0, 'occustomizetemplate.ocmod.zip', '2018-03-01 16:08:51'),
(44, 0, 'occustomizetemplate.ocmod.zip', '2018-03-16 13:33:09');

-- --------------------------------------------------------

--
-- Table structure for table `oc_extension_path`
--

CREATE TABLE `oc_extension_path` (
  `extension_path_id` int(11) NOT NULL,
  `extension_install_id` int(11) NOT NULL,
  `path` varchar(255) NOT NULL,
  `date_added` datetime NOT NULL
) ENGINE=MyISAM DEFAULT CHARSET=utf8;

-- --------------------------------------------------------

--
-- Table structure for table `oc_filter`
--

CREATE TABLE `oc_filter` (
  `filter_id` int(11) NOT NULL,
  `filter_group_id` int(11) NOT NULL,
  `sort_order` int(3) NOT NULL
) ENGINE=MyISAM DEFAULT CHARSET=utf8;

--
-- Dumping data for table `oc_filter`
--

INSERT INTO `oc_filter` (`filter_id`, `filter_group_id`, `sort_order`) VALUES
(1, 1, 0),
(2, 1, 0),
(3, 1, 0),
(4, 1, 0),
(5, 2, 0),
(6, 2, 0),
(7, 2, 0),
(8, 2, 0),
(9, 2, 0),
(10, 3, 0),
(11, 3, 0),
(12, 3, 0),
(13, 3, 0);

-- --------------------------------------------------------

--
-- Table structure for table `oc_filter_description`
--

CREATE TABLE `oc_filter_description` (
  `filter_id` int(11) NOT NULL,
  `language_id` int(11) NOT NULL,
  `filter_group_id` int(11) NOT NULL,
  `name` varchar(64) NOT NULL
) ENGINE=MyISAM DEFAULT CHARSET=utf8;

--
-- Dumping data for table `oc_filter_description`
--

INSERT INTO `oc_filter_description` (`filter_id`, `language_id`, `filter_group_id`, `name`) VALUES
(1, 1, 1, 'Tops'),
(1, 2, 1, 'Tops'),
(2, 1, 1, 'Handbags'),
(2, 2, 1, 'Handbags'),
(3, 1, 1, 'Dresses'),
(3, 2, 1, 'Dresses'),
(4, 1, 1, 'Accessories'),
(4, 2, 1, 'Accessories'),
(5, 1, 2, 'Black'),
(5, 2, 2, 'Black'),
(6, 1, 2, 'Blue'),
(6, 2, 2, 'Blue'),
(7, 1, 2, 'Green'),
(7, 2, 2, 'Green'),
(8, 1, 2, 'Red'),
(8, 2, 2, 'Red'),
(9, 1, 2, 'White'),
(9, 2, 2, 'White'),
(10, 1, 3, 'Versace'),
(10, 2, 3, 'Versace'),
(11, 1, 3, 'Tommy Hilfiger'),
(11, 2, 3, 'Tommy Hilfiger'),
(12, 1, 3, 'Diesel'),
(12, 2, 3, 'Diesel'),
(13, 1, 3, 'Calvin Klein'),
(13, 2, 3, 'Calvin Klein');

-- --------------------------------------------------------

--
-- Table structure for table `oc_filter_group`
--

CREATE TABLE `oc_filter_group` (
  `filter_group_id` int(11) NOT NULL,
  `sort_order` int(3) NOT NULL
) ENGINE=MyISAM DEFAULT CHARSET=utf8;

--
-- Dumping data for table `oc_filter_group`
--

INSERT INTO `oc_filter_group` (`filter_group_id`, `sort_order`) VALUES
(1, 0),
(2, 0),
(3, 0);

-- --------------------------------------------------------

--
-- Table structure for table `oc_filter_group_description`
--

CREATE TABLE `oc_filter_group_description` (
  `filter_group_id` int(11) NOT NULL,
  `language_id` int(11) NOT NULL,
  `name` varchar(64) NOT NULL
) ENGINE=MyISAM DEFAULT CHARSET=utf8;

--
-- Dumping data for table `oc_filter_group_description`
--

INSERT INTO `oc_filter_group_description` (`filter_group_id`, `language_id`, `name`) VALUES
(1, 1, 'Category'),
(1, 2, 'Category'),
(2, 1, 'Color'),
(2, 2, 'Color'),
(3, 1, 'Manufacturer'),
(3, 2, 'Manufacturer');

-- --------------------------------------------------------

--
-- Table structure for table `oc_geo_zone`
--

CREATE TABLE `oc_geo_zone` (
  `geo_zone_id` int(11) NOT NULL,
  `name` varchar(32) NOT NULL,
  `description` varchar(255) NOT NULL,
  `date_added` datetime NOT NULL,
  `date_modified` datetime NOT NULL
) ENGINE=MyISAM DEFAULT CHARSET=utf8;

--
-- Dumping data for table `oc_geo_zone`
--

INSERT INTO `oc_geo_zone` (`geo_zone_id`, `name`, `description`, `date_added`, `date_modified`) VALUES
(3, 'UK VAT Zone', 'UK VAT', '2009-01-06 23:26:25', '2010-02-26 22:33:24'),
(4, 'UK Shipping', 'UK Shipping Zones', '2009-06-23 01:14:53', '2010-12-15 15:18:13');

-- --------------------------------------------------------

--
-- Table structure for table `oc_information`
--

CREATE TABLE `oc_information` (
  `information_id` int(11) NOT NULL,
  `bottom` int(1) NOT NULL DEFAULT '0',
  `sort_order` int(3) NOT NULL DEFAULT '0',
  `status` tinyint(1) NOT NULL DEFAULT '1'
) ENGINE=MyISAM DEFAULT CHARSET=utf8;

--
-- Dumping data for table `oc_information`
--

INSERT INTO `oc_information` (`information_id`, `bottom`, `sort_order`, `status`) VALUES
(3, 1, 3, 1),
(4, 1, 1, 1),
(5, 1, 4, 1),
(6, 1, 2, 1);

-- --------------------------------------------------------

--
-- Table structure for table `oc_information_description`
--

CREATE TABLE `oc_information_description` (
  `information_id` int(11) NOT NULL,
  `language_id` int(11) NOT NULL,
  `title` varchar(64) NOT NULL,
  `description` mediumtext NOT NULL,
  `meta_title` varchar(255) NOT NULL,
  `meta_description` varchar(255) NOT NULL,
  `meta_keyword` varchar(255) NOT NULL
) ENGINE=MyISAM DEFAULT CHARSET=utf8;

--
-- Dumping data for table `oc_information_description`
--

INSERT INTO `oc_information_description` (`information_id`, `language_id`, `title`, `description`, `meta_title`, `meta_description`, `meta_keyword`) VALUES
(4, 1, 'About Us', '&lt;p&gt;\r\n	About Us&lt;/p&gt;\r\n', 'About Us', '', ''),
(5, 1, 'Terms &amp; Conditions', '&lt;p&gt;\r\n	Terms &amp;amp; Conditions&lt;/p&gt;\r\n', 'Terms &amp; Conditions', '', ''),
(3, 1, 'Privacy Policy', '&lt;p&gt;\r\n	Privacy Policy&lt;/p&gt;\r\n', 'Privacy Policy', '', ''),
(6, 2, 'Delivery Information', '&lt;p&gt;\r\n	Delivery Information&lt;/p&gt;\r\n', 'Delivery Information', '', ''),
(4, 2, 'About Us', '&lt;p&gt;\r\n	About Us&lt;/p&gt;\r\n', 'About Us', '', ''),
(5, 2, 'Terms &amp; Conditions', '&lt;p&gt;\r\n	Terms &amp;amp; Conditions&lt;/p&gt;\r\n', 'Terms &amp; Conditions', '', ''),
(3, 2, 'Privacy Policy', '&lt;p&gt;\r\n	Privacy Policy&lt;/p&gt;\r\n', 'Privacy Policy', '', ''),
(6, 1, 'Delivery Information', '&lt;p&gt;\r\n	Delivery Information&lt;/p&gt;\r\n', 'Delivery Information', '', '');

-- --------------------------------------------------------

--
-- Table structure for table `oc_information_to_layout`
--

CREATE TABLE `oc_information_to_layout` (
  `information_id` int(11) NOT NULL,
  `store_id` int(11) NOT NULL,
  `layout_id` int(11) NOT NULL
) ENGINE=MyISAM DEFAULT CHARSET=utf8;

--
-- Dumping data for table `oc_information_to_layout`
--

INSERT INTO `oc_information_to_layout` (`information_id`, `store_id`, `layout_id`) VALUES
(4, 1, 0),
(4, 0, 0),
(6, 0, 0),
(6, 1, 0),
(3, 1, 0),
(3, 0, 0),
(5, 1, 0),
(5, 0, 0),
(4, 2, 0),
(4, 3, 0),
(3, 2, 0),
(3, 3, 0),
(5, 2, 0),
(5, 3, 0);

-- --------------------------------------------------------

--
-- Table structure for table `oc_information_to_store`
--

CREATE TABLE `oc_information_to_store` (
  `information_id` int(11) NOT NULL,
  `store_id` int(11) NOT NULL
) ENGINE=MyISAM DEFAULT CHARSET=utf8;

--
-- Dumping data for table `oc_information_to_store`
--

INSERT INTO `oc_information_to_store` (`information_id`, `store_id`) VALUES
(3, 0),
(3, 1),
(3, 2),
(3, 3),
(4, 0),
(4, 1),
(4, 2),
(4, 3),
(5, 0),
(5, 1),
(5, 2),
(5, 3),
(6, 0),
(6, 1);

-- --------------------------------------------------------

--
-- Table structure for table `oc_language`
--

CREATE TABLE `oc_language` (
  `language_id` int(11) NOT NULL,
  `name` varchar(32) NOT NULL,
  `code` varchar(5) NOT NULL,
  `locale` varchar(255) NOT NULL,
  `image` varchar(64) NOT NULL,
  `directory` varchar(32) NOT NULL,
  `sort_order` int(3) NOT NULL DEFAULT '0',
  `status` tinyint(1) NOT NULL
) ENGINE=MyISAM DEFAULT CHARSET=utf8;

--
-- Dumping data for table `oc_language`
--

INSERT INTO `oc_language` (`language_id`, `name`, `code`, `locale`, `image`, `directory`, `sort_order`, `status`) VALUES
(1, 'English', 'en-gb', 'en-US,en_US.UTF-8,en_US,en-gb,english', 'gb.png', 'english', 1, 1),
(2, 'French', 'fr-gb', 'fr_US.UTF-8,fr_US,fr-gb,french', '', '', 2, 1);

-- --------------------------------------------------------

--
-- Table structure for table `oc_layout`
--

CREATE TABLE `oc_layout` (
  `layout_id` int(11) NOT NULL,
  `name` varchar(64) NOT NULL
) ENGINE=MyISAM DEFAULT CHARSET=utf8;

--
-- Dumping data for table `oc_layout`
--

INSERT INTO `oc_layout` (`layout_id`, `name`) VALUES
(1, 'Calcio 01: Home'),
(2, 'Calcio 01: Product'),
(3, 'Calcio 01: Category'),
(4, 'Calcio 01: Default'),
(26, 'Calcio 01: Manufacturer Product,Search Product,Special Product'),
(27, 'Calcio 02: Default'),
(28, 'Calcio 02: Home'),
(29, 'Calcio 02: Category'),
(30, 'Calcio 02: Manufacturer Product,Search Product,Special Product'),
(31, 'Calcio 02: Product'),
(32, 'Calcio 03: Default'),
(33, 'Calcio 03: Home'),
(34, 'Calcio 01: Newproduct Page, Bestseller Product'),
(35, 'Calcio 02: Newproduct Page, Bestseller Product'),
(36, 'Calcio 03: Category'),
(37, 'Calcio 03: Manufacturer Product,Search Product,Special Product'),
(38, 'Calcio 03: Newproduct Page, Bestseller Product'),
(39, 'Calcio 03: Product'),
(40, 'Calcio 04: Default'),
(41, 'Calcio 04: Home'),
(42, 'Calcio 04: Category'),
(43, 'Calcio 04: Manufacturer Product,Search Product,Special Product'),
(44, 'Calcio 04: Product');

-- --------------------------------------------------------

--
-- Table structure for table `oc_layout_module`
--

CREATE TABLE `oc_layout_module` (
  `layout_module_id` int(11) NOT NULL,
  `layout_id` int(11) NOT NULL,
  `code` varchar(64) NOT NULL,
  `position` varchar(14) NOT NULL,
  `sort_order` int(3) NOT NULL
) ENGINE=MyISAM DEFAULT CHARSET=utf8;

--
-- Dumping data for table `oc_layout_module`
--

INSERT INTO `oc_layout_module` (`layout_module_id`, `layout_id`, `code`, `position`, `sort_order`) VALUES
(1692, 29, 'occmsblock.117', 'block6', 0),
(1670, 34, 'occmsblock.116', 'block5', 0),
(1635, 4, 'occmsblock.116', 'block5', 0),
(1634, 4, 'ocinstagram.152', 'block4', 0),
(1625, 3, 'occmsblock.116', 'block5', 0),
(1633, 4, 'occmsblock.115', 'block3', 2),
(1624, 3, 'ocinstagram.152', 'block4', 0),
(1623, 3, 'occmsblock.115', 'block3', 2),
(1622, 3, 'newslettersubscribe.40', 'block3', 1),
(1621, 3, 'carousel.51', 'block3', 0),
(1646, 1, 'occmsblock.116', 'block5', 0),
(1620, 3, 'occmsblock.104', 'block2', 1),
(1645, 1, 'ocinstagram.152', 'block4', 0),
(1619, 3, 'ocajaxlogin', 'content_top', 0),
(1618, 3, 'ochozmegamenu.43', 'block1', 1),
(1617, 3, 'ocvermegamenu.103', 'block1', 0),
(1616, 3, 'occmsblock.94', 'column_left', 1),
(1681, 2, 'occmsblock.117', 'block6', 0),
(1679, 2, 'ocinstagram.152', 'block4', 0),
(1632, 4, 'newslettersubscribe.40', 'block3', 1),
(1631, 4, 'carousel.51', 'block3', 0),
(1671, 34, 'occmsblock.117', 'block6', 0),
(1657, 26, 'ocinstagram.152', 'block4', 0),
(1658, 26, 'occmsblock.116', 'block5', 0),
(1659, 26, 'occmsblock.117', 'block6', 0),
(1656, 26, 'occmsblock.115', 'block3', 2),
(1678, 2, 'occmsblock.115', 'block3', 2),
(1701, 27, 'occmsblock.117', 'block6', 0),
(1669, 34, 'ocinstagram.152', 'block4', 0),
(1644, 1, 'occmsblock.115', 'block3', 2),
(1643, 1, 'newslettersubscribe.40', 'block3', 1),
(1711, 28, 'occmsblock.116', 'block5', 0),
(1710, 28, 'ocinstagram.152', 'block4', 0),
(1709, 28, 'occmsblock.115', 'block3', 3),
(1668, 34, 'occmsblock.115', 'block3', 2),
(1655, 26, 'newslettersubscribe.40', 'block3', 1),
(1691, 29, 'occmsblock.116', 'block5', 0),
(1689, 29, 'occmsblock.115', 'block3', 2),
(1688, 29, 'newslettersubscribe.40', 'block3', 1),
(1615, 3, 'oclayerednavigation', 'column_left', 0),
(1677, 2, 'newslettersubscribe.40', 'block3', 1),
(1653, 26, 'occmsblock.104', 'block2', 0),
(1676, 2, 'carousel.51', 'block3', 0),
(1723, 30, 'occmsblock.117', 'block6', 0),
(1721, 30, 'ocinstagram.152', 'block4', 0),
(1667, 34, 'newslettersubscribe.40', 'block3', 1),
(1742, 31, 'occmsblock.116', 'block5', 0),
(1741, 31, 'ocinstagram.152', 'block4', 0),
(1675, 2, 'occmsblock.104', 'block2', 1),
(1654, 26, 'carousel.51', 'block3', 0),
(1674, 2, 'ocajaxlogin', 'content_top', 0),
(1698, 27, 'occmsblock.115', 'block3', 2),
(1665, 34, 'occmsblock.104', 'block2', 0),
(1652, 26, 'ocajaxlogin', 'content_top', 0),
(1630, 4, 'occmsblock.104', 'block2', 0),
(1629, 4, 'ocajaxlogin', 'content_top', 0),
(1719, 30, 'newslettersubscribe.40', 'block3', 1),
(1628, 4, 'ochozmegamenu.43', 'block1', 1),
(1863, 32, 'occmsblock.117', 'block6', 0),
(1861, 32, 'ocinstagram.152', 'block4', 0),
(1860, 32, 'occmsblock.115', 'block3', 2),
(1651, 26, 'ochozmegamenu.43', 'block1', 1),
(1673, 2, 'ochozmegamenu.43', 'block1', 1),
(1672, 2, 'ocvermegamenu.103', 'block1', 0),
(1775, 33, 'occmsblock.104', 'block7', 0),
(1774, 33, 'occmsblock.117', 'block6', 0),
(1773, 33, 'occmsblock.116', 'block5', 0),
(1650, 26, 'ocvermegamenu.103', 'block1', 0),
(1627, 4, 'ocvermegamenu.103', 'block1', 0),
(1641, 1, 'occmsblock.104', 'block2', 1),
(1642, 1, 'carousel.51', 'block3', 0),
(1640, 1, 'ocajaxlogin', 'content_top', 1),
(1638, 1, 'ochozmegamenu.43', 'block1', 1),
(1666, 34, 'carousel.51', 'block3', 0),
(1663, 34, 'ochozmegamenu.43', 'block1', 1),
(1664, 34, 'ocajaxlogin', 'content_top', 0),
(1662, 34, 'ocvermegamenu.103', 'block1', 0),
(1708, 28, 'newslettersubscribe.40', 'block3', 2),
(1707, 28, 'ocblog.42', 'block3', 1),
(1706, 28, 'carousel.51', 'block3', 0),
(1705, 28, 'ocajaxlogin', 'content_top', 1),
(1703, 28, 'ochozmegamenu.43', 'block1', 1),
(1687, 29, 'carousel.51', 'block3', 0),
(1685, 29, 'ochozmegamenu.43', 'block1', 1),
(1686, 29, 'ocajaxlogin', 'content_top', 0),
(1684, 29, 'ocvermegamenu.118', 'block1', 0),
(1699, 27, 'ocinstagram.152', 'block4', 0),
(1697, 27, 'newslettersubscribe.40', 'block3', 1),
(1696, 27, 'carousel.51', 'block3', 0),
(1695, 27, 'ocajaxlogin', 'content_top', 0),
(1694, 27, 'ochozmegamenu.43', 'block1', 1),
(1693, 27, 'ocvermegamenu.118', 'block1', 0),
(1720, 30, 'occmsblock.115', 'block3', 2),
(1718, 30, 'carousel.51', 'block3', 0),
(1717, 30, 'ocajaxlogin', 'content_top', 0),
(1716, 30, 'ochozmegamenu.43', 'block1', 1),
(1740, 31, 'occmsblock.115', 'block3', 2),
(1739, 31, 'newslettersubscribe.40', 'block3', 1),
(1738, 31, 'carousel.51', 'block3', 0),
(1737, 31, 'ocajaxlogin', 'content_top', 0),
(1736, 31, 'ochozmegamenu.43', 'block1', 1),
(1715, 30, 'ocvermegamenu.118', 'block1', 0),
(1714, 30, 'occmsblock.155', 'column_left', 1),
(1733, 35, 'occmsblock.116', 'block5', 0),
(1732, 35, 'ocinstagram.152', 'block4', 0),
(1730, 35, 'newslettersubscribe.40', 'block3', 1),
(1729, 35, 'carousel.51', 'block3', 0),
(1728, 35, 'ocajaxlogin', 'content_top', 0),
(1727, 35, 'ochozmegamenu.43', 'block1', 1),
(1771, 33, 'occmsblock.115', 'block3', 2),
(1770, 33, 'newslettersubscribe.40', 'block3', 1),
(1769, 33, 'carousel.51', 'block3', 0),
(1768, 33, 'ocvermegamenu.130', 'block2', 0),
(1767, 33, 'oc_page_builder.60', 'content_top', 0),
(1766, 33, 'ochozmegamenu.43', 'block1', 0),
(1748, 36, 'ocvermegamenu.130', 'block2', 0),
(1749, 36, 'carousel.51', 'block3', 0),
(1750, 36, 'newslettersubscribe.40', 'block3', 1),
(1751, 36, 'occmsblock.115', 'block3', 2),
(1752, 36, 'ocinstagram.152', 'block4', 0),
(1753, 36, 'occmsblock.116', 'block5', 0),
(1754, 36, 'occmsblock.117', 'block6', 0),
(1755, 36, 'occmsblock.104', 'block7', 0),
(1787, 37, 'occmsblock.104', 'block7', 0),
(1786, 37, 'occmsblock.117', 'block6', 0),
(1785, 37, 'occmsblock.116', 'block5', 0),
(1782, 37, 'newslettersubscribe.40', 'block3', 1),
(1784, 37, 'ocinstagram.152', 'block4', 0),
(1783, 37, 'occmsblock.115', 'block3', 2),
(1781, 37, 'carousel.51', 'block3', 0),
(1780, 37, 'ocvermegamenu.130', 'block2', 0),
(1778, 37, 'ochozmegamenu.43', 'block1', 0),
(1792, 38, 'ocvermegamenu.130', 'block2', 0),
(1793, 38, 'carousel.51', 'block3', 0),
(1794, 38, 'newslettersubscribe.40', 'block3', 1),
(1795, 38, 'occmsblock.115', 'block3', 2),
(1796, 38, 'ocinstagram.152', 'block4', 0),
(1797, 38, 'occmsblock.116', 'block5', 0),
(1798, 38, 'occmsblock.117', 'block6', 0),
(1799, 38, 'occmsblock.104', 'block7', 0),
(1874, 39, 'occmsblock.104', 'block7', 0),
(1873, 39, 'occmsblock.117', 'block6', 0),
(1872, 39, 'occmsblock.116', 'block5', 0),
(1870, 39, 'occmsblock.115', 'block3', 2),
(1871, 39, 'ocinstagram.152', 'block4', 0),
(1825, 40, 'ocinstagram.152', 'block4', 0),
(1824, 40, 'newslettersubscribe.40', 'block3', 1),
(1822, 40, 'ocajaxlogin', 'content_top', 0),
(1836, 41, 'occmsblock.117', 'block6', 0),
(1823, 40, 'occmsblock.143', 'block2', 0),
(1835, 41, 'occmsblock.116', 'block5', 0),
(1834, 41, 'ocinstagram.152', 'block4', 0),
(1832, 41, 'occmsblock.143', 'block2', 0),
(1833, 41, 'newslettersubscribe.40', 'block3', 1),
(1829, 41, 'ochozmegamenu.154', 'block1', 1),
(1830, 41, 'oc_page_builder.68', 'content_top', 0),
(1831, 41, 'ocajaxlogin', 'content_top', 1),
(1821, 40, 'ochozmegamenu.154', 'block1', 1),
(1813, 42, 'ochozmegamenu.154', 'block1', 1),
(1814, 42, 'ocajaxlogin', 'content_top', 0),
(1815, 42, 'occmsblock.143', 'block2', 0),
(1816, 42, 'newslettersubscribe.40', 'block3', 0),
(1817, 42, 'ocinstagram.152', 'block4', 0),
(1841, 43, 'ocajaxlogin', 'content_top', 0),
(1842, 43, 'occmsblock.143', 'block2', 0),
(1843, 43, 'newslettersubscribe.40', 'block3', 0),
(1844, 43, 'ocinstagram.152', 'block4', 0),
(1845, 43, 'occmsblock.116', 'block5', 0),
(1846, 43, 'occmsblock.117', 'block6', 0),
(1854, 44, 'occmsblock.117', 'block6', 0),
(1839, 43, 'ocvermegamenu.142', 'block1', 0),
(1852, 44, 'ocinstagram.152', 'block4', 0),
(1850, 44, 'occmsblock.143', 'block2', 0),
(1851, 44, 'newslettersubscribe.40', 'block3', 0),
(1849, 44, 'ocajaxlogin', 'content_top', 0),
(1826, 40, 'occmsblock.116', 'block5', 0),
(1819, 42, 'occmsblock.117', 'block6', 0),
(1812, 42, 'ocvermegamenu.142', 'block1', 0),
(1818, 42, 'occmsblock.116', 'block5', 0),
(1811, 42, 'occmsblock.157', 'column_left', 1),
(1820, 40, 'ocvermegamenu.142', 'block1', 0),
(1828, 41, 'ocvermegamenu.142', 'block1', 0),
(1864, 32, 'occmsblock.104', 'block7', 0),
(1840, 43, 'ochozmegamenu.154', 'block1', 1),
(1838, 43, 'occmsblock.157', 'column_left', 1),
(1853, 44, 'occmsblock.116', 'block5', 0),
(1848, 44, 'ochozmegamenu.154', 'block1', 1),
(1847, 44, 'ocvermegamenu.142', 'block1', 0),
(1639, 1, 'oc_page_builder.32', 'content_top', 0),
(1649, 26, 'occmsblock.94', 'column_left', 1),
(1648, 26, 'featured.52', 'column_left', 0),
(1661, 34, 'occmsblock.94', 'column_left', 1),
(1660, 34, 'featured.52', 'column_left', 0),
(1680, 2, 'occmsblock.116', 'block5', 0),
(1637, 1, 'ocvermegamenu.103', 'block1', 0),
(1704, 28, 'oc_page_builder.54', 'content_top', 0),
(1683, 29, 'occmsblock.155', 'column_left', 1),
(1682, 29, 'oclayerednavigation', 'column_left', 0),
(1700, 27, 'occmsblock.116', 'block5', 0),
(1713, 30, 'featured.99', 'column_left', 0),
(1731, 35, 'occmsblock.115', 'block3', 2),
(1726, 35, 'ocvermegamenu.118', 'block1', 0),
(1725, 35, 'occmsblock.155', 'column_left', 1),
(1735, 31, 'ocvermegamenu.118', 'block1', 0),
(1702, 28, 'ocvermegamenu.118', 'block1', 0),
(1772, 33, 'ocinstagram.152', 'block4', 0),
(1862, 32, 'occmsblock.116', 'block5', 0),
(1747, 36, 'ocajaxlogin', 'content_top', 0),
(1746, 36, 'ochozmegamenu.43', 'block1', 0),
(1745, 36, 'occmsblock.156', 'column_left', 1),
(1779, 37, 'ocajaxlogin', 'content_top', 0),
(1777, 37, 'occmsblock.156', 'column_left', 1),
(1791, 38, 'ocajaxlogin', 'content_top', 0),
(1790, 38, 'ochozmegamenu.43', 'block1', 0),
(1789, 38, 'occmsblock.156', 'column_left', 1),
(1859, 32, 'newslettersubscribe.40', 'block3', 1),
(1858, 32, 'carousel.51', 'block3', 0),
(1857, 32, 'ocvermegamenu.130', 'block2', 0),
(1856, 32, 'ocajaxlogin', 'content_top', 0),
(1868, 39, 'carousel.51', 'block3', 0),
(1867, 39, 'ocvermegamenu.130', 'block2', 0),
(1866, 39, 'ocajaxlogin', 'content_top', 0),
(1690, 29, 'ocinstagram.152', 'block4', 0),
(1722, 30, 'occmsblock.116', 'block5', 0),
(1724, 35, 'featured.99', 'column_left', 0),
(1744, 36, 'oclayerednavigation', 'column_left', 0),
(1776, 37, 'featured.141', 'column_left', 0),
(1788, 38, 'featured.141', 'column_left', 0),
(1810, 42, 'oclayerednavigation', 'column_left', 0),
(1837, 43, 'featured.153', 'column_left', 0),
(1626, 3, 'occmsblock.117', 'block6', 0),
(1636, 4, 'occmsblock.117', 'block6', 0),
(1647, 1, 'occmsblock.117', 'block6', 0),
(1712, 28, 'occmsblock.117', 'block6', 0),
(1734, 35, 'occmsblock.117', 'block6', 0),
(1743, 31, 'occmsblock.117', 'block6', 0),
(1855, 32, 'ochozmegamenu.43', 'block1', 0),
(1869, 39, 'newslettersubscribe.40', 'block3', 1),
(1865, 39, 'ochozmegamenu.43', 'block1', 0),
(1827, 40, 'occmsblock.117', 'block6', 0);

-- --------------------------------------------------------

--
-- Table structure for table `oc_layout_route`
--

CREATE TABLE `oc_layout_route` (
  `layout_route_id` int(11) NOT NULL,
  `layout_id` int(11) NOT NULL,
  `store_id` int(11) NOT NULL,
  `route` varchar(64) NOT NULL
) ENGINE=MyISAM DEFAULT CHARSET=utf8;

--
-- Dumping data for table `oc_layout_route`
--

INSERT INTO `oc_layout_route` (`layout_route_id`, `layout_id`, `store_id`, `route`) VALUES
(456, 28, 1, 'common/home'),
(462, 31, 1, 'product/product'),
(454, 29, 1, 'product/category'),
(459, 30, 1, 'product/special'),
(458, 30, 1, 'product/manufacturer/%'),
(457, 30, 1, 'product/search'),
(479, 32, 2, ''),
(465, 33, 2, 'common/home'),
(445, 3, 0, 'product/category'),
(447, 1, 0, 'common/home'),
(453, 2, 0, 'product/product'),
(446, 4, 0, ''),
(450, 26, 0, 'product/special'),
(449, 26, 0, 'product/manufacturer/%'),
(448, 26, 0, 'product/search'),
(452, 34, 0, 'product/ocnewproduct'),
(451, 34, 0, 'product/ocbestseller'),
(455, 27, 1, ''),
(461, 35, 1, 'product/ocbestseller'),
(460, 35, 1, 'product/ocnewproduct'),
(463, 36, 2, 'product/category'),
(468, 37, 2, 'product/special'),
(467, 37, 2, 'product/manufacturer/%'),
(466, 37, 2, 'product/search'),
(470, 38, 2, 'product/ocbestseller'),
(469, 38, 2, 'product/ocnewproduct'),
(480, 39, 2, 'product/product'),
(473, 40, 3, ''),
(474, 41, 3, 'common/home'),
(472, 42, 3, 'product/category'),
(477, 43, 3, 'product/special'),
(476, 43, 3, 'product/manufacturer/%'),
(475, 43, 3, 'product/search'),
(478, 44, 3, 'product/product');

-- --------------------------------------------------------

--
-- Table structure for table `oc_length_class`
--

CREATE TABLE `oc_length_class` (
  `length_class_id` int(11) NOT NULL,
  `value` decimal(15,8) NOT NULL
) ENGINE=MyISAM DEFAULT CHARSET=utf8;

--
-- Dumping data for table `oc_length_class`
--

INSERT INTO `oc_length_class` (`length_class_id`, `value`) VALUES
(1, '1.00000000'),
(2, '10.00000000'),
(3, '0.39370000');

-- --------------------------------------------------------

--
-- Table structure for table `oc_length_class_description`
--

CREATE TABLE `oc_length_class_description` (
  `length_class_id` int(11) NOT NULL,
  `language_id` int(11) NOT NULL,
  `title` varchar(32) NOT NULL,
  `unit` varchar(4) NOT NULL
) ENGINE=MyISAM DEFAULT CHARSET=utf8;

--
-- Dumping data for table `oc_length_class_description`
--

INSERT INTO `oc_length_class_description` (`length_class_id`, `language_id`, `title`, `unit`) VALUES
(1, 1, 'Centimeter', 'cm'),
(2, 1, 'Millimeter', 'mm'),
(3, 1, 'Inch', 'in'),
(1, 2, 'Centimeter', 'cm'),
(2, 2, 'Millimeter', 'mm'),
(3, 2, 'Inch', 'in');

-- --------------------------------------------------------

--
-- Table structure for table `oc_location`
--

CREATE TABLE `oc_location` (
  `location_id` int(11) NOT NULL,
  `name` varchar(32) NOT NULL,
  `address` text NOT NULL,
  `telephone` varchar(32) NOT NULL,
  `fax` varchar(32) NOT NULL,
  `geocode` varchar(32) NOT NULL,
  `image` varchar(255) DEFAULT NULL,
  `open` text NOT NULL,
  `comment` text NOT NULL
) ENGINE=MyISAM DEFAULT CHARSET=utf8;

-- --------------------------------------------------------

--
-- Table structure for table `oc_manufacturer`
--

CREATE TABLE `oc_manufacturer` (
  `manufacturer_id` int(11) NOT NULL,
  `name` varchar(64) NOT NULL,
  `image` varchar(255) DEFAULT NULL,
  `sort_order` int(3) NOT NULL
) ENGINE=MyISAM DEFAULT CHARSET=utf8;

--
-- Dumping data for table `oc_manufacturer`
--

INSERT INTO `oc_manufacturer` (`manufacturer_id`, `name`, `image`, `sort_order`) VALUES
(5, 'HTC', 'catalog/demo/htc_logo.jpg', 0),
(6, 'Palm', 'catalog/demo/palm_logo.jpg', 0),
(7, 'Hewlett-Packard', 'catalog/demo/hp_logo.jpg', 0),
(8, 'Apple', 'catalog/demo/apple_logo.jpg', 0),
(9, 'Canon', 'catalog/demo/canon_logo.jpg', 0),
(10, 'Sony', 'catalog/demo/sony_logo.jpg', 0);

-- --------------------------------------------------------

--
-- Table structure for table `oc_manufacturer_to_store`
--

CREATE TABLE `oc_manufacturer_to_store` (
  `manufacturer_id` int(11) NOT NULL,
  `store_id` int(11) NOT NULL
) ENGINE=MyISAM DEFAULT CHARSET=utf8;

--
-- Dumping data for table `oc_manufacturer_to_store`
--

INSERT INTO `oc_manufacturer_to_store` (`manufacturer_id`, `store_id`) VALUES
(5, 0),
(5, 1),
(5, 2),
(5, 3),
(6, 0),
(6, 1),
(6, 2),
(6, 3),
(7, 0),
(7, 1),
(7, 2),
(7, 3),
(8, 0),
(8, 1),
(8, 2),
(8, 3),
(9, 0),
(9, 1),
(9, 2),
(9, 3),
(10, 0),
(10, 1),
(10, 2),
(10, 3);

-- --------------------------------------------------------

--
-- Table structure for table `oc_marketing`
--

CREATE TABLE `oc_marketing` (
  `marketing_id` int(11) NOT NULL,
  `name` varchar(32) NOT NULL,
  `description` text NOT NULL,
  `code` varchar(64) NOT NULL,
  `clicks` int(5) NOT NULL DEFAULT '0',
  `date_added` datetime NOT NULL
) ENGINE=MyISAM DEFAULT CHARSET=utf8;

-- --------------------------------------------------------

--
-- Table structure for table `oc_modification`
--

CREATE TABLE `oc_modification` (
  `modification_id` int(11) NOT NULL,
  `extension_install_id` int(11) NOT NULL,
  `name` varchar(64) NOT NULL,
  `code` varchar(64) NOT NULL,
  `author` varchar(64) NOT NULL,
  `version` varchar(32) NOT NULL,
  `link` varchar(255) NOT NULL,
  `xml` mediumtext NOT NULL,
  `status` tinyint(1) NOT NULL,
  `date_added` datetime NOT NULL
) ENGINE=MyISAM DEFAULT CHARSET=utf8;

--
-- Dumping data for table `oc_modification`
--

INSERT INTO `oc_modification` (`modification_id`, `extension_install_id`, `name`, `code`, `author`, `version`, `link`, `xml`, `status`, `date_added`) VALUES
(21, 22, 'OC Layered Navigation Ajax', 'layered_navigation', 'Plaza Theme', '3.x', 'http://www.plazathemes.com/', '<modification>\r\n    <name>OC Layered Navigation Ajax</name>\r\n	<version>3.x</version>\r\n	<link>http://www.plazathemes.com/</link>\r\n	<author>Plaza Theme</author>\r\n	<code>layered_navigation</code>\r\n\r\n	<file path="catalog/controller/product/category.php">\r\n        <operation>\r\n            <search><![CDATA[$category_info = $this->model_catalog_category->getCategory($category_id);]]></search>\r\n            <add position="before"><![CDATA[\r\n        /* Edit for Layered Navigation */\r\n        if (!empty($_SERVER[''HTTPS'']) && $_SERVER[''HTTPS''] != ''off'') {\r\n            // SSL connection\r\n            $base_url = str_replace(''http'', ''https'', $this->config->get(''config_url''));\r\n        } else {\r\n            $base_url = $this->config->get(''config_url'');\r\n        }\r\n            ]]></add>\r\n        </operation>\r\n\r\n        <operation>\r\n            <search><![CDATA[''href'' => $this->url->link(''product/category'', ''path='' . $this->request->get[''path''] . ''_'' . $result[''category_id''] . $url)]]></search>\r\n            <add position="replace"><![CDATA[''href''  => $base_url . ''index.php?route=product/category&path='' . $result[''category_id''] . $url]]></add>\r\n        </operation>\r\n\r\n        <operation>\r\n            <search><![CDATA[$this->url->link(''product/category'', ''path='' . $this->request->get[''path''] . ''&sort=p.sort_order&order=ASC'' . $url)]]></search>\r\n            <add position="replace"><![CDATA[$base_url . ''index.php?route=product/category&path='' . $category_id . ''&sort=p.sort_order&order=ASC'' . $url]]></add>\r\n        </operation>\r\n\r\n        <operation>\r\n            <search><![CDATA[$this->url->link(''product/category'', ''path='' . $this->request->get[''path''] . ''&sort=pd.name&order=ASC'' . $url)]]></search>\r\n            <add position="replace"><![CDATA[$base_url . ''index.php?route=product/category&path='' . $category_id . ''&sort=pd.name&order=ASC'' . $url]]></add>\r\n        </operation>\r\n\r\n        <operation>\r\n            <search><![CDATA[$this->url->link(''product/category'', ''path='' . $this->request->get[''path''] . ''&sort=pd.name&order=DESC'' . $url)]]></search>\r\n            <add position="replace"><![CDATA[$base_url . ''index.php?route=product/category&path='' . $category_id . ''&sort=pd.name&order=DESC'' . $url]]></add>\r\n        </operation>\r\n\r\n        <operation>\r\n            <search><![CDATA[$this->url->link(''product/category'', ''path='' . $this->request->get[''path''] . ''&sort=p.price&order=ASC'' . $url)]]></search>\r\n            <add position="replace"><![CDATA[$base_url . ''index.php?route=product/category&path='' . $category_id . ''&sort=p.price&order=ASC'' . $url]]></add>\r\n        </operation>\r\n\r\n        <operation>\r\n            <search><![CDATA[$this->url->link(''product/category'', ''path='' . $this->request->get[''path''] . ''&sort=p.price&order=DESC'' . $url)]]></search>\r\n            <add position="replace"><![CDATA[$base_url . ''index.php?route=product/category&path='' . $category_id . ''&sort=p.price&order=DESC'' . $url]]></add>\r\n        </operation>\r\n\r\n        <operation>\r\n            <search><![CDATA[$this->url->link(''product/category'', ''path='' . $this->request->get[''path''] . ''&sort=rating&order=DESC'' . $url)]]></search>\r\n            <add position="replace"><![CDATA[$base_url . ''index.php?route=product/category&path='' . $category_id . ''&sort=rating&order=DESC'' . $url]]></add>\r\n        </operation>\r\n\r\n        <operation>\r\n            <search><![CDATA[$this->url->link(''product/category'', ''path='' . $this->request->get[''path''] . ''&sort=rating&order=ASC'' . $url)]]></search>\r\n            <add position="replace"><![CDATA[$base_url . ''index.php?route=product/category&path='' . $category_id . ''&sort=rating&order=ASC'' . $url]]></add>\r\n        </operation>\r\n\r\n        <operation>\r\n            <search><![CDATA[$this->url->link(''product/category'', ''path='' . $this->request->get[''path''] . ''&sort=p.model&order=ASC'' . $url)]]></search>\r\n            <add position="replace"><![CDATA[$base_url . ''index.php?route=product/category&path='' . $category_id . ''&sort=p.model&order=ASC'' . $url]]></add>\r\n        </operation>\r\n\r\n        <operation>\r\n            <search><![CDATA[$this->url->link(''product/category'', ''path='' . $this->request->get[''path''] . ''&sort=p.model&order=DESC'' . $url)]]></search>\r\n            <add position="replace"><![CDATA[$base_url . ''index.php?route=product/category&path='' . $category_id . ''&sort=p.model&order=DESC'' . $url]]></add>\r\n        </operation>\r\n\r\n        <operation>\r\n            <search><![CDATA[$this->url->link(''product/category'', ''path='' . $this->request->get[''path''] . $url . ''&limit='' . $value)]]></search>\r\n            <add position="replace"><![CDATA[$base_url . ''index.php?route=product/category&path='' . $category_id . $url . ''&limit='' . $value]]></add>\r\n        </operation>\r\n\r\n        <operation>\r\n            <search><![CDATA[$pagination->url = $this->url->link(''product/category'', ''path='' . $this->request->get[''path''] . $url . ''&page={page}'');]]></search>\r\n            <add position="replace"><![CDATA[$pagination->url = $base_url . ''index.php?route=extension/module/oclayerednavigation/category&path='' . $category_id . $url . ''&page={page}'';]]></add>\r\n        </operation>\r\n\r\n        <operation>\r\n            <search><![CDATA[$data[''limit''] = $limit;]]></search>\r\n            <add position="replace"><![CDATA[\r\n            /* Edit for Layered Navigation Ajax Module */\r\n            $module_status = $this->config->get(''module_oclayerednavigation_status'');\r\n            if($module_status) {\r\n                // $this->document->addScript(''catalog/view/javascript/jquery/jquery-ui.min.js'');\r\n                $this->document->addStyle(''catalog/view/javascript/jquery/css/jquery-ui.min.css'');\r\n \r\n                if (file_exists(DIR_TEMPLATE . $this->config->get(''theme_'' . $this->config->get(''config_theme'') . ''_directory'') . ''/stylesheet/opentheme/oclayerednavigation/css/oclayerednavigation.css'')) {\r\n                    $this->document->addStyle(''catalog/view/theme/'' . $this->config->get(''theme_'' . $this->config->get(''config_theme'') . ''_directory'') . ''/stylesheet/opentheme/oclayerednavigation/css/oclayerednavigation.css'');\r\n                } else {\r\n                    $this->document->addStyle(''catalog/view/theme/default/stylesheet/opentheme/oclayerednavigation/css/oclayerednavigation.css'');\r\n                }\r\n \r\n                $this->document->addScript(''catalog/view/javascript/opentheme/oclayerednavigation/oclayerednavigation.js'');\r\n            }\r\n\r\n\r\n            ]]></add>\r\n        </operation>\r\n\r\n        <operation>\r\n            <search><![CDATA[$this->response->setOutput($this->load->view(''product/category'', $data));]]></search>\r\n            <add position="replace"><![CDATA[\r\n            /* Edit for Layered Navigation Ajax Module */\r\n            if($module_status) {\r\n                $data[''module_oclayerednavigation_loader_img''] = $base_url . ''image/'' . $this->config->get(''module_oclayerednavigation_loader_img'');\r\n \r\n                $this->response->setOutput($this->load->view(''extension/module/oclayerednavigation/occategory'', $data));\r\n            } else {\r\n \r\n                $this->response->setOutput($this->load->view(''product/category'', $data));\r\n            }\r\n            ]]></add>\r\n        </operation>\r\n	</file>\r\n\r\n    <file path="catalog/model/catalog/product.php">\r\n        <operation>\r\n            <search><![CDATA[if (!empty($data[''filter_manufacturer_id''])) {]]></search>\r\n            <add position="before">\r\n                <![CDATA[\r\n        /* Price range */\r\n        if  (!empty($data[''filter_price''])) {\r\n            $min_price = $data[''filter_price''][''min_price''];\r\n            $max_price = $data[''filter_price''][''max_price''];\r\n            $sql_sl_special = "(SELECT price FROM " . DB_PREFIX . "product_special ps WHERE ps.product_id = p.product_id AND ps.customer_group_id = ''" . (int)$this->config->get(''config_customer_group_id'') . "'' AND ((ps.date_start = ''0000-00-00'' OR ps.date_start < NOW()) AND (ps.date_end = ''0000-00-00'' OR ps.date_end > NOW())) ORDER BY ps.priority ASC, ps.price ASC LIMIT 1)";\r\n            $sql_sl_discount = "(SELECT price FROM " . DB_PREFIX . "product_discount pd2 WHERE pd2.product_id = p.product_id AND pd2.customer_group_id = ''" . (int)$this->config->get(''config_customer_group_id'') . "'' AND pd2.quantity = ''1'' AND ((pd2.date_start = ''0000-00-00'' OR pd2.date_start < NOW()) AND (pd2.date_end = ''0000-00-00'' OR pd2.date_end > NOW())) ORDER BY pd2.priority ASC, pd2.price ASC LIMIT 1)";\r\n            $sql .= " AND (CASE WHEN " . $sql_sl_special . " IS NOT NULL THEN " . $sql_sl_special . " WHEN " . $sql_sl_discount . " IS NOT NULL THEN ". $sql_sl_discount . " ELSE p.price END) >=''". $min_price ."''" ;\r\n            $sql .= " AND (CASE WHEN " . $sql_sl_special . " IS NOT NULL THEN " . $sql_sl_special . " WHEN " . $sql_sl_discount . " IS NOT NULL THEN ". $sql_sl_discount . " ELSE p.price END) <=''". $max_price ."''";\r\n        }\r\n        /* End */\r\n                ]]>\r\n            </add>\r\n        </operation>\r\n    </file>\r\n</modification>', 1, '2017-08-29 10:01:00'),
(38, 39, 'OC Theme Option', 'oc_theme_option', 'Plaza Theme', '3.x', '', '<?xml version="1.0" encoding="utf-8"?>\r\n<modification>\r\n    <code>oc_theme_option</code>\r\n    <name>OC Theme Option</name>\r\n    <version>3.x</version>\r\n    <author>Plaza Theme</author>\r\n\r\n    <!-- Menu Left in Admin -->\r\n    <file path="admin/controller/common/column_left.php">\r\n        <operation>\r\n            <search ><![CDATA[$sale = array();]]></search>\r\n            <add position="before"><![CDATA[\r\n            // OC Menu Items\r\n            $this->load->language(''ocadminmenu/ocadminmenu'');\r\n\r\n            $ocadmin_menu = array();\r\n\r\n            if($this->user->hasPermission(''access'', ''extension/module/octhemeoption'')) {\r\n                $ocadmin_menu[] = array(\r\n                    ''name''     => $this->language->get(''text_theme_config''),\r\n                    ''href''     => $this->url->link(''extension/module/octhemeoption'', ''user_token='' . $this->session->data[''user_token''], true),\r\n                    ''children'' => array()\r\n                );\r\n            }\r\n\r\n            if($this->user->hasPermission(''access'', ''catalog/occategorythumbnail'')) {\r\n                $ocadmin_menu[] = array(\r\n                    ''name''     => $this->language->get(''text_category_thumbnail''),\r\n                    ''href''     => $this->url->link(''catalog/occategorythumbnail'', ''user_token='' . $this->session->data[''user_token''], true),\r\n                    ''children'' => array()\r\n                );\r\n            }\r\n\r\n            // Blog\r\n            $blog = array();\r\n\r\n            if ($this->user->hasPermission(''access'', ''blog/article'')) {\r\n                $blog[] = array(\r\n                    ''name''     => $this->language->get(''text_article''),\r\n                    ''href''     => $this->url->link(''blog/article'', ''user_token='' . $this->session->data[''user_token''], true),\r\n                    ''children'' => array()\r\n                );\r\n            }\r\n\r\n            if ($this->user->hasPermission(''access'', ''blog/articlelist'')) {\r\n                $blog[] = array(\r\n                    ''name''     => $this->language->get(''text_article_list''),\r\n                    ''href''     => $this->url->link(''blog/articlelist'', ''user_token='' . $this->session->data[''user_token''], true),\r\n                    ''children'' => array()\r\n                );\r\n            }\r\n\r\n            if ($this->user->hasPermission(''access'', ''blog/config'')) {\r\n                $blog[] = array(\r\n                    ''name''     => $this->language->get(''text_blog_config''),\r\n                    ''href''     => $this->url->link(''blog/config'', ''user_token='' . $this->session->data[''user_token''], true),\r\n                    ''children'' => array()\r\n                );\r\n            }\r\n\r\n            if($blog) {\r\n                $ocadmin_menu[] = array(\r\n                    ''name''      => $this->language->get(''text_blog''),\r\n                    ''href''      => '''',\r\n                    ''children''  => $blog\r\n                );\r\n            }\r\n\r\n            if($this->user->hasPermission(''access'', ''extension/module/occmsblock'')) {\r\n                $ocadmin_menu[] = array(\r\n                    ''name''     => $this->language->get(''text_cms_block''),\r\n                    ''href''     => $this->url->link(''extension/module/occmsblock/cmslist'', ''user_token='' . $this->session->data[''user_token''], true),\r\n                    ''children'' => array()\r\n                );\r\n            }\r\n\r\n            if($this->user->hasPermission(''access'', ''extension/module/ocslideshow'')) {\r\n                $ocadmin_menu[] = array(\r\n                    ''name''     => $this->language->get(''text_slideshow''),\r\n                    ''href''     => $this->url->link(''extension/module/ocslideshow/form'', ''user_token='' . $this->session->data[''user_token''], true),\r\n                    ''children'' => array()\r\n                );\r\n            }\r\n            \r\n            $data[''menus''][] = array(\r\n                ''id''       => ''menu-panel'',\r\n                ''icon''     => ''fa-empire'',\r\n                ''name''     => $this->language->get(''text_theme_menu''),\r\n                ''href''     => '''',\r\n                ''children'' => $ocadmin_menu\r\n            );\r\n            ]]></add>\r\n        </operation>\r\n    </file>\r\n\r\n    <!-- PRODUCT ROTATOR IMAGE -->\r\n    <file path="admin/controller/catalog/product.php">\r\n        <operation>\r\n            <search ><![CDATA[public function index() {]]></search>\r\n            <add position="after"><![CDATA[\r\n        /* Product Rotator */\r\n        $this->load->model(''catalog/ocproductrotator'');\r\n        \r\n        $this->model_catalog_ocproductrotator->installProductRotator();\r\n        /* End Product Rotator */\r\n            ]]></add>\r\n        </operation>\r\n        <operation>\r\n            <search ><![CDATA[$this->load->language(''catalog/product'');]]></search>\r\n            <add position="before"><![CDATA[\r\n                /* Product Rotator */\r\n                $this->load->language(''extension/module/ocproductrotator'');\r\n            ]]></add>\r\n        </operation>\r\n        <operation>\r\n            <search ><![CDATA[''sort_order'' => $product_image[''sort_order'']]]></search>\r\n            <add position="before"><![CDATA[\r\n                /* Product Rotator */\r\n                ''is_rotator'' => $product_image[''is_rotator''],\r\n            ]]></add>\r\n        </operation>\r\n    </file>\r\n\r\n    <file path="admin/model/catalog/product.php">\r\n        <operation>\r\n            <search><![CDATA[$this->db->query("INSERT INTO " . DB_PREFIX . "product_image SET product_id = ''" . (int)$product_id . "'', image = ''" . $this->db->escape($product_image[''image'']) . "'', sort_order = ''" . (int)$product_image[''sort_order''] . "''");]]></search>\r\n            <add position="replace">\r\n                <![CDATA[\r\n                    /* Product Rotator */\r\n                    $this->db->query("INSERT INTO " . DB_PREFIX . "product_image SET product_id = ''" . (int)$product_id . "'', image = ''" . $this->db->escape($product_image[''image'']) . "'', sort_order = ''" . (int)$product_image[''sort_order''] . "'', is_rotator = ''" . (int)$product_image[''is_rotator''] . "''");\r\n                ]]>\r\n            </add>\r\n        </operation>\r\n    </file>\r\n\r\n    <file path="admin/view/template/catalog/product_form.twig">\r\n        <operation>\r\n            <search><![CDATA[<td class="text-right">{{ entry_sort_order }}</td>]]></search>\r\n            <add position="after">\r\n                <![CDATA[\r\n                    <!-- Product Rotator -->\r\n                    <td class="text-center">{{ entry_is_rotator }}</td>\r\n                ]]>\r\n            </add>\r\n        </operation>\r\n        <operation>\r\n            <search><![CDATA[<td class="text-left"><button type="button" onclick="$(''#image-row{{ image_row }}'').remove();" data-toggle="tooltip" title="{{ button_remove }}" class="btn btn-danger"><i class="fa fa-minus-circle"></i></button></td>]]></search>\r\n            <add position="before">\r\n                <![CDATA[\r\n                    <!-- Product Rotator -->\r\n                    <td class="text-center">\r\n                      <select name="product_image[{{ image_row }}][is_rotator]" class="form-control rotator-select">\r\n                        {% if product_image.is_rotator and (product_image.is_rotator == 1) %}\r\n                        <option value="1" selected="selected">Yes</option>\r\n                        <option value="0">No</option>\r\n                        {% else %}\r\n                        <option value="1">Yes</option>\r\n                        <option value="0" selected="selected">No</option>\r\n                        {% endif %}\r\n                      </select>\r\n                    </td>\r\n                    <!-- End -->\r\n                ]]>\r\n            </add>\r\n        </operation>\r\n        <operation>\r\n            <search><![CDATA[function addImage() {]]></search>\r\n            <add position="before">\r\n                <![CDATA[\r\n                    //Product Rotator\r\n                    $(''#tab-image tfoot td:first'').attr(''colspan'', 3);\r\n                    $(''.rotator-select'').change(function() {\r\n                      var value = $(this).val();\r\n                      if(value == 1) {\r\n                        $(''.rotator-select'').val(0);\r\n                        $(this).val(1);\r\n                      }\r\n                    });\r\n                    //End\r\n                ]]>\r\n            </add>\r\n        </operation>\r\n        <operation>\r\n            <search><![CDATA[$(''#images tbody'').append(html);]]></search>\r\n            <add position="after">\r\n                <![CDATA[\r\n                    //Product Rotator\r\n                    $(''.rotator-select'').change(function() {\r\n                      var value = $(this).val();\r\n                      if(value == 1) {\r\n                        $(''.rotator-select'').val(0);\r\n                        $(this).val(1);\r\n                      }\r\n                    });\r\n                    //End\r\n                ]]>\r\n            </add>\r\n        </operation>\r\n        <operation>\r\n            <search><![CDATA[html += ''  <td class="text-left"><button type="button" onclick="$(\\''#image-row'' + image_row  + ''\\'').remove();" data-toggle="tooltip" title="{{ button_remove }}" class="btn btn-danger"><i class="fa fa-minus-circle"></i></button></td>'';]]></search>\r\n            <add position="before">\r\n                <![CDATA[\r\n                    //Product Rotator\r\n                    html += '' <td class="text-center">'';\r\n                    html += ''   <select name="product_image['' + image_row + ''][is_rotator]" class="form-control rotator-select">'';\r\n                    html += ''     <option value="1">{{ text_yes }}</option>'';\r\n                    html += ''     <option value="0" selected="selected">{{ text_no }}</option>'';\r\n                    html += ''   </select>'';\r\n                    html += '' </td>'';\r\n                    //End\r\n                ]]>\r\n            </add>\r\n        </operation>\r\n    </file>\r\n    \r\n    <!-- THEME OPTION -->\r\n    <file path="catalog/controller/common/header.php">\r\n        <operation>\r\n            <search><![CDATA[return $this->load->view(''common/header'', $data);]]></search>\r\n            <add position="before"><![CDATA[\r\n        $data[''store_id''] = $this->config->get(''config_store_id'');\r\n        $data[''theme_option_status''] = $this->config->get(''module_octhemeoption_status'');\r\n        $data[''a_tag''] = $this->config->get(''module_octhemeoption_a_tag'');\r\n        $data[''header_tag''] = $this->config->get(''module_octhemeoption_header_tag'');\r\n        $data[''body_css''] = $this->config->get(''module_octhemeoption_body'');\r\n            ]]></add>\r\n        </operation>\r\n    </file>\r\n\r\n    <!-- Layouts Position -->\r\n    <file path="admin/controller/design/layout.php">\r\n        <operation>\r\n            <search><![CDATA[$this->response->setOutput($this->load->view(''design/layout_form'', $data));]]></search>\r\n            <add position="replace"><![CDATA[\r\n                $this->response->setOutput($this->load->view(''design/layout_plaza_form'', $data));\r\n            ]]></add>\r\n        </operation>\r\n    </file>\r\n</modification>\r\n', 1, '2018-02-23 09:44:01');
INSERT INTO `oc_modification` (`modification_id`, `extension_install_id`, `name`, `code`, `author`, `version`, `link`, `xml`, `status`, `date_added`) VALUES
(43, 44, 'OC Customize Template', 'oc_customize_template', 'Plaza Theme', '3.x', '', '<?xml version="1.0" encoding="utf-8"?>\r\n<modification>\r\n    <code>oc_customize_template</code>\r\n    <name>OC Customize Template</name>\r\n    <version>3.x</version>\r\n    <author>Plaza Theme</author>\r\n	<file path="catalog/controller/account/{account,address,affiliate,download,edit,forgotten,login,logout,newsletter,order,password,recurring,register,reset,return,reward,success,tracking,transaction,voucher,wishlist}*.php">\r\n		<operation>\r\n		<search><![CDATA[$this->document->setTitle($this->language->get(''heading_title''));]]></search>\r\n		<add position="after"><![CDATA[\r\n		$data[''heading_title''] = $this->language->get(''heading_title'');\r\n		]]></add>\r\n		</operation>\r\n	</file>\r\n\r\n	<file path="catalog/controller/affiliate/{login,register,success,}*.php">\r\n		<operation>\r\n		<search><![CDATA[$this->document->setTitle($this->language->get(''heading_title''));]]></search>\r\n		<add position="after"><![CDATA[\r\n		$data[''heading_title''] = $this->language->get(''heading_title'');\r\n		]]></add>\r\n		</operation>\r\n	</file>\r\n\r\n	<file path="catalog/controller/checkout/{cart,checkout,failure,success}*.php">\r\n		<operation>\r\n		<search><![CDATA[$this->document->setTitle($this->language->get(''heading_title''));]]></search>\r\n		<add position="after"><![CDATA[\r\n		$data[''heading_title''] = $this->language->get(''heading_title'');\r\n		]]></add>\r\n		</operation>\r\n	</file>\r\n\r\n	<file path="catalog/controller/product/{compare,manufacturer,search,special,ocnewproduct,ocbestseller}*.php">\r\n		<operation>\r\n		<search><![CDATA[$this->document->setTitle($this->language->get(''heading_title''));]]></search>\r\n		<add position="after"><![CDATA[\r\n		$data[''heading_title''] = $this->language->get(''heading_title'');\r\n		]]></add>\r\n		</operation>\r\n	</file>\r\n\r\n	<file path="catalog/controller/{common,error}/{maintenance,not_found}*.php">\r\n		<operation>\r\n		<search><![CDATA[$this->document->setTitle($this->language->get(''heading_title''));]]></search>\r\n		<add position="after"><![CDATA[\r\n		$data[''heading_title''] = $this->language->get(''heading_title'');\r\n		]]></add>\r\n		</operation>\r\n	</file>\r\n\r\n	<file path="catalog/controller/extension/{credit_card,payment}/{sagepay_direct,sagepay_server,squareup,amazon_login_pay,klarna_checkout,wechat_pay}*.php">\r\n		<operation>\r\n		<search><![CDATA[$this->document->setTitle($this->language->get(''heading_title''));]]></search>\r\n		<add position="after"><![CDATA[\r\n		$data[''heading_title''] = $this->language->get(''heading_title'');\r\n		]]></add>\r\n		</operation>\r\n	</file>\r\n	<file path="catalog/controller/information/{sitemap,contact}*.php">\r\n		<operation>\r\n		<search><![CDATA[$this->document->setTitle($this->language->get(''heading_title''));]]></search>\r\n		<add position="after"><![CDATA[\r\n		$data[''heading_title''] = $this->language->get(''heading_title'');\r\n		]]></add>\r\n		</operation>\r\n	</file>\r\n	<file path="catalog/controller/account/{address,download,order,recurring,return,reward,transaction,wishlist}*.php">\r\n		<operation>\r\n		<search><![CDATA[$this->document->setTitle($this->language->get(''heading_title''));]]></search>\r\n		<add position="after"><![CDATA[\r\n		$data[''text_empty''] = $this->language->get(''text_empty'');\r\n		]]></add>\r\n		</operation>\r\n	</file>\r\n	<file path="catalog/controller/checkout/cart.php">\r\n		<operation>\r\n		<search><![CDATA[$this->document->setTitle($this->language->get(''heading_title''));]]></search>\r\n		<add position="after"><![CDATA[\r\n		$data[''text_empty''] = $this->language->get(''text_empty'');\r\n		$data[''text_qty''] = $this->language->get(''text_qty'');\r\n		]]></add>\r\n		</operation>\r\n	</file>\r\n	<file path="catalog/controller/extension/credit_card/{sagepay_direct,sagepay_server}*.php">\r\n		<operation>\r\n		<search><![CDATA[$this->document->setTitle($this->language->get(''heading_title''));]]></search>\r\n		<add position="after"><![CDATA[\r\n		$data[''text_empty''] = $this->language->get(''text_empty'');\r\n		]]></add>\r\n		</operation>\r\n	</file>\r\n\r\n	<file path="catalog/controller/product/{category,compare,manufacturer,special}*.php">\r\n		<operation>\r\n		<search><![CDATA[$this->document->setTitle($this->language->get(''heading_title''));]]></search>\r\n		<add position="after"><![CDATA[\r\n		$data[''text_empty''] = $this->language->get(''text_empty'');\r\n		]]></add>\r\n		</operation>\r\n	</file>\r\n	<file path="admin/controller/design/layout.php">\r\n		<operation>\r\n		<search><![CDATA[$this->load->language(''design/layout'');]]></search>\r\n		<add position="after"><![CDATA[\r\n			$data[''heading_title''] = $this->language->get(''heading_title'');\r\n		]]></add>\r\n		</operation>\r\n		<operation>\r\n		<search><![CDATA[protected function getForm() {]]></search>\r\n		<add position="after"><![CDATA[\r\n		$this->load->language(''design/layout'');\r\n		$data[''heading_title''] = $this->language->get(''heading_title'');\r\n		]]></add>\r\n		</operation>\r\n	</file>\r\n	<file path="admin/model/localisation/language.php">\r\n		<operation>\r\n			<search><![CDATA[return $language_id;]]></search>\r\n			<add position="before"><![CDATA[\r\n				$query = $this->db->query("SELECT * FROM " . DB_PREFIX . "cmsblock_description WHERE language_id = ''" . (int)$this->config->get(''config_language_id'') . "''");\r\n\r\n				foreach ($query->rows as $cmsblock_description) {\r\n					$this->db->query("INSERT INTO " . DB_PREFIX . "cmsblock_description SET cmsblock_des_id = ''" . (int)$cmsblock_description[''cmsblock_des_id''] . "'', language_id = ''" . (int)$language_id . "'', cmsblock_id = ''" . (int)$cmsblock_description[''cmsblock_id''] . "'', title = ''" . $this->db->escape($cmsblock_description[''title'']) . "'', description = ''" . $this->db->escape($cmsblock_description[''description'']) . "''");\r\n				}\r\n				$this->cache->delete(''cmsblock_description'');\r\n\r\n				$query = $this->db->query("SELECT * FROM " . DB_PREFIX . "article_description WHERE language_id = ''" . (int)$this->config->get(''config_language_id'') . "''");\r\n\r\n				foreach ($query->rows as $article_description) {\r\n					$this->db->query("INSERT INTO " . DB_PREFIX . "article_description SET article_id = ''" . (int)$article_description[''article_id''] . "'', language_id = ''" . (int)$language_id . "'', name = ''" . $this->db->escape($article_description[''name'']) . "'', description = ''" . $this->db->escape($article_description[''description'']) . "'', intro_text = ''" . $this->db->escape($article_description[''intro_text'']) . "'', meta_title = ''" . $this->db->escape($article_description[''meta_title'']) . "'', meta_description = ''" . $this->db->escape($article_description[''meta_description'']) . "'', meta_keyword = ''" . $this->db->escape($article_description[''meta_keyword'']) . "''");\r\n				}\r\n				$this->cache->delete(''article_description'');\r\n				\r\n				$query = $this->db->query("SELECT * FROM " . DB_PREFIX . "ocslideshow_image_description WHERE language_id = ''" . (int)$this->config->get(''config_language_id'') . "''");\r\n\r\n				foreach ($query->rows as $ocslideshow_image_description) {\r\n					$this->db->query("INSERT INTO " . DB_PREFIX . "ocslideshow_image_description SET ocslideshow_image_id = ''" . (int)$ocslideshow_image_description[''ocslideshow_image_id''] . "'', language_id = ''" . (int)$language_id . "'', ocslideshow_id = ''" . (int)$ocslideshow_image_description[''ocslideshow_id''] . "'', description = ''" . $this->db->escape($ocslideshow_image_description[''description'']) . "'', title = ''" . $this->db->escape($ocslideshow_image_description[''title'']) . "'', sub_title = ''" . $this->db->escape($ocslideshow_image_description[''sub_title'']) . "''");\r\n				}\r\n				$this->cache->delete(''ocslideshow_image_description'');\r\n			]]></add>\r\n		</operation>\r\n\r\n		<operation>\r\n		<search><![CDATA[\r\n			$this->db->query("DELETE FROM " . DB_PREFIX . "option_description WHERE language_id = ''" . (int)$language_id . "''");\r\n		]]></search>\r\n		<add position="after"><![CDATA[\r\n			$this->db->query("DELETE FROM " . DB_PREFIX . "cmsblock_description WHERE language_id = ''" . (int)$language_id . "''");\r\n			$this->db->query("DELETE FROM " . DB_PREFIX . "article_description WHERE language_id = ''" . (int)$language_id . "''");\r\n			$this->db->query("DELETE FROM " . DB_PREFIX . "ocslideshow_image_description WHERE language_id = ''" . (int)$language_id . "''");\r\n		]]></add>\r\n		</operation>\r\n	</file>\r\n	\r\n	<file path="catalog/controller/account/{account,address,affiliate,download,edit,forgotten,login,logout,newsletter,order,password,recurring,register,reset,return,reward,success,tracking,transaction,voucher,wishlist}*.php">\r\n		<operation>\r\n		<search><![CDATA[$this->document->setTitle($this->language->get(''heading_title''));]]></search>\r\n		<add position="after"><![CDATA[\r\n		$data[''heading_title''] = $this->language->get(''heading_title'');\r\n		]]></add>\r\n		</operation>\r\n	</file>\r\n\r\n	<file path="catalog/controller/affiliate/{login,register,success,}*.php">\r\n		<operation>\r\n		<search><![CDATA[$this->document->setTitle($this->language->get(''heading_title''));]]></search>\r\n		<add position="after"><![CDATA[\r\n		$data[''heading_title''] = $this->language->get(''heading_title'');\r\n		]]></add>\r\n		</operation>\r\n	</file>\r\n\r\n	<file path="catalog/controller/checkout/{cart,checkout,failure,success}*.php">\r\n		<operation>\r\n		<search><![CDATA[$this->document->setTitle($this->language->get(''heading_title''));]]></search>\r\n		<add position="after"><![CDATA[\r\n		$data[''heading_title''] = $this->language->get(''heading_title'');\r\n		]]></add>\r\n		</operation>\r\n	</file>\r\n\r\n	<file path="catalog/controller/product/{compare,manufacturer,search,special}*.php">\r\n		<operation>\r\n		<search><![CDATA[$this->document->setTitle($this->language->get(''heading_title''));]]></search>\r\n		<add position="after"><![CDATA[\r\n		$data[''heading_title''] = $this->language->get(''heading_title'');\r\n		]]></add>\r\n		</operation>\r\n	</file>\r\n\r\n	<file path="catalog/controller/{common,error}/{maintenance,not_found}*.php">\r\n		<operation>\r\n		<search><![CDATA[$this->document->setTitle($this->language->get(''heading_title''));]]></search>\r\n		<add position="after"><![CDATA[\r\n		$data[''heading_title''] = $this->language->get(''heading_title'');\r\n		]]></add>\r\n		</operation>\r\n	</file>\r\n\r\n	<file path="catalog/controller/extension/{credit_card,payment}/{sagepay_direct,sagepay_server,squareup,amazon_login_pay,klarna_checkout,wechat_pay}*.php">\r\n		<operation>\r\n		<search><![CDATA[$this->document->setTitle($this->language->get(''heading_title''));]]></search>\r\n		<add position="after"><![CDATA[\r\n		$data[''heading_title''] = $this->language->get(''heading_title'');\r\n		]]></add>\r\n		</operation>\r\n	</file>\r\n	<file path="catalog/controller/information/{sitemap,contact}*.php">\r\n		<operation>\r\n		<search><![CDATA[$this->document->setTitle($this->language->get(''heading_title''));]]></search>\r\n		<add position="after"><![CDATA[\r\n		$data[''heading_title''] = $this->language->get(''heading_title'');\r\n		]]></add>\r\n		</operation>\r\n	</file>\r\n	\r\n	<file path="catalog/controller/common/cart.php">\r\n		<operation>\r\n			<search><![CDATA[$data[''products''][] = array(]]></search>\r\n			<add position="before"><![CDATA[\r\n				$c_words = 30;\r\n				$product[''name''] = strlen($product[''name'']) > $c_words ? substr($product[''name''],0,$c_words)."..." : $product[''name''];\r\n			]]></add>\r\n		</operation>\r\n	</file>	\r\n	\r\n	<file path="catalog/controller/extension/module/carousel.php">\r\n		<operation>\r\n			<search><![CDATA[$data[''banners''] = array();]]></search>\r\n			<add position="replace"><![CDATA[\r\n				$this->load->language(''extension/module/carousel'');\r\n				$data[''text_headingtitle''] = $this->language->get(''text_headingtitle'');\r\n			]]></add>\r\n		</operation>\r\n	</file>\r\n	\r\n	<file path="catalog/controller/extension/module/category.php">\r\n		<operation>\r\n			<search><![CDATA[if ($category[''category_id''] == $data[''category_id'']) {]]></search>\r\n			<add position="replace"><![CDATA[\r\n				if (true) {\r\n			]]></add>\r\n		</operation>\r\n	</file>\r\n\r\n	<file path="catalog/controller/common/header.php">\r\n		<operation>\r\n			<search><![CDATA[return $this->load->view(''common/header'', $data);]]></search>\r\n			<add position="before"><![CDATA[\r\n				$data[''block1''] = $this->load->controller(''common/block1'');\r\n				$data[''block2''] = $this->load->controller(''common/block2'');\r\n				$data[''block7''] = $this->load->controller(''common/block7'');\r\n				if($this->config->get(''module_ocajaxlogin_status'')){\r\n					$data[''use_ajax_login''] = true;\r\n				}else{\r\n					$data[''use_ajax_login''] = false;\r\n				}\r\n				\r\n				// For page specific css\r\n				if (isset($this->request->get[''route''])) {\r\n					if (isset($this->request->get[''product_id''])) {\r\n						$class = ''-'' . $this->request->get[''product_id''];\r\n					} elseif (isset($this->request->get[''path''])) {\r\n						$class = ''-'' . $this->request->get[''path''];\r\n					} elseif (isset($this->request->get[''manufacturer_id''])) {\r\n						$class = ''-'' . $this->request->get[''manufacturer_id''];\r\n					} elseif (isset($this->request->get[''information_id''])) {\r\n						$class = ''-'' . $this->request->get[''information_id''];\r\n					} else {\r\n						$class = '''';\r\n					}\r\n\r\n					$data[''class''] = str_replace(''/'', ''-'', $this->request->get[''route'']) . $class;\r\n				} else {\r\n					$data[''class''] = ''common-home'';\r\n				}\r\n			]]></add>\r\n		</operation>\r\n		<operation>\r\n			<search><![CDATA[$data[''telephone''] = $this->config->get(''config_telephone'');]]></search>\r\n			<add position="after"><![CDATA[\r\n				$data[''text_phone''] = $this->language->get(''text_phone'');\r\n				$data[''text_welcome''] = $this->language->get(''text_welcome'');\r\n			]]></add>\r\n		</operation>\r\n	</file>\r\n	\r\n	<file path="catalog/controller/common/footer.php">\r\n		<operation>\r\n			<search><![CDATA[$data[''newsletter''] = $this->url->link(''account/newsletter'', '''', true);]]></search>\r\n			<add position="after"><![CDATA[								\r\n				$data[''block3''] = $this->load->controller(''common/block3'');				\r\n				$data[''block4''] = $this->load->controller(''common/block4'');\r\n				$data[''block5''] = $this->load->controller(''common/block5'');\r\n				$data[''block6''] = $this->load->controller(''common/block6'');\r\n				$data[''footer_logo''] = $this->language->get(''footer_logo'');\r\n				$data[''address''] = $this->config->get(''config_address'');\r\n				$data[''telephone''] = $this->config->get(''config_telephone'');\r\n				$data[''email''] = $this->config->get(''config_email'');\r\n				$data[''text_instagram''] = $this->language->get(''text_instagram'');				\r\n				if ($this->request->server[''HTTPS'']) {\r\n					$server = $this->config->get(''config_ssl'');\r\n				} else {\r\n					$server = $this->config->get(''config_url'');\r\n				}\r\n				if (is_file(DIR_IMAGE . $this->config->get(''config_logo''))) {\r\n					$data[''logo''] = $server . ''image/'' . $this->config->get(''config_logo'');\r\n				} else {\r\n					$data[''logo''] = '''';\r\n				}\r\n			]]></add>\r\n		</operation>\r\n		<operation>\r\n			<search><![CDATA[''title'' => $result[''title''],]]></search>\r\n			<add position="after"><![CDATA[		\r\n				''short-des'' => utf8_substr(strip_tags(html_entity_decode($result[''description''], ENT_QUOTES, ''UTF-8'')), 0, 300),\r\n			]]></add>\r\n		</operation>\r\n	</file>\r\n	\r\n	<file path="catalog/controller/product/category.php">\r\n		<operation>\r\n			<search><![CDATA[foreach ($results as $result) {]]></search>\r\n			<add position="before"><![CDATA[\r\n				/* Get new product */\r\n				$this->load->model(''catalog/product'');\r\n		\r\n				$data[''new_products''] = array();\r\n		\r\n				$filter_data = array(\r\n					''sort''  => ''p.date_added'',\r\n					''order'' => ''DESC'',\r\n					''start'' => 0,\r\n					''limit'' => 10\r\n				);\r\n		\r\n				$new_results = $this->model_catalog_product->getProducts($filter_data);\r\n				/* End */\r\n			]]></add>\r\n		</operation>\r\n		<operation>\r\n			<search><![CDATA[$data[''products''][] = array(]]></search>\r\n			<add position="before"><![CDATA[\r\n				$is_new = false;\r\n				if ($new_results) { \r\n					foreach($new_results as $new_r) {\r\n						if($result[''product_id''] == $new_r[''product_id'']) {\r\n							$is_new = true;\r\n						}\r\n					}\r\n				}\r\n				if (($this->config->get(''config_customer_price'') && $this->customer->isLogged()) || !$this->config->get(''config_customer_price'')) {\r\n					$price_num = $this->tax->calculate($result[''price''], $result[''tax_class_id''], $this->config->get(''config_tax''));\r\n				} else {\r\n					$price_num = false;\r\n				}\r\n\r\n				if ((float)$result[''special'']) {\r\n					$special_num = $this->tax->calculate($result[''special''], $result[''tax_class_id''], $this->config->get(''config_tax''));\r\n				} else {\r\n					$special_num = false;\r\n				}\r\n				/// Product Rotator /\r\n				$store_id = $this->config->get(''config_store_id'');\r\n\r\n				$product_rotator_status = (int) $this->config->get(''module_octhemeoption_rotator'')[$store_id];\r\n				if($product_rotator_status == 1) {\r\n				 $this->load->model(''catalog/ocproductrotator'');\r\n				 $this->load->model(''tool/image'');\r\n			 \r\n				 $product_id = $result[''product_id''];\r\n				 $product_rotator_image = $this->model_catalog_ocproductrotator->getProductRotatorImage($product_id);\r\n			 \r\n				 if($product_rotator_image) {\r\n				  $rotator_image = $this->model_tool_image->resize($product_rotator_image, $this->config->get(''theme_'' . $this->config->get(''config_theme'') . ''_image_product_width''), $this->config->get(''theme_'' . $this->config->get(''config_theme'') . ''_image_product_height'')); \r\n				 } else {\r\n				  $rotator_image = false;\r\n				 } \r\n				} else {\r\n				 $rotator_image = false;    \r\n				}\r\n				/// End Product Rotator /\r\n								\r\n				$c_words = 50;\r\n				$result[''name''] = strlen($result[''name'']) > $c_words ? substr($result[''name''],0,$c_words)."..." : $result[''name''];\r\n			]]></add>\r\n		</operation>\r\n		<operation>\r\n			<search><![CDATA[''product_id''  => $result[''product_id''],]]></search>\r\n			<add position="before"><![CDATA[\r\n				''is_new''      => $is_new,\r\n				''rotator_image'' => $rotator_image,\r\n				''price_num''       => $price_num,\r\n				''special_num''     => $special_num,\r\n				''manufacturer'' => $result[''manufacturer''],\r\n				''manufacturers'' => $this->url->link(''product/manufacturer/info'', ''manufacturer_id='' . $result[''manufacturer_id'']),\r\n			]]></add>\r\n		</operation>\r\n	</file>\r\n	\r\n	<file path="catalog/controller/product/product.php">\r\n		<operation>\r\n			<search><![CDATA[$results = $this->model_catalog_product->getProductRelated($this->request->get[''product_id'']);]]></search>\r\n			<add position="before"><![CDATA[\r\n				/* Get new product */\r\n				$this->load->model(''catalog/product'');\r\n		\r\n				$data[''new_products''] = array();\r\n		\r\n				$filter_data = array(\r\n					''sort''  => ''p.date_added'',\r\n					''order'' => ''DESC'',\r\n					''start'' => 0,\r\n					''limit'' => 10\r\n				);\r\n		\r\n				$new_results = $this->model_catalog_product->getProducts($filter_data);\r\n				/* End */\r\n			]]></add>\r\n		</operation>\r\n		<operation>\r\n			<search><![CDATA[$data[''products''][] = array(]]></search>\r\n			<add position="before"><![CDATA[\r\n				$is_new = false;\r\n				if ($new_results) { \r\n					foreach($new_results as $new_r) {\r\n						if($result[''product_id''] == $new_r[''product_id'']) {\r\n							$is_new = true;\r\n						}\r\n					}\r\n				}\r\n				if (($this->config->get(''config_customer_price'') && $this->customer->isLogged()) || !$this->config->get(''config_customer_price'')) {\r\n					$price_num = $this->tax->calculate($result[''price''], $result[''tax_class_id''], $this->config->get(''config_tax''));\r\n				} else {\r\n					$price_num = false;\r\n				}\r\n\r\n				if ((float)$result[''special'']) {\r\n					$special_num = $this->tax->calculate($result[''special''], $result[''tax_class_id''], $this->config->get(''config_tax''));\r\n				} else {\r\n					$special_num = false;\r\n				}\r\n				/// Product Rotator /\r\n				$store_id = $this->config->get(''config_store_id'');\r\n\r\n				$product_rotator_status = (int) $this->config->get(''module_octhemeoption_rotator'')[$store_id];\r\n				if($product_rotator_status == 1) {\r\n				 $this->load->model(''catalog/ocproductrotator'');\r\n				 $this->load->model(''tool/image'');\r\n			 \r\n				 $product_id = $result[''product_id''];\r\n				 $product_rotator_image = $this->model_catalog_ocproductrotator->getProductRotatorImage($product_id);\r\n			 \r\n				 if($product_rotator_image) {\r\n				  $rotator_image = $this->model_tool_image->resize($product_rotator_image, $this->config->get(''theme_'' . $this->config->get(''config_theme'') . ''_image_product_width''), $this->config->get(''theme_'' . $this->config->get(''config_theme'') . ''_image_product_height'')); \r\n				 } else {\r\n				  $rotator_image = false;\r\n				 }\r\n				} else {\r\n				 $rotator_image = false;    \r\n				}\r\n				/// End Product Rotator /	\r\n				\r\n				$data[''use_quickview''] = (int) $this->config->get(''module_octhemeoption_quickview'')[$store_id];\r\n				\r\n				$c_words = 50;\r\n				$result[''name''] = strlen($result[''name'']) > $c_words ? substr($result[''name''],0,$c_words)."..." : $result[''name''];\r\n			]]></add>\r\n		</operation>\r\n		<operation>\r\n			<search><![CDATA[''rating''      => $rating,]]></search>\r\n			<add position="after"><![CDATA[\r\n				''is_new''      => $is_new,\r\n				''rotator_image'' => $rotator_image,\r\n				''price_num''       => $price_num,\r\n				''special_num''     => $special_num,\r\n				''manufacturer'' => $result[''manufacturer''],\r\n				''manufacturers'' => $this->url->link(''product/manufacturer/info'', ''manufacturer_id='' . $result[''manufacturer_id'']),\r\n			]]></add>\r\n		</operation>\r\n		<operation>\r\n			<search><![CDATA[$data[''description''] = html_entity_decode($product_info[''description''], ENT_QUOTES, ''UTF-8'');]]></search>\r\n			<add position="after"><![CDATA[\r\n				$data[''short_description''] = utf8_substr(strip_tags(html_entity_decode($product_info[''description''], ENT_QUOTES, ''UTF-8'')), 0,400, $this->config->get($this->config->get(''config_theme'') . ''_product_description_length'')) . ''..'';\r\n			]]></add>\r\n		</operation>\r\n	</file>\r\n	\r\n	<file path="catalog/controller/product/special.php">		\r\n		<operation>\r\n			<search><![CDATA[$results = $this->model_catalog_product->getProductSpecials($filter_data);]]></search>\r\n			<add position="after"><![CDATA[\r\n				/* Get new product */\r\n				$this->load->model(''catalog/product'');\r\n		\r\n				$data[''new_products''] = array();\r\n		\r\n				$filter_data = array(\r\n					''sort''  => ''p.date_added'',\r\n					''order'' => ''DESC'',\r\n					''start'' => 0,\r\n					''limit'' => 10\r\n				);\r\n		\r\n				$new_results = $this->model_catalog_product->getProducts($filter_data);\r\n				/* End */\r\n			]]></add>\r\n		</operation>\r\n		\r\n		<operation>\r\n			<search><![CDATA[$data[''products''][] = array(]]></search>\r\n			<add position="before"><![CDATA[\r\n				$is_new = false;\r\n				if ($new_results) { \r\n					foreach($new_results as $new_r) {\r\n						if($result[''product_id''] == $new_r[''product_id'']) {\r\n							$is_new = true;\r\n						}\r\n					}\r\n				}\r\n				if (($this->config->get(''config_customer_price'') && $this->customer->isLogged()) || !$this->config->get(''config_customer_price'')) {\r\n					$price_num = $this->tax->calculate($result[''price''], $result[''tax_class_id''], $this->config->get(''config_tax''));\r\n				} else {\r\n					$price_num = false;\r\n				}\r\n\r\n				if ((float)$result[''special'']) {\r\n					$special_num = $this->tax->calculate($result[''special''], $result[''tax_class_id''], $this->config->get(''config_tax''));\r\n				} else {\r\n					$special_num = false;\r\n				}\r\n				/// Product Rotator /\r\n				$store_id = $this->config->get(''config_store_id'');\r\n				$product_rotator_status = (int) $this->config->get(''module_octhemeoption_rotator'')[$store_id];\r\n				\r\n				if($product_rotator_status == 1) {\r\n				 $this->load->model(''catalog/ocproductrotator'');\r\n				 $this->load->model(''tool/image'');\r\n			 \r\n				 $product_id = $result[''product_id''];\r\n				 $product_rotator_image = $this->model_catalog_ocproductrotator->getProductRotatorImage($product_id);\r\n			 \r\n					 if($product_rotator_image) {\r\n							$rotator_image = $this->model_tool_image->resize($product_rotator_image, $this->config->get(''theme_'' . $this->config->get(''config_theme'') . ''_image_product_width''), $this->config->get(''theme_'' . $this->config->get(''config_theme'') . ''_image_product_height'')); \r\n					} else {\r\n						$rotator_image = false;\r\n					}\r\n				} else {\r\n				 $rotator_image = false;    \r\n				}\r\n				/// End Product Rotator /\r\n				\r\n				$c_words = 50;\r\n				$result[''name''] = strlen($result[''name'']) > $c_words ? substr($result[''name''],0,$c_words)."..." : $result[''name''];\r\n			]]></add>\r\n		</operation>\r\n		\r\n		<operation>\r\n			<search><![CDATA[''rating''      => $result[''rating''],]]></search>\r\n			<add position="after"><![CDATA[\r\n				''is_new''      => $is_new,\r\n				''rotator_image'' => $rotator_image,\r\n				''price_num''       => $price_num,\r\n				''special_num''     => $special_num,\r\n				''manufacturer'' => $result[''manufacturer''],\r\n				''manufacturers'' => $this->url->link(''product/manufacturer/info'', ''manufacturer_id='' . $result[''manufacturer_id'']),\r\n			]]></add>\r\n		</operation>\r\n	</file>\r\n\r\n	<file path="catalog/controller/product/search.php">\r\n		<operation>\r\n			<search><![CDATA[$results = $this->model_catalog_product->getProducts($filter_data);]]></search>\r\n			<add position="after"><![CDATA[\r\n				/* Get new product */\r\n				$this->load->model(''catalog/product'');\r\n		\r\n				$data[''new_products''] = array();\r\n		\r\n				$filter_data = array(\r\n					''sort''  => ''p.date_added'',\r\n					''order'' => ''DESC'',\r\n					''start'' => 0,\r\n					''limit'' => 10\r\n				);\r\n		\r\n				$new_results = $this->model_catalog_product->getProducts($filter_data);\r\n				/* End */\r\n			]]></add>\r\n		</operation>\r\n		\r\n		<operation>\r\n			<search><![CDATA[$data[''products''][] = array(]]></search>\r\n			<add position="before"><![CDATA[\r\n				$is_new = false;\r\n				if ($new_results) { \r\n					foreach($new_results as $new_r) {\r\n						if($result[''product_id''] == $new_r[''product_id'']) {\r\n							$is_new = true;\r\n						}\r\n					}\r\n				}\r\n				if (($this->config->get(''config_customer_price'') && $this->customer->isLogged()) || !$this->config->get(''config_customer_price'')) {\r\n					$price_num = $this->tax->calculate($result[''price''], $result[''tax_class_id''], $this->config->get(''config_tax''));\r\n				} else {\r\n					$price_num = false;\r\n				}\r\n\r\n				if ((float)$result[''special'']) {\r\n					$special_num = $this->tax->calculate($result[''special''], $result[''tax_class_id''], $this->config->get(''config_tax''));\r\n				} else {\r\n					$special_num = false;\r\n				}\r\n				/// Product Rotator /\r\n				$store_id = $this->config->get(''config_store_id'');\r\n				$product_rotator_status = (int) $this->config->get(''module_octhemeoption_rotator'')[$store_id];\r\n				if($product_rotator_status == 1) {\r\n				 $this->load->model(''catalog/ocproductrotator'');\r\n				 $this->load->model(''tool/image'');\r\n			 \r\n				 $product_id = $result[''product_id''];\r\n				 $product_rotator_image = $this->model_catalog_ocproductrotator->getProductRotatorImage($product_id);\r\n			 \r\n				 if($product_rotator_image) {\r\n							$rotator_image = $this->model_tool_image->resize($product_rotator_image, $this->config->get(''theme_'' . $this->config->get(''config_theme'') . ''_image_product_width''), $this->config->get(''theme_'' . $this->config->get(''config_theme'') . ''_image_product_height'')); \r\n					} else {\r\n						$rotator_image = false;\r\n					} \r\n				} else {\r\n				 $rotator_image = false;    \r\n				}\r\n				/// End Product Rotator /\r\n				\r\n				$c_words = 50;\r\n				$result[''name''] = strlen($result[''name'']) > $c_words ? substr($result[''name''],0,$c_words)."..." : $result[''name''];\r\n			]]></add>\r\n		</operation>\r\n		\r\n		<operation>\r\n			<search><![CDATA[''rating''      => $result[''rating''],]]></search>\r\n			<add position="after"><![CDATA[\r\n				''is_new''      => $is_new,\r\n				''rotator_image'' => $rotator_image,\r\n				''price_num''       => $price_num,\r\n				''special_num''     => $special_num,\r\n				''manufacturer'' => $result[''manufacturer''],\r\n				''manufacturers'' => $this->url->link(''product/manufacturer/info'', ''manufacturer_id='' . $result[''manufacturer_id'']),\r\n			]]></add>\r\n		</operation>\r\n	</file>\r\n\r\n	<file path="catalog/controller/product/manufacturer.php">\r\n		<operation>\r\n			<search><![CDATA[$results = $this->model_catalog_product->getProducts($filter_data);]]></search>\r\n			<add position="after"><![CDATA[\r\n				/* Get new product */\r\n				$this->load->model(''catalog/product'');\r\n		\r\n				$data[''new_products''] = array();\r\n		\r\n				$filter_data = array(\r\n					''sort''  => ''p.date_added'',\r\n					''order'' => ''DESC'',\r\n					''start'' => 0,\r\n					''limit'' => 10\r\n				);\r\n		\r\n				$new_results = $this->model_catalog_product->getProducts($filter_data);\r\n				/* End */\r\n			]]></add>\r\n		</operation>\r\n		\r\n		<operation>\r\n			<search><![CDATA[$data[''products''][] = array(]]></search>\r\n			<add position="before"><![CDATA[\r\n				$is_new = false;\r\n				if ($new_results) { \r\n					foreach($new_results as $new_r) {\r\n						if($result[''product_id''] == $new_r[''product_id'']) {\r\n							$is_new = true;\r\n						}\r\n					}\r\n				}\r\n				if (($this->config->get(''config_customer_price'') && $this->customer->isLogged()) || !$this->config->get(''config_customer_price'')) {\r\n					$price_num = $this->tax->calculate($result[''price''], $result[''tax_class_id''], $this->config->get(''config_tax''));\r\n				} else {\r\n					$price_num = false;\r\n				}\r\n\r\n				if ((float)$result[''special'']) {\r\n					$special_num = $this->tax->calculate($result[''special''], $result[''tax_class_id''], $this->config->get(''config_tax''));\r\n				} else {\r\n					$special_num = false;\r\n				}\r\n				/// Product Rotator /\r\n				$store_id = $this->config->get(''config_store_id'');\r\n				$product_rotator_status = (int) $this->config->get(''module_octhemeoption_rotator'')[$store_id];\r\n				if($product_rotator_status == 1) {\r\n				 $this->load->model(''catalog/ocproductrotator'');\r\n				 $this->load->model(''tool/image'');\r\n			 \r\n				 $product_id = $result[''product_id''];\r\n				 $product_rotator_image = $this->model_catalog_ocproductrotator->getProductRotatorImage($product_id);\r\n			 \r\n				 if($product_rotator_image) {\r\n							$rotator_image = $this->model_tool_image->resize($product_rotator_image, $this->config->get(''theme_'' . $this->config->get(''config_theme'') . ''_image_product_width''), $this->config->get(''theme_'' . $this->config->get(''config_theme'') . ''_image_product_height'')); \r\n					} else {\r\n						$rotator_image = false;\r\n					}\r\n				} else {\r\n				 $rotator_image = false;    \r\n				}\r\n				/// End Product Rotator /\r\n				\r\n				$c_words = 50;\r\n				$result[''name''] = strlen($result[''name'']) > $c_words ? substr($result[''name''],0,$c_words)."..." : $result[''name''];\r\n			]]></add>\r\n		</operation>\r\n		\r\n		<operation>\r\n			<search><![CDATA[''rating''      => $result[''rating''],]]></search>\r\n			<add position="after"><![CDATA[\r\n				''is_new''      => $is_new,\r\n				''rotator_image'' => $rotator_image,\r\n				''price_num''       => $price_num,\r\n				''special_num''     => $special_num,\r\n				''manufacturer'' => $result[''manufacturer''],\r\n				''manufacturers'' => $this->url->link(''product/manufacturer/info'', ''manufacturer_id='' . $result[''manufacturer_id'']),\r\n			]]></add>\r\n		</operation>\r\n	</file>\r\n</modification>', 1, '2018-03-16 13:33:13'),
(33, 34, 'OC Search Category by Plaza Themes', 'search_category', 'Plaza Theme', '3.0', 'http://www.plazathemes.com/', '<modification>\r\n    <name>OC Search Category by Plaza Themes</name>\r\n	<version>3.0</version>\r\n	<link>http://www.plazathemes.com/</link>\r\n	<author>Plaza Theme</author>\r\n	<code>search_category</code>\r\n\r\n	<file path="catalog/controller/common/header.php">\r\n		<operation>\r\n			<search ><![CDATA[$data[''search''] = $this->load->controller(''common/search'');]]></search>\r\n			<add position="replace"><![CDATA[\r\n				/* Edit for Search Category Module by OCMod */\r\n				$module_status = $this->config->get(''module_ocsearchcategory_status'');\r\n				if($module_status) {\r\n					$data[''search''] = $this->load->controller(''extension/module/ocsearchcategory'');\r\n				} else {\r\n					$data[''search''] = $this->load->controller(''common/search'');\r\n				}\r\n				/* End Code */\r\n			]]></add>\r\n		</operation>\r\n	</file>	\r\n</modification>', 1, '2017-11-22 22:59:25');

-- --------------------------------------------------------

--
