-- Table structure for table `oc_module`
--

CREATE TABLE `oc_module` (
  `module_id` int(11) NOT NULL,
  `name` varchar(64) NOT NULL,
  `code` varchar(32) NOT NULL,
  `setting` text NOT NULL
) ENGINE=MyISAM DEFAULT CHARSET=utf8;

--
-- Dumping data for table `oc_module`
--

INSERT INTO `oc_module` (`module_id`, `name`, `code`, `setting`) VALUES
(70, 'Brand Slider2', 'carousel', '{"name":"Brand Slider2","banner_id":"10","width":"170","height":"110","status":"1"}'),
(32, 'Layout Homepage 01', 'oc_page_builder', '{"name":"Layout Homepage 01","status":"1","widget":[{"class":"full-width","main_cols":[{"format":"12","sub_rows":[{"sub_cols":[{"info":{"module":[{"code":"newslettersubscribe.39","name":"OC Newsletter &gt; Newsletter Popup","url":"http:\\/\\/tt_cigar1.com\\/admin\\/index.php?route=extension\\/module\\/newslettersubscribe&amp;user_token=XP24BuQzfvI0QBVQF5eWb2qEbMNZVfla&amp;module_id=39"},{"code":"ocslideshow.41","name":"OC Slide show &gt; Home slideshow 1","url":"http:\\/\\/tt_mimosa.com\\/admin\\/index.php?route=extension\\/module\\/ocslideshow&amp;user_token=3zo8fANjFYiAxVLlJLqU26BvYVk95hvc&amp;module_id=41"}]},"format":"12"}]}]}]},{"class":"","main_cols":[{"format":"12","sub_rows":[{"sub_cols":[{"info":{"module":[{"code":"occmsblock.105","name":"OC CMS Block &gt; Banner Static Home1","url":"http:\\/\\/tt_cigar1.com\\/admin\\/index.php?route=extension\\/module\\/occmsblock&amp;user_token=XP24BuQzfvI0QBVQF5eWb2qEbMNZVfla&amp;module_id=105"},{"code":"ocfeaturedcategory.87","name":"OC Featured Category &gt; Featured Category Home1","url":"http:\\/\\/tt_cigar1.com\\/admin\\/index.php?route=extension\\/module\\/ocfeaturedcategory&amp;user_token=XP24BuQzfvI0QBVQF5eWb2qEbMNZVfla&amp;module_id=87"},{"code":"ocproduct.95","name":"OC Products &gt; Products Home1","url":"http:\\/\\/tt_cigar1.com\\/admin\\/index.php?route=extension\\/module\\/ocproduct&amp;user_token=XP24BuQzfvI0QBVQF5eWb2qEbMNZVfla&amp;module_id=95"},{"code":"occmsblock.106","name":"OC CMS Block &gt; Banner Center Home1","url":"http:\\/\\/tt_cigar1.com\\/admin\\/index.php?route=extension\\/module\\/occmsblock&amp;user_token=XI5o7ovnOiDgxFZc8sMOHlZAmE7SwqUu&amp;module_id=106"},{"code":"ocproduct.88","name":"OC Products &gt; Products1 Home1","url":"http:\\/\\/tt_cigar1.com\\/admin\\/index.php?route=extension\\/module\\/ocproduct&amp;user_token=v1c5DYZuN6B4NCfkJz86Uug4LukUECeP&amp;module_id=88"},{"code":"occmsblock.107","name":"OC CMS Block &gt; Banner Center1 Home1","url":"http:\\/\\/tt_cigar1.com\\/admin\\/index.php?route=extension\\/module\\/occmsblock&amp;user_token=sTA8tVfwOxME8Kp4XWgHaXxr2dEDq9uu&amp;module_id=107"},{"code":"octabproducts.108","name":"OC Tab Products &gt; Tabs Categories Home1","url":"http:\\/\\/tt_cigar1.com\\/admin\\/index.php?route=extension\\/module\\/octabproducts&amp;user_token=Yq6RMhqjJgwmjGisij9G78x4NkhYrB06&amp;module_id=108"},{"code":"occmsblock.109","name":"OC CMS Block &gt; Banner Center2 Home1","url":"http:\\/\\/tt_cigar1.com\\/admin\\/index.php?route=extension\\/module\\/occmsblock&amp;user_token=LyR0Q9fBrO3yZDasXhNpwUIkzeNft5PP&amp;module_id=109"},{"code":"octabproducts.110","name":"OC Tab Products &gt; Tabs Categories1 Home1","url":"http:\\/\\/tt_cigar1.com\\/admin\\/index.php?route=extension\\/module\\/octabproducts&amp;user_token=LyR0Q9fBrO3yZDasXhNpwUIkzeNft5PP&amp;module_id=110"},{"code":"occmsblock.111","name":"OC CMS Block &gt; Banner Center3 Home1","url":"http:\\/\\/tt_cigar1.com\\/admin\\/index.php?route=extension\\/module\\/occmsblock&amp;user_token=5uDxbfsjaVakK4PyQkAv2rSEAe5TTDy0&amp;module_id=111"}]},"format":"12"}]}]}]},{"class":"home-moduls","main_cols":[{"format":"4","sub_rows":[{"sub_cols":[{"info":{"module":[{"code":"ocproduct.112","name":"OC Products &gt; Products2 Home1","url":"http:\\/\\/tt_cigar1.com\\/admin\\/index.php?route=extension\\/module\\/ocproduct&amp;user_token=v1c5DYZuN6B4NCfkJz86Uug4LukUECeP&amp;module_id=112"}]},"format":"12"}]}]},{"format":"4","sub_rows":[{"sub_cols":[{"info":{"module":[{"code":"ocproduct.113","name":"OC Products &gt; Products3 Home1","url":"http:\\/\\/tt_cigar1.com\\/admin\\/index.php?route=extension\\/module\\/ocproduct&amp;user_token=8eTe19go2Eii08nw5fGIMNXC1kpxT24r&amp;module_id=113"}]},"format":"12"}]}]},{"format":"4","sub_rows":[{"sub_cols":[{"info":{"module":[{"code":"ocproduct.114","name":"OC Products &gt; Products4 Home1","url":"http:\\/\\/tt_cigar1.com\\/admin\\/index.php?route=extension\\/module\\/ocproduct&amp;user_token=8eTe19go2Eii08nw5fGIMNXC1kpxT24r&amp;module_id=114"}]},"format":"12"}]}]}]}]}'),
(106, 'Banner Center Home1', 'occmsblock', '{"name":"Banner Center Home1","cmsblock_id":"56","status":"1"}'),
(87, 'Featured Category Home1', 'ocfeaturedcategory', '{"name":"Featured Category Home1","status":"1","slider":"1","width":"270","height":"270","limit":"6","item":"4","speed":"1000","autoplay":"0","rows":"1","shownextback":"1","shownav":"0","showdes":"0","showsub":"1","showsubnumber":"4"}'),
(107, 'Banner Center1 Home1', 'occmsblock', '{"name":"Banner Center1 Home1","cmsblock_id":"57","status":"1"}'),
(39, 'Newsletter Popup', 'newslettersubscribe', '{"name":"Newsletter Popup","popup":"1","status":"1","newslettersubscribe_unsubscribe":"1","newslettersubscribe_mail_status":"1","newslettersubscribe_thickbox":"1","newslettersubscribe_registered":"1","store_id":"0","to":"sendall","customer_group_id":"1","customers":"","affiliates":"","products":"","subject":"","message":""}'),
(40, 'Newsletter', 'newslettersubscribe', '{"name":"Newsletter","popup":"0","status":"1","newslettersubscribe_unsubscribe":"1","newslettersubscribe_mail_status":"1","newslettersubscribe_thickbox":"1","newslettersubscribe_registered":"1","store_id":"0","to":"sendall","customer_group_id":"1","customers":"","affiliates":"","products":"","subject":"","message":""}'),
(41, 'Home slideshow 1', 'ocslideshow', '{"name":"Home slideshow 1","status":"1","banner":"18","width":"1920","height":"650"}'),
(42, 'Latest Blogs', 'ocblog', '{"name":"Latest Blogs","status":"1","list":"1","width":"370","height":"260","auto":"0","items":"3","speed":"1000","rows":"1","navigation":"1","pagination":"0"}'),
(43, 'Horizontal Mega Menu', 'ochozmegamenu', '{"name":"Horizontal Mega Menu","status":"1","hhome":"1","sticky":"1","hdepth":"  4      ","hlevel":"  4     ","hactive":"LINK52,LINK50,LINK53,LINK51","mobile":"0"}'),
(45, 'Tabs Products Home1', 'octabproducts', '{"name":"Tabs Products Home1","class":"tabproducts","status":"1","title_lang":{"en-gb":{"title":"New Arrivals"},"fr-gb":{"title":"New Arrivals"}},"module_description":{"1":{"description":"Including these items, the latest models, updated daily."},"2":{"description":"Including these items, the latest models, updated daily."}},"type":"0","slider":"1","items":"4","row":"1","loop":"1","margin":"30","auto":"0","time":"3000","speed":"1000","navigation":"1","pagination":"0","desktop":"3","tablet":"3","mobile":"2","smobile":"1","nrow":"1","description":"0","countdown":"0","rotator":"1","newlabel":"0","salelabel":"0","limit":"10","width":"800","height":"800","module_image":"","octab":[{"tab_name":{"en-gb":{"title":"New Arrivals"},"fr-gb":{"title":"New Arrivals"}},"option":"2","productall":"","cate_name":"Living Room\\u00a0\\u00a0&gt;\\u00a0\\u00a0Loveseats","cate_id":"59","productfrom":"0","productcate":["28","30","32","36","41"],"input_specific_product":"0","autoproduct":"0"},{"tab_name":{"en-gb":{"title":"Most View"},"fr-gb":{"title":"Most View"}},"option":"2","productall":"","cate_name":"Living Room\\u00a0\\u00a0&gt;\\u00a0\\u00a0Sectionals","cate_id":"60","productfrom":"0","productcate":["40","36","34","32","30","41"],"input_specific_product":"0","autoproduct":"3"},{"tab_name":{"en-gb":{"title":"Best Sellers"},"fr-gb":{"title":"Best Sellers"}},"option":"2","productall":"","cate_name":"Living Room\\u00a0\\u00a0&gt;\\u00a0\\u00a0Sofas","cate_id":"61","productfrom":"0","productcate":["30","32","34","36","40","41"],"input_specific_product":"0","autoproduct":"2"}]}'),
(88, 'New Product Home1', 'ocproduct', '{"name":"New Product Home1","class":"products1","status":"1","option":"2","product":"","cate_name":"","cate_id":"","productfrom":"0","productcate":"","input_specific_product":"0","autoproduct":"0","title_lang":{"en-gb":{"title":"New Arrivals"},"fr-gb":{"title":"New Arrivals"}},"module_description":{"1":{"description":""},"2":{"description":""}},"type":"0","slider":"1","items":"4","auto":"0","time":"3000","speed":"1000","row":"1","loop":"1","margin":"30","navigation":"1","pagination":"0","desktop":"4","tablet":"3","mobile":"2","smobile":"1","nrow":"1","description":"0","countdown":"0","rotator":"1","newlabel":"1","salelabel":"1","limit":"10","width":"221","height":"221"}'),
(156, 'Banner Left3', 'occmsblock', '{"name":"Banner Left3","cmsblock_id":"76","status":"1"}'),
(51, 'Brand Slider', 'carousel', '{"name":"Brand Slider","banner_id":"9","width":"206","height":"114","status":"1"}'),
(52, 'Featured Products Home1', 'featured', '{"name":"Featured Products Home1","product_name":"","product":["28","30","32","41","40"],"limit":"5","width":"100","height":"100","status":"1"}'),
(53, 'Home slideshow 2', 'ocslideshow', '{"name":"Home slideshow 2","status":"1","banner":"19","width":"770","height":"570"}'),
(54, 'Layout Homepage 02', 'oc_page_builder', '{"name":"Layout Homepage 02","status":"1","widget":[{"class":"full-width","main_cols":[{"format":"12","sub_rows":[{"sub_cols":[{"info":{"module":[{"code":"newslettersubscribe.39","name":"OC Newsletter &gt; Newsletter Popup","url":"http:\\/\\/tt_outline1.com\\/admin\\/index.php?route=extension\\/module\\/newslettersubscribe&amp;user_token=CcbFsbJJXlTExdFyZinRmOQ5uHWyIEDB&amp;module_id=39"}]},"format":"12"}]}]}]},{"class":"","main_cols":[{"format":"8","sub_rows":[{"sub_cols":[{"info":{"module":[{"code":"ocslideshow.53","name":"OC Slide show &gt; Home slideshow 2","url":"http:\\/\\/tt_cigar1.com\\/admin\\/index.php?route=extension\\/module\\/ocslideshow&amp;user_token=Nlp2KF4ZesHpVtpIsmeJbIqqi3fS17NJ&amp;module_id=53"}]},"format":"12"}]}]},{"format":"4","sub_rows":[{"sub_cols":[{"info":{"module":[{"code":"occmsblock.119","name":"OC CMS Block &gt; Banner Static Home2","url":"http:\\/\\/tt_cigar1.com\\/admin\\/index.php?route=extension\\/module\\/occmsblock&amp;user_token=5HzVriYq4D8EToXwUl7bQSQRb1YlHKqc&amp;module_id=119"}]},"format":"12"}]}]}]},{"class":"","main_cols":[{"format":"12","sub_rows":[{"sub_cols":[{"info":{"module":[{"code":"occmsblock.120","name":"OC CMS Block &gt; Banner Static1 Home2","url":"http:\\/\\/tt_cigar1.com\\/admin\\/index.php?route=extension\\/module\\/occmsblock&amp;user_token=qUQaeTgbdlHhu9Y1Yr82cUHoBdveVTUg&amp;module_id=120"},{"code":"ocfeaturedcategory.98","name":"OC Featured Category &gt; Featured Category Home2","url":"http:\\/\\/tt_cigar1.com\\/admin\\/index.php?route=extension\\/module\\/ocfeaturedcategory&amp;user_token=ift1XJcNiFfLCAu1XBEZs08PJwzLOAF7&amp;module_id=98"}]},"format":"12"}]}]}]},{"class":"home-moduls","main_cols":[{"format":"4","sub_rows":[{"sub_cols":[{"info":{"module":[{"code":"ocproduct.121","name":"OC Products &gt; Products Home2","url":"http:\\/\\/tt_cigar1.com\\/admin\\/index.php?route=extension\\/module\\/ocproduct&amp;user_token=RX1AmBKvljkNx9LZY49adzoGXKkm7IuF&amp;module_id=121"}]},"format":"12"}]}]},{"format":"4","sub_rows":[{"sub_cols":[{"info":{"module":[{"code":"ocproduct.122","name":"OC Products &gt; Products1 Home2","url":"http:\\/\\/tt_cigar1.com\\/admin\\/index.php?route=extension\\/module\\/ocproduct&amp;user_token=RX1AmBKvljkNx9LZY49adzoGXKkm7IuF&amp;module_id=122"}]},"format":"12"}]}]},{"format":"4","sub_rows":[{"sub_cols":[{"info":{"module":[{"code":"ocproduct.123","name":"OC Products &gt; Products2 Home2","url":"http:\\/\\/tt_cigar1.com\\/admin\\/index.php?route=extension\\/module\\/ocproduct&amp;user_token=Wji2ZkXBorBCBF9L0a4ngqSnRCMpOPoS&amp;module_id=123"}]},"format":"12"}]}]}]},{"class":"","main_cols":[{"format":"12","sub_rows":[{"sub_cols":[{"info":{"module":[{"code":"occmsblock.124","name":"OC CMS Block &gt; Banner Center Home2","url":"http:\\/\\/tt_cigar1.com\\/admin\\/index.php?route=extension\\/module\\/occmsblock&amp;user_token=Wji2ZkXBorBCBF9L0a4ngqSnRCMpOPoS&amp;module_id=124"},{"code":"octabproducts.125","name":"OC Tab Products &gt; Tabs Categories Home2","url":"http:\\/\\/tt_cigar1.com\\/admin\\/index.php?route=extension\\/module\\/octabproducts&amp;user_token=Wji2ZkXBorBCBF9L0a4ngqSnRCMpOPoS&amp;module_id=125"},{"code":"occmsblock.126","name":"OC CMS Block &gt; Banner Center1 Home2","url":"http:\\/\\/tt_cigar1.com\\/admin\\/index.php?route=extension\\/module\\/occmsblock&amp;user_token=1xjFntjSQcdUx8hEiSZy5GjEkuWHW33V&amp;module_id=126"},{"code":"octabproducts.127","name":"OC Tab Products &gt; Tabs Categories Home2","url":"http:\\/\\/tt_cigar1.com\\/admin\\/index.php?route=extension\\/module\\/octabproducts&amp;user_token=1xjFntjSQcdUx8hEiSZy5GjEkuWHW33V&amp;module_id=127"},{"code":"occmsblock.128","name":"OC CMS Block &gt; Banner Center2 Home2","url":"http:\\/\\/tt_cigar1.com\\/admin\\/index.php?route=extension\\/module\\/occmsblock&amp;user_token=1xjFntjSQcdUx8hEiSZy5GjEkuWHW33V&amp;module_id=128"},{"code":"octabproducts.129","name":"OC Tab Products &gt; Tabs Categories1 Home2","url":"http:\\/\\/tt_cigar1.com\\/admin\\/index.php?route=extension\\/module\\/octabproducts&amp;user_token=1xjFntjSQcdUx8hEiSZy5GjEkuWHW33V&amp;module_id=129"}]},"format":"12"}]}]}]}]}'),
(118, 'Vertical Megamenu Home2', 'ocvermegamenu', '{"name":"Vertical Megamenu Home2","status":"1","hhome":"0","hdepth":"4","hlevel":"4","hitem_limit":"8","h_active_cate":"CAT126,CAT146,CAT157,CAT168,CAT169,CAT170,CAT171,CAT172,CAT279"}'),
(119, 'Banner Static Home2', 'occmsblock', '{"name":"Banner Static Home2","cmsblock_id":"63","status":"1"}'),
(120, 'Banner Static1 Home2', 'occmsblock', '{"name":"Banner Static1 Home2","cmsblock_id":"64","status":"1"}'),
(98, 'Featured Category Home2', 'ocfeaturedcategory', '{"name":"Featured Category Home2","status":"1","slider":"1","width":"210","height":"210","limit":"8","item":"5","speed":"1000","autoplay":"0","rows":"1","shownextback":"1","shownav":"0","showdes":"0","showsub":"0","showsubnumber":"4"}'),
(99, 'Featured Products Home2', 'featured', '{"name":"Featured Products Home2","product_name":"","product":["50","51","52","53","54"],"limit":"5","width":"100","height":"100","status":"1"}'),
(59, 'Home slideshow 3', 'ocslideshow', '{"name":"Home slideshow 3","status":"1","banner":"20","width":"1920","height":"500"}'),
(60, 'Layout Homepage 03', 'oc_page_builder', '{"name":"Layout Homepage 03","status":"1","widget":[{"class":"full-width","main_cols":[{"format":"12","sub_rows":[{"sub_cols":[{"info":{"module":[{"code":"newslettersubscribe.39","name":"OC Newsletter &gt; Newsletter Popup","url":"http:\\/\\/tt_faribe1.com\\/admin\\/index.php?route=extension\\/module\\/newslettersubscribe&amp;user_token=3TyFX5xD6Ash3ozB55tyk6dqgiyQGesQ&amp;module_id=39"},{"code":"ocslideshow.59","name":"OC Slide show &gt; Home slideshow 3","url":"http:\\/\\/tt_cigar1.com\\/admin\\/index.php?route=extension\\/module\\/ocslideshow&amp;user_token=Ss2n5qKxztz4dt0GettxM3JdEAIVPvMf&amp;module_id=59"},{"code":"ocfeaturedcategory.131","name":"OC Featured Category &gt; Featured Category Home3","url":"http:\\/\\/tt_cigar1.com\\/admin\\/index.php?route=extension\\/module\\/ocfeaturedcategory&amp;user_token=RKm4rLg1gyl0dmJeQk3W5IbkHJc0wrEw&amp;module_id=131"}]},"format":"12"}]}]}]},{"class":"home-moduls","main_cols":[{"format":"4","sub_rows":[{"sub_cols":[{"info":{"module":[{"code":"ocproduct.132","name":"OC Products &gt; Products Home3","url":"http:\\/\\/tt_cigar1.com\\/admin\\/index.php?route=extension\\/module\\/ocproduct&amp;user_token=RKm4rLg1gyl0dmJeQk3W5IbkHJc0wrEw&amp;module_id=132"}]},"format":"12"}]}]},{"format":"4","sub_rows":[{"sub_cols":[{"info":{"module":[{"code":"occmsblock.133","name":"OC CMS Block &gt; Banner Static Home3","url":"http:\\/\\/tt_cigar1.com\\/admin\\/index.php?route=extension\\/module\\/occmsblock&amp;user_token=5N4RbXTeuysCGs3BiAt2us9EalFEzhsg&amp;module_id=133"}]},"format":"12"}]}]},{"format":"4","sub_rows":[{"sub_cols":[{"info":{"module":[{"code":"ocproduct.134","name":"OC Products &gt; Products1 Home3","url":"http:\\/\\/tt_cigar1.com\\/admin\\/index.php?route=extension\\/module\\/ocproduct&amp;user_token=5N4RbXTeuysCGs3BiAt2us9EalFEzhsg&amp;module_id=134"}]},"format":"12"}]}]}]},{"class":"","main_cols":[{"format":"12","sub_rows":[{"sub_cols":[{"info":{"module":[{"code":"occmsblock.135","name":"OC CMS Block &gt; Banner Center Home3","url":"http:\\/\\/tt_cigar1.com\\/admin\\/index.php?route=extension\\/module\\/occmsblock&amp;user_token=5N4RbXTeuysCGs3BiAt2us9EalFEzhsg&amp;module_id=135"},{"code":"octabproducts.136","name":"OC Tab Products &gt; Tab Products Home3","url":"http:\\/\\/tt_cigar1.com\\/admin\\/index.php?route=extension\\/module\\/octabproducts&amp;user_token=5N4RbXTeuysCGs3BiAt2us9EalFEzhsg&amp;module_id=136"},{"code":"occmsblock.137","name":"OC CMS Block &gt; Banner Center1 Home3","url":"http:\\/\\/tt_cigar1.com\\/admin\\/index.php?route=extension\\/module\\/occmsblock&amp;user_token=5N4RbXTeuysCGs3BiAt2us9EalFEzhsg&amp;module_id=137"},{"code":"octabproducts.138","name":"OC Tab Products &gt; Tabs Categories Home3","url":"http:\\/\\/tt_cigar1.com\\/admin\\/index.php?route=extension\\/module\\/octabproducts&amp;user_token=5N4RbXTeuysCGs3BiAt2us9EalFEzhsg&amp;module_id=138"},{"code":"occmsblock.139","name":"OC CMS Block &gt; Banner Center2 Home3","url":"http:\\/\\/tt_cigar1.com\\/admin\\/index.php?route=extension\\/module\\/occmsblock&amp;user_token=5N4RbXTeuysCGs3BiAt2us9EalFEzhsg&amp;module_id=139"},{"code":"octabproducts.140","name":"OC Tab Products &gt; Tabs Categories1 Home3","url":"http:\\/\\/tt_cigar1.com\\/admin\\/index.php?route=extension\\/module\\/octabproducts&amp;user_token=BdssKPhWo9aP2CkjXn7jasTjMtQtK2w9&amp;module_id=140"}]},"format":"12"}]}]}]}]}'),
(130, 'Vertical Megamenu Home3', 'ocvermegamenu', '{"name":"Vertical Megamenu Home3","status":"1","hhome":"0","hdepth":"4","hlevel":"4","hitem_limit":"9","h_active_cate":"CAT173,CAT178,CAT183,CAT189,CAT195,CAT196,CAT197,CAT203,CAT204,CAT205"}'),
(131, 'Featured Category Home3', 'ocfeaturedcategory', '{"name":"Featured Category Home3","status":"1","slider":"1","width":"270","height":"270","limit":"6","item":"4","speed":"1000","autoplay":"0","rows":"1","shownextback":"1","shownav":"0","showdes":"0","showsub":"1","showsubnumber":"4"}'),
(108, 'Tabs Categories Home1', 'octabproducts', '{"name":"Tabs Categories Home1","class":"tabscategories","status":"1","title_lang":{"en-gb":{"title":"Consoles &amp; Games"},"fr-gb":{"title":"Consoles &amp; Games"}},"module_description":{"1":{"description":""},"2":{"description":""}},"type":"2","slider":"1","items":"3","row":"1","loop":"1","margin":"30","auto":"0","time":"3000","speed":"1000","navigation":"1","pagination":"0","desktop":"3","tablet":"2","mobile":"2","smobile":"1","nrow":"1","description":"0","countdown":"0","rotator":"1","newlabel":"1","salelabel":"1","limit":"8","width":"221","height":"221","module_image":"catalog\\/category\\/img-category.jpg","octab":[{"tab_name":{"en-gb":{"title":"PC Gamepads"},"fr-gb":{"title":"PC Gamepads"}},"option":"1","productall":"","cate_name":"Consoles &amp; Games\\u00a0\\u00a0&gt;\\u00a0\\u00a0PC Gamepads","cate_id":"119","productfrom":"1","productcate":"","input_specific_product":"0","autoproduct":"0"},{"tab_name":{"en-gb":{"title":"Controllers"},"fr-gb":{"title":"Controllers"}},"option":"1","productall":"","cate_name":"Consoles &amp; Games\\u00a0\\u00a0&gt;\\u00a0\\u00a0Controllers","cate_id":"120","productfrom":"1","productcate":"","input_specific_product":"0","autoproduct":"0"},{"tab_name":{"en-gb":{"title":"Video Game"},"fr-gb":{"title":"Video Game"}},"option":"1","productall":"","cate_name":"Consoles &amp; Games\\u00a0\\u00a0&gt;\\u00a0\\u00a0Video Game","cate_id":"121","productfrom":"1","productcate":"","input_specific_product":"0","autoproduct":"0"},{"tab_name":{"en-gb":{"title":"Xbox Consoles"},"fr-gb":{"title":"Xbox Consoles"}},"option":"1","productall":"","cate_name":"Consoles &amp; Games\\u00a0\\u00a0&gt;\\u00a0\\u00a0Xbox Consoles","cate_id":"122","productfrom":"1","productcate":"","input_specific_product":"0","autoproduct":"0"}]}'),
(68, 'Layout Homepage 04', 'oc_page_builder', '{"name":"Layout Homepage 04","status":"1","widget":[{"class":"full-width","main_cols":[{"format":"12","sub_rows":[{"sub_cols":[{"info":{"module":[{"code":"newslettersubscribe.39","name":"OC Newsletter &gt; Newsletter Popup","url":"http:\\/\\/tt_outline1.com\\/admin\\/index.php?route=extension\\/module\\/newslettersubscribe&amp;user_token=inZLOnySZbqnXyGXEUO2uy1Z0q81DAMq&amp;module_id=39"}]},"format":"12"}]}]}]},{"class":"full-width home-modules","main_cols":[{"format":"12","sub_rows":[{"sub_cols":[{"info":{"module":[{"code":"ocslideshow.69","name":"OC Slide show &gt; Home slideshow 4","url":"http:\\/\\/tt_cigar1.com\\/admin\\/index.php?route=extension\\/module\\/ocslideshow&amp;user_token=Am0wrrwxHW7G2zfoHvGbtBvWTiDCFyaw&amp;module_id=69"},{"code":"occmsblock.144","name":"OC CMS Block &gt; Banner Static Home4","url":"http:\\/\\/tt_cigar1.com\\/admin\\/index.php?route=extension\\/module\\/occmsblock&amp;user_token=eRmEpQ5GgcpRvWMm8105DMzW3ke1LYJI&amp;module_id=144"},{"code":"ocfeaturedcategory.145","name":"OC Featured Category &gt; Featured Category Home4","url":"http:\\/\\/tt_cigar1.com\\/admin\\/index.php?route=extension\\/module\\/ocfeaturedcategory&amp;user_token=2taiWNEO06cuWqqmLrJnH0UirT8PDtrV&amp;module_id=145"},{"code":"octabproducts.146","name":"OC Tab Products &gt; Tab Products Home4","url":"http:\\/\\/tt_cigar1.com\\/admin\\/index.php?route=extension\\/module\\/octabproducts&amp;user_token=2taiWNEO06cuWqqmLrJnH0UirT8PDtrV&amp;module_id=146"},{"code":"occmsblock.147","name":"OC CMS Block &gt; Banner Center Home4","url":"http:\\/\\/tt_cigar1.com\\/admin\\/index.php?route=extension\\/module\\/occmsblock&amp;user_token=2taiWNEO06cuWqqmLrJnH0UirT8PDtrV&amp;module_id=147"},{"code":"ocproduct.148","name":"OC Products &gt; Onsale Products Home4","url":"http:\\/\\/tt_cigar1.com\\/admin\\/index.php?route=extension\\/module\\/ocproduct&amp;user_token=2taiWNEO06cuWqqmLrJnH0UirT8PDtrV&amp;module_id=148"},{"code":"octabproducts.149","name":"OC Tab Products &gt; Tabs Categories Home4","url":"http:\\/\\/tt_cigar1.com\\/admin\\/index.php?route=extension\\/module\\/octabproducts&amp;user_token=TFvFlvdKIdimmOVGKBLoCDayX9j8uLyQ&amp;module_id=149"},{"code":"octabproducts.150","name":"OC Tab Products &gt; Tabs Categories1 Home4","url":"http:\\/\\/tt_cigar1.com\\/admin\\/index.php?route=extension\\/module\\/octabproducts&amp;user_token=TFvFlvdKIdimmOVGKBLoCDayX9j8uLyQ&amp;module_id=150"},{"code":"carousel.51","name":"Carousel &gt; Brand Slider","url":"http:\\/\\/tt_cigar1.com\\/admin\\/index.php?route=extension\\/module\\/carousel&amp;user_token=TFvFlvdKIdimmOVGKBLoCDayX9j8uLyQ&amp;module_id=51"},{"code":"ocproduct.151","name":"OC Products &gt; Mostviewed Products Home4","url":"http:\\/\\/tt_cigar1.com\\/admin\\/index.php?route=extension\\/module\\/ocproduct&amp;user_token=TFvFlvdKIdimmOVGKBLoCDayX9j8uLyQ&amp;module_id=151"}]},"format":"12"}]}]}]}]}'),
(144, 'Banner Static Home4', 'occmsblock', '{"name":"Banner Static Home4","cmsblock_id":"73","status":"1"}'),
(69, 'Home slideshow 4', 'ocslideshow', '{"name":"Home slideshow 4","status":"1","banner":"21","width":"1770","height":"570"}'),
(145, 'Featured Category Home4', 'ocfeaturedcategory', '{"name":"Featured Category Home4","status":"1","slider":"1","width":"150","height":"150","limit":"10","item":"8","speed":"1000","autoplay":"0","rows":"1","shownextback":"1","shownav":"0","showdes":"0","showsub":"0","showsubnumber":"4"}'),
(146, 'Tab Products Home4', 'octabproducts', '{"name":"Tab Products Home4","class":"tabproducts","status":"1","title_lang":{"en-gb":{"title":"Tab Products"},"fr-gb":{"title":"Tab Products"}},"module_description":{"1":{"description":""},"2":{"description":""}},"type":"0","slider":"1","items":"6","row":"1","loop":"1","margin":"10","auto":"0","time":"3000","speed":"1000","navigation":"1","pagination":"0","desktop":"5","tablet":"3","mobile":"2","smobile":"1","nrow":"1","description":"0","countdown":"0","rotator":"1","newlabel":"1","salelabel":"1","limit":"10","width":"600","height":"600","module_image":"","octab":[{"tab_name":{"en-gb":{"title":"New arrivals"},"fr-gb":{"title":"New Arrivals"}},"option":"2","productall":"","cate_name":"","cate_id":"","productfrom":"1","productcate":"","input_specific_product":"0","autoproduct":"0"},{"tab_name":{"en-gb":{"title":"Best Sellers"},"fr-gb":{"title":"Best Sellers"}},"option":"2","productall":"","cate_name":"","cate_id":"","productfrom":"1","productcate":"","input_specific_product":"0","autoproduct":"2"},{"tab_name":{"en-gb":{"title":"Featured"},"fr-gb":{"title":"Featured"}},"option":"0","productall":["72  ","73  ","74  ","75  ","76  ","77  ","78  ","79  ","80  ","81  "],"cate_name":"","cate_id":"","productfrom":"1","productcate":"","input_specific_product":"0","autoproduct":"0"}]}'),
(147, 'Banner Center Home4', 'occmsblock', '{"name":"Banner Center Home4","cmsblock_id":"74","status":"1"}'),
(76, 'The Blog', 'ocblog', '{"name":"The Blog","status":"1","list":"2","width":"270","height":"199","auto":"0","items":"2","speed":"1000","rows":"1","navigation":"1","pagination":"0"}'),
(148, 'Onsale Products Home4', 'ocproduct', '{"name":"Onsale Products Home4","class":"products","status":"1","option":"2","product":"","cate_name":"","cate_id":"","productfrom":"0","productcate":"","input_specific_product":"0","autoproduct":"1","title_lang":{"en-gb":{"title":"Deals Of The Weeks"},"fr-gb":{"title":"Deals Of The Weeks"}},"module_description":{"1":{"description":""},"2":{"description":""}},"type":"2","slider":"1","items":"2","auto":"0","time":"3000","speed":"1000","row":"1","loop":"0","margin":"20","navigation":"1","pagination":"0","desktop":"2","tablet":"2","mobile":"2","smobile":"1","nrow":"1","description":"1","countdown":"1","rotator":"1","newlabel":"0","salelabel":"0","limit":"6","width":"600","height":"600"}'),
(149, 'Tabs Categories Home4', 'octabproducts', '{"name":"Tabs Categories Home4","class":"tabscategories","status":"1","title_lang":{"en-gb":{"title":"Cookware Sets"},"fr-gb":{"title":"Cookware Sets"}},"module_description":{"1":{"description":""},"2":{"description":""}},"type":"2","slider":"1","items":"5","row":"1","loop":"1","margin":"10","auto":"0","time":"3000","speed":"1000","navigation":"1","pagination":"0","desktop":"4","tablet":"2","mobile":"2","smobile":"1","nrow":"1","description":"0","countdown":"0","rotator":"1","newlabel":"0","salelabel":"0","limit":"8","width":"600","height":"600","module_image":"catalog\\/category\\/img-tab-category4.jpg","octab":[{"tab_name":{"en-gb":{"title":"Cleansing"},"fr-gb":{"title":"Cleansing"}},"option":"1","productall":"","cate_name":"Cookware Sets\\u00a0\\u00a0&gt;\\u00a0\\u00a0Cleansing","cate_id":"218","productfrom":"1","productcate":"","input_specific_product":"0","autoproduct":"0"},{"tab_name":{"en-gb":{"title":"Exfoliant"},"fr-gb":{"title":"Exfoliant"}},"option":"1","productall":"","cate_name":"Cookware Sets\\u00a0\\u00a0&gt;\\u00a0\\u00a0Exfoliant","cate_id":"219","productfrom":"1","productcate":"","input_specific_product":"0","autoproduct":"0"},{"tab_name":{"en-gb":{"title":"Nourishing"},"fr-gb":{"title":"Nourishing"}},"option":"1","productall":"","cate_name":"Cookware Sets\\u00a0\\u00a0&gt;\\u00a0\\u00a0Nourishing","cate_id":"220","productfrom":"1","productcate":"","input_specific_product":"0","autoproduct":"0"},{"tab_name":{"en-gb":{"title":"Treating"},"fr-gb":{"title":"Treating"}},"option":"1","productall":"","cate_name":"Cookware Sets\\u00a0\\u00a0&gt;\\u00a0\\u00a0Treating","cate_id":"221","productfrom":"1","productcate":"","input_specific_product":"0","autoproduct":"0"}]}'),
(94, 'Banner Left', 'occmsblock', '{"name":"Banner Left","cmsblock_id":"40","status":"1"}'),
(95, 'Onsale Products Home1', 'ocproduct', '{"name":"Onsale Products Home1","class":"products","status":"1","option":"2","product":"","cate_name":"","cate_id":"","productfrom":"0","productcate":"","input_specific_product":"0","autoproduct":"1","title_lang":{"en-gb":{"title":"Deals Of The Weeks"},"fr-gb":{"title":"Deals Of The Weeks"}},"module_description":{"1":{"description":""},"2":{"description":""}},"type":"2","slider":"1","items":"2","auto":"0","time":"3000","speed":"1000","row":"1","loop":"1","margin":"10","navigation":"1","pagination":"0","desktop":"2","tablet":"2","mobile":"2","smobile":"1","nrow":"1","description":"1","countdown":"1","rotator":"1","newlabel":"1","salelabel":"1","limit":"6","width":"240","height":"240"}'),
(103, 'Vertical Megamenu', 'ocvermegamenu', '{"name":"Vertical Megamenu","status":"1","hhome":"0","hdepth":"4","hlevel":"4","hitem_limit":"8","h_active_cate":"CAT68,CAT64,CAT76,CAT72,CAT75,CAT115,CAT59,CAT116,CAT117"}'),
(104, 'Call Us', 'occmsblock', '{"name":"Call Us","cmsblock_id":"54","status":"1"}'),
(105, 'Banner Static Home1', 'occmsblock', '{"name":"Banner Static Home1","cmsblock_id":"55","status":"1"}'),
(109, 'Banner Center2 Home1', 'occmsblock', '{"name":"Banner Center2 Home1","cmsblock_id":"58","status":"1"}'),
(110, 'Tabs Categories1 Home1', 'octabproducts', '{"name":"Tabs Categories1 Home1","class":"tabscategories","status":"1","title_lang":{"en-gb":{"title":"Camera &amp; Photo"},"fr-gb":{"title":"Camera &amp; Photo"}},"module_description":{"1":{"description":""},"2":{"description":""}},"type":"2","slider":"1","items":"3","row":"1","loop":"1","margin":"30","auto":"0","time":"3000","speed":"1000","navigation":"1","pagination":"0","desktop":"3","tablet":"2","mobile":"2","smobile":"1","nrow":"1","description":"0","countdown":"0","rotator":"1","newlabel":"1","salelabel":"1","limit":"8","width":"221","height":"221","module_image":"catalog\\/category\\/img1-category.jpg","octab":[{"tab_name":{"en-gb":{"title":"Digital Cameras"},"fr-gb":{"title":"Digital Cameras"}},"option":"1","productall":"","cate_name":"Camera &amp; Photo\\u00a0\\u00a0&gt;\\u00a0\\u00a0Digital Cameras","cate_id":"73","productfrom":"1","productcate":"","input_specific_product":"0","autoproduct":"0"},{"tab_name":{"en-gb":{"title":"Cameras"},"fr-gb":{"title":"Cameras"}},"option":"1","productall":"","cate_name":"Camera &amp; Photo\\u00a0\\u00a0&gt;\\u00a0\\u00a0Cameras","cate_id":"74","productfrom":"1","productcate":"","input_specific_product":"0","autoproduct":"0"},{"tab_name":{"en-gb":{"title":"DSLR Cameras"},"fr-gb":{"title":"DSLR Cameras"}},"option":"1","productall":"","cate_name":"Camera &amp; Photo\\u00a0\\u00a0&gt;\\u00a0\\u00a0DSLR Cameras","cate_id":"124","productfrom":"1","productcate":"","input_specific_product":"0","autoproduct":"0"},{"tab_name":{"en-gb":{"title":"Lenses"},"fr-gb":{"title":"Lenses"}},"option":"1","productall":"","cate_name":"Camera &amp; Photo\\u00a0\\u00a0&gt;\\u00a0\\u00a0Lenses","cate_id":"125","productfrom":"1","productcate":"","input_specific_product":"0","autoproduct":"0"}]}'),
(111, 'Banner Center3 Home1', 'occmsblock', '{"name":"Banner Center3 Home1","cmsblock_id":"59","status":"1"}'),
(112, 'Mostviewed Products Home1', 'ocproduct', '{"name":"Mostviewed Products Home1","class":"products2","status":"1","option":"2","product":"","cate_name":"","cate_id":"","productfrom":"0","productcate":"","input_specific_product":"0","autoproduct":"3","title_lang":{"en-gb":{"title":"Most view"},"fr-gb":{"title":"Most view"}},"module_description":{"1":{"description":""},"2":{"description":""}},"type":"1","slider":"1","items":"1","auto":"0","time":"3000","speed":"1000","row":"3","loop":"1","margin":"30","navigation":"1","pagination":"0","desktop":"1","tablet":"1","mobile":"1","smobile":"1","nrow":"1","description":"0","countdown":"0","rotator":"1","newlabel":"0","salelabel":"0","limit":"6","width":"120","height":"120"}'),
(113, 'Bestseller Products Home1', 'ocproduct', '{"name":"Bestseller Products Home1","class":"products2","status":"1","option":"2","product":"","cate_name":"","cate_id":"","productfrom":"0","productcate":"","input_specific_product":"0","autoproduct":"2","title_lang":{"en-gb":{"title":"Best Seller"},"fr-gb":{"title":"Best Seller"}},"module_description":{"1":{"description":""},"2":{"description":""}},"type":"1","slider":"1","items":"1","auto":"0","time":"3000","speed":"1000","row":"3","loop":"0","margin":"30","navigation":"1","pagination":"0","desktop":"1","tablet":"1","mobile":"1","smobile":"1","nrow":"1","description":"0","countdown":"0","rotator":"1","newlabel":"0","salelabel":"0","limit":"6","width":"120","height":"120"}'),
(114, 'Deal Products Home1', 'ocproduct', '{"name":"Deal Products Home1","class":"products2","status":"1","option":"2","product":"","cate_name":"","cate_id":"","productfrom":"0","productcate":"","input_specific_product":"0","autoproduct":"4","title_lang":{"en-gb":{"title":"Deal Products"},"fr-gb":{"title":"Deal Products"}},"module_description":{"1":{"description":""},"2":{"description":""}},"type":"1","slider":"1","items":"1","auto":"0","time":"3000","speed":"1000","row":"3","loop":"1","margin":"30","navigation":"1","pagination":"0","desktop":"1","tablet":"1","mobile":"1","smobile":"1","nrow":"1","description":"0","countdown":"0","rotator":"1","newlabel":"0","salelabel":"0","limit":"6","width":"120","height":"120"}'),
(115, 'Banner Bottom', 'occmsblock', '{"name":"Banner Bottom","cmsblock_id":"60","status":"1"}'),
(116, 'Footer Link', 'occmsblock', '{"name":"Footer Link","cmsblock_id":"61","status":"1"}'),
(117, 'Footer Paypal', 'occmsblock', '{"name":"Footer Paypal","cmsblock_id":"62","status":"1"}'),
(121, 'Onsale Products Home2', 'ocproduct', '{"name":"Onsale Products Home2","class":"products","status":"1","option":"2","product":"","cate_name":"","cate_id":"","productfrom":"0","productcate":"","input_specific_product":"0","autoproduct":"1","title_lang":{"en-gb":{"title":"Deals Of The Weeks"},"fr-gb":{"title":"Deals Of The Weeks"}},"module_description":{"1":{"description":""},"2":{"description":""}},"type":"0","slider":"1","items":"1","auto":"0","time":"3000","speed":"1000","row":"1","loop":"0","margin":"30","navigation":"1","pagination":"0","desktop":"1","tablet":"2","mobile":"1","smobile":"1","nrow":"1","description":"0","countdown":"1","rotator":"1","newlabel":"1","salelabel":"1","limit":"5","width":"316","height":"316"}'),
(122, 'New Product Home2', 'ocproduct', '{"name":"New Product Home2","class":"products2","status":"1","option":"2","product":"","cate_name":"","cate_id":"","productfrom":"0","productcate":"","input_specific_product":"0","autoproduct":"0","title_lang":{"en-gb":{"title":"New Arrivals"},"fr-gb":{"title":"New Arrivals"}},"module_description":{"1":{"description":""},"2":{"description":""}},"type":"1","slider":"1","items":"1","auto":"0","time":"3000","speed":"1000","row":"4","loop":"0","margin":"30","navigation":"1","pagination":"0","desktop":"1","tablet":"1","mobile":"1","smobile":"1","nrow":"1","description":"0","countdown":"0","rotator":"1","newlabel":"0","salelabel":"0","limit":"8","width":"120","height":"120"}'),
(123, 'Bestseller Products Home2', 'ocproduct', '{"name":"Bestseller Products Home2","class":"products2","status":"1","option":"2","product":"","cate_name":"","cate_id":"","productfrom":"0","productcate":"","input_specific_product":"0","autoproduct":"2","title_lang":{"en-gb":{"title":"Best Seller"},"fr-gb":{"title":"Best Seller"}},"module_description":{"1":{"description":""},"2":{"description":""}},"type":"1","slider":"1","items":"1","auto":"0","time":"3000","speed":"1000","row":"4","loop":"0","margin":"30","navigation":"1","pagination":"0","desktop":"1","tablet":"1","mobile":"1","smobile":"1","nrow":"1","description":"0","countdown":"0","rotator":"1","newlabel":"0","salelabel":"0","limit":"8","width":"120","height":"120"}'),
(124, 'Banner Center Home2', 'occmsblock', '{"name":"Banner Center Home2","cmsblock_id":"65","status":"1"}'),
(125, 'Tab Products Home2', 'octabproducts', '{"name":"Tab Products Home2","class":"tabproducts","status":"1","title_lang":{"en-gb":{"title":"Tabproducts"},"fr-gb":{"title":"Tabproducts"}},"module_description":{"1":{"description":""},"2":{"description":""}},"type":"0","slider":"1","items":"5","row":"1","loop":"1","margin":"10","auto":"0","time":"3000","speed":"1000","navigation":"1","pagination":"0","desktop":"4","tablet":"3","mobile":"2","smobile":"1","nrow":"1","description":"0","countdown":"0","rotator":"1","newlabel":"1","salelabel":"1","limit":"12","width":"200","height":"200","module_image":"","octab":[{"tab_name":{"en-gb":{"title":"Featured"},"fr-gb":{"title":"Featured"}},"option":"0","productall":["50  ","51  ","52  ","53  ","54  ","55  ","56  ","57  ","59  "],"cate_name":"Vegetables","cate_id":"168","productfrom":"1","productcate":"","input_specific_product":"0","autoproduct":"0"},{"tab_name":{"en-gb":{"title":"Most Viewed"},"fr-gb":{"title":"Most Viewed"}},"option":"2","productall":"","cate_name":"Breakfast &amp; Dairy","cate_id":"170","productfrom":"1","productcate":"","input_specific_product":"0","autoproduct":"3"}]}'),
(126, 'Banner Center1 Home2', 'occmsblock', '{"name":"Banner Center1 Home2","cmsblock_id":"66","status":"1"}'),
(127, 'Tabs Categories Home2', 'octabproducts', '{"name":"Tabs Categories Home2","class":"tabscategories","status":"1","title_lang":{"en-gb":{"title":"Fruits"},"fr-gb":{"title":"Fruits"}},"module_description":{"1":{"description":""},"2":{"description":""}},"type":"2","slider":"1","items":"3","row":"1","loop":"1","margin":"30","auto":"0","time":"3000","speed":"1000","navigation":"1","pagination":"0","desktop":"3","tablet":"2","mobile":"2","smobile":"1","nrow":"1","description":"0","countdown":"0","rotator":"1","newlabel":"1","salelabel":"1","limit":"8","width":"243","height":"243","module_image":"catalog\\/category\\/img-category2.jpg","octab":[{"tab_name":{"en-gb":{"title":"Cleansing"},"fr-gb":{"title":"Cleansing"}},"option":"1","productall":"","cate_name":"Fruits\\u00a0\\u00a0&gt;\\u00a0\\u00a0Cleansing","cate_id":"127","productfrom":"1","productcate":"","input_specific_product":"0","autoproduct":"0"},{"tab_name":{"en-gb":{"title":"Exfoliant"},"fr-gb":{"title":"Exfoliant"}},"option":"1","productall":"","cate_name":"Fruits\\u00a0\\u00a0&gt;\\u00a0\\u00a0Exfoliant","cate_id":"132","productfrom":"1","productcate":"","input_specific_product":"0","autoproduct":"0"},{"tab_name":{"en-gb":{"title":"Nourishing"},"fr-gb":{"title":"Nourishing"}},"option":"1","productall":"","cate_name":"Fruits\\u00a0\\u00a0&gt;\\u00a0\\u00a0Nourishing","cate_id":"137","productfrom":"1","productcate":"","input_specific_product":"0","autoproduct":"0"},{"tab_name":{"en-gb":{"title":"Treating"},"fr-gb":{"title":"Treating"}},"option":"1","productall":"","cate_name":"Fruits\\u00a0\\u00a0&gt;\\u00a0\\u00a0Treating","cate_id":"142","productfrom":"1","productcate":"","input_specific_product":"0","autoproduct":"0"}]}'),
(128, 'Banner Center2 Home2', 'occmsblock', '{"name":"Banner Center2 Home2","cmsblock_id":"67","status":"1"}'),
(129, 'Tabs Categories1 Home2', 'octabproducts', '{"name":"Tabs Categories1 Home2","class":"tabscategories","status":"1","title_lang":{"en-gb":{"title":"Meats"},"fr-gb":{"title":"Meats"}},"module_description":{"1":{"description":""},"2":{"description":""}},"type":"2","slider":"1","items":"3","row":"1","loop":"1","margin":"30","auto":"0","time":"3000","speed":"1000","navigation":"1","pagination":"0","desktop":"3","tablet":"2","mobile":"2","smobile":"1","nrow":"1","description":"0","countdown":"0","rotator":"1","newlabel":"1","salelabel":"1","limit":"8","width":"243","height":"243","module_image":"catalog\\/category\\/img1-category2.jpg","octab":[{"tab_name":{"en-gb":{"title":"Distribution"},"fr-gb":{"title":"Distribution"}},"option":"1","productall":"","cate_name":"Meats\\u00a0\\u00a0&gt;\\u00a0\\u00a0Distribution","cate_id":"158","productfrom":"1","productcate":"","input_specific_product":"0","autoproduct":"0"},{"tab_name":{"en-gb":{"title":"Including"},"fr-gb":{"title":"Including"}},"option":"1","productall":"","cate_name":"Meats\\u00a0\\u00a0&gt;\\u00a0\\u00a0Including","cate_id":"163","productfrom":"1","productcate":"","input_specific_product":"0","autoproduct":"0"}]}'),
(132, 'Onsale Products Home3', 'ocproduct', '{"name":"Onsale Products Home3","class":"products","status":"1","option":"2","product":"","cate_name":"","cate_id":"","productfrom":"0","productcate":"","input_specific_product":"0","autoproduct":"4","title_lang":{"en-gb":{"title":"Deals Of The Weeks"},"fr-gb":{"title":"Deals Of The Weeks"}},"module_description":{"1":{"description":""},"2":{"description":""}},"type":"0","slider":"1","items":"1","auto":"0","time":"1000","speed":"1000","row":"1","loop":"0","margin":"30","navigation":"1","pagination":"0","desktop":"1","tablet":"2","mobile":"2","smobile":"1","nrow":"1","description":"0","countdown":"1","rotator":"1","newlabel":"0","salelabel":"0","limit":"5","width":"316","height":"316"}'),
(133, 'Banner Static Home3', 'occmsblock', '{"name":"Banner Static Home3","cmsblock_id":"68","status":"1"}'),
(134, 'New Product Home3', 'ocproduct', '{"name":"New Product Home3","class":"products1","status":"1","option":"2","product":"","cate_name":"","cate_id":"","productfrom":"0","productcate":"","input_specific_product":"0","autoproduct":"0","title_lang":{"en-gb":{"title":"New Arrivals"},"fr-gb":{"title":"New Arrivals"}},"module_description":{"1":{"description":""},"2":{"description":""}},"type":"1","slider":"1","items":"1","auto":"0","time":"3000","speed":"1000","row":"4","loop":"0","margin":"30","navigation":"1","pagination":"0","desktop":"1","tablet":"1","mobile":"1","smobile":"1","nrow":"1","description":"0","countdown":"0","rotator":"1","newlabel":"0","salelabel":"0","limit":"8","width":"120","height":"120"}'),
(135, 'Banner Center Home3', 'occmsblock', '{"name":"Banner Center Home3","cmsblock_id":"69","status":"1"}'),
(136, 'Tab Products Home3', 'octabproducts', '{"name":"Tab Products Home3","class":"tabproducts","status":"1","title_lang":{"en-gb":{"title":"Producstab"},"fr-gb":{"title":"Producstab"}},"module_description":{"1":{"description":""},"2":{"description":""}},"type":"0","slider":"1","items":"4","row":"1","loop":"1","margin":"30","auto":"0","time":"3000","speed":"1000","navigation":"1","pagination":"0","desktop":"3","tablet":"3","mobile":"2","smobile":"1","nrow":"1","description":"0","countdown":"0","rotator":"1","newlabel":"1","salelabel":"1","limit":"12","width":"221","height":"221","module_image":"catalog\\/opencart-logo.png","octab":[{"tab_name":{"en-gb":{"title":"Featured"},"fr-gb":{"title":"Featured"}},"option":"0","productall":["62  ","63  ","64  ","65  ","67  ","68  "],"cate_name":"","cate_id":"","productfrom":"1","productcate":"","input_specific_product":"0","autoproduct":"0"},{"tab_name":{"en-gb":{"title":"Best Seller"},"fr-gb":{"title":"Best Seller"}},"option":"2","productall":"","cate_name":"","cate_id":"","productfrom":"1","productcate":"","input_specific_product":"0","autoproduct":"2"},{"tab_name":{"en-gb":{"title":"Mostviewed"},"fr-gb":{"title":"Mostviewed"}},"option":"2","productall":"","cate_name":"","cate_id":"","productfrom":"1","productcate":"","input_specific_product":"0","autoproduct":"3"}]}'),
(137, 'Banner Center1 Home3', 'occmsblock', '{"name":"Banner Center1 Home3","cmsblock_id":"70","status":"1"}'),
(138, 'Tabs Categories Home3', 'octabproducts', '{"name":"Tabs Categories Home3","class":"tabscategories","status":"1","title_lang":{"en-gb":{"title":"Living Room"},"fr-gb":{"title":"Living Room"}},"module_description":{"1":{"description":""},"2":{"description":""}},"type":"2","slider":"1","items":"3","row":"1","loop":"1","margin":"30","auto":"0","time":"3000","speed":"1000","navigation":"1","pagination":"0","desktop":"2","tablet":"2","mobile":"2","smobile":"1","nrow":"1","description":"0","countdown":"0","rotator":"1","newlabel":"0","salelabel":"0","limit":"8","width":"221","height":"221","module_image":"catalog\\/category\\/img4-category3.jpg","octab":[{"tab_name":{"en-gb":{"title":"Loveseats"},"fr-gb":{"title":"Loveseats"}},"option":"1","productall":"","cate_name":"Living Room\\u00a0\\u00a0&gt;\\u00a0\\u00a0Loveseats","cate_id":"175","productfrom":"1","productcate":"","input_specific_product":"0","autoproduct":"0"},{"tab_name":{"en-gb":{"title":"Sectionals"},"fr-gb":{"title":"Sectionals"}},"option":"1","productall":"","cate_name":"Living Room\\u00a0\\u00a0&gt;\\u00a0\\u00a0Sectionals","cate_id":"176","productfrom":"1","productcate":"","input_specific_product":"0","autoproduct":"0"},{"tab_name":{"en-gb":{"title":"Sofas"},"fr-gb":{"title":"Sofas"}},"option":"1","productall":"","cate_name":"Living Room\\u00a0\\u00a0&gt;\\u00a0\\u00a0Sofas","cate_id":"177","productfrom":"1","productcate":"","input_specific_product":"0","autoproduct":"0"}]}'),
(139, 'Banner Center2 Home3', 'occmsblock', '{"name":"Banner Center2 Home3","cmsblock_id":"71","status":"1"}'),
(140, 'Tabs Categories1 Home3', 'octabproducts', '{"name":"Tabs Categories1 Home3","class":"tabscategories","status":"1","title_lang":{"en-gb":{"title":"Home Office"},"fr-gb":{"title":"Home Office"}},"module_description":{"1":{"description":""},"2":{"description":""}},"type":"2","slider":"1","items":"3","row":"1","loop":"1","margin":"30","auto":"0","time":"3000","speed":"1000","navigation":"1","pagination":"0","desktop":"2","tablet":"2","mobile":"2","smobile":"1","nrow":"1","description":"0","countdown":"0","rotator":"1","newlabel":"0","salelabel":"0","limit":"8","width":"221","height":"221","module_image":"catalog\\/category\\/img5-category3.jpg","octab":[{"tab_name":{"en-gb":{"title":"Bookcases"},"fr-gb":{"title":"Bookcases"}},"option":"1","productall":"","cate_name":"Home Office\\u00a0\\u00a0&gt;\\u00a0\\u00a0Bookcases","cate_id":"190","productfrom":"1","productcate":"","input_specific_product":"0","autoproduct":"0"},{"tab_name":{"en-gb":{"title":"Chairs"},"fr-gb":{"title":"Chairs"}},"option":"1","productall":"","cate_name":"Home Office\\u00a0\\u00a0&gt;\\u00a0\\u00a0Chairs","cate_id":"191","productfrom":"1","productcate":"","input_specific_product":"0","autoproduct":"0"},{"tab_name":{"en-gb":{"title":"Desks"},"fr-gb":{"title":"Desks"}},"option":"1","productall":"","cate_name":"Home Office\\u00a0\\u00a0&gt;\\u00a0\\u00a0Desks","cate_id":"192","productfrom":"1","productcate":"","input_specific_product":"0","autoproduct":"0"},{"tab_name":{"en-gb":{"title":"Storage"},"fr-gb":{"title":"Storage"}},"option":"1","productall":"","cate_name":"Home Office\\u00a0\\u00a0&gt;\\u00a0\\u00a0Storage","cate_id":"194","productfrom":"1","productcate":"","input_specific_product":"0","autoproduct":"0"}]}'),
(141, 'Featured Products Home3', 'featured', '{"name":"Featured Products Home3","product_name":"","product":["62","63","64","65","67"],"limit":"4","width":"100","height":"100","status":"1"}'),
(142, 'Vertical Megamenu Home4', 'ocvermegamenu', '{"name":"Vertical Megamenu Home4","status":"1","hhome":"1","hdepth":"4","hlevel":"4","hitem_limit":"10","h_active_cate":"CAT206,CAT207,CAT208,CAT209,CAT210,CAT211,CAT212,CAT213,CAT214,CAT215,CAT216"}'),
(143, 'Header Bottom', 'occmsblock', '{"name":"Header Bottom","cmsblock_id":"72","status":"1"}'),
(150, 'Tabs Categories1 Home4', 'octabproducts', '{"name":"Tabs Categories1 Home4","class":"tabscategories","status":"1","title_lang":{"en-gb":{"title":"Egg Poachers"},"fr-gb":{"title":"Egg Poachers"}},"module_description":{"1":{"description":""},"2":{"description":""}},"type":"2","slider":"1","items":"5","row":"1","loop":"1","margin":"10","auto":"0","time":"3000","speed":"1000","navigation":"1","pagination":"0","desktop":"4","tablet":"2","mobile":"2","smobile":"1","nrow":"1","description":"0","countdown":"0","rotator":"1","newlabel":"0","salelabel":"0","limit":"8","width":"600","height":"600","module_image":"catalog\\/category\\/img1-tab-category4.jpg","octab":[{"tab_name":{"en-gb":{"title":"Around-eye"},"fr-gb":{"title":"Around-eye"}},"option":"1","productall":"","cate_name":"Egg Poachers\\u00a0\\u00a0&gt;\\u00a0\\u00a0Around-eye","cate_id":"222","productfrom":"1","productcate":"","input_specific_product":"0","autoproduct":"0"},{"tab_name":{"en-gb":{"title":"Nourishing"},"fr-gb":{"title":"Nourishing"}},"option":"1","productall":"","cate_name":"Egg Poachers\\u00a0\\u00a0&gt;\\u00a0\\u00a0Nourishing","cate_id":"223","productfrom":"1","productcate":"","input_specific_product":"0","autoproduct":"0"},{"tab_name":{"en-gb":{"title":"Personal Care"},"fr-gb":{"title":"Personal Care"}},"option":"1","productall":"","cate_name":"Egg Poachers\\u00a0\\u00a0&gt;\\u00a0\\u00a0Personal Care","cate_id":"224","productfrom":"1","productcate":"","input_specific_product":"0","autoproduct":"0"}]}'),
(151, 'Mostviewed Products Home4', 'ocproduct', '{"name":"Mostviewed Products Home4","class":"products1","status":"1","option":"2","product":"","cate_name":"","cate_id":"","productfrom":"0","productcate":"","input_specific_product":"0","autoproduct":"3","title_lang":{"en-gb":{"title":"Most view"},"fr-gb":{"title":"Most view"}},"module_description":{"1":{"description":""},"2":{"description":""}},"type":"1","slider":"1","items":"5","auto":"0","time":"3000","speed":"1000","row":"1","loop":"0","margin":"30","navigation":"1","pagination":"0","desktop":"4","tablet":"3","mobile":"2","smobile":"1","nrow":"1","description":"0","countdown":"0","rotator":"1","newlabel":"0","salelabel":"0","limit":"10","width":"600","height":"600"}'),
(152, 'Instagram', 'ocinstagram', '{"name":"Instagram","status":"1","userid":"3573844619","access_token":"3573844619.1677ed0.6df51c4079e14ababcacf3b5f16808ce","limit":"8","rows":"2","view_mode":"slider","item":"4","speed":"1000","autoplay":"0","shownextback":"0","shownav":"0"}'),
(153, 'Featured Products Home4', 'featured', '{"name":"Featured Products Home4","product_name":"","product":["72","73","74","75"],"limit":"4","width":"100","height":"100","status":"1"}'),
(154, 'Horizontal Mega Menu4', 'ochozmegamenu', '{"name":"Horizontal Mega Menu4","status":"1","hhome":"1","sticky":"1","hdepth":" 4 ","hlevel":" 4 ","hactive":"CAT206,CAT207,CAT208,CAT209,CAT210,CAT211,CAT212,CAT213,CAT214,CAT215,CAT216","mobile":"1"}'),
(155, 'Banner Left2', 'occmsblock', '{"name":"Banner Left2","cmsblock_id":"75","status":"1"}'),
(157, 'Banner Left4', 'occmsblock', '{"name":"Banner Left4","cmsblock_id":"77","status":"1"}');

-- --------------------------------------------------------

--
-- Table structure for table `oc_ocslideshow`
--

CREATE TABLE `oc_ocslideshow` (
  `ocslideshow_id` int(11) NOT NULL,
  `name` varchar(64) NOT NULL,
  `status` tinyint(1) NOT NULL,
  `auto` tinyint(1) DEFAULT NULL,
  `delay` int(11) DEFAULT NULL,
  `hover` tinyint(1) DEFAULT NULL,
  `nextback` tinyint(1) DEFAULT NULL,
  `contrl` tinyint(1) DEFAULT NULL,
  `effect` varchar(64) NOT NULL
) ENGINE=MyISAM DEFAULT CHARSET=utf8;

--
-- Dumping data for table `oc_ocslideshow`
--

INSERT INTO `oc_ocslideshow` (`ocslideshow_id`, `name`, `status`, `auto`, `delay`, `hover`, `nextback`, `contrl`, `effect`) VALUES
(18, 'Home slideshow 1', 1, 1, 5000, 0, 1, 0, '  random  '),
(19, 'Home slideshow 2', 1, 1, 5000, 1, 0, 1, '  random  '),
(20, 'Home slideshow 3', 1, 1, 5000, 0, 0, 1, '  random  '),
(21, 'Home slideshow 4', 1, 1, 5000, 0, 0, 1, '  random  ');

-- --------------------------------------------------------

--
-- Table structure for table `oc_ocslideshow_image`
--

CREATE TABLE `oc_ocslideshow_image` (
  `ocslideshow_image_id` int(11) NOT NULL,
  `ocslideshow_id` int(11) NOT NULL,
  `link` varchar(255) NOT NULL,
  `type` int(11) NOT NULL,
  `banner_store` varchar(110) DEFAULT '0',
  `image` varchar(255) NOT NULL,
  `small_image` varchar(255) DEFAULT NULL
) ENGINE=MyISAM DEFAULT CHARSET=utf8;

--
-- Dumping data for table `oc_ocslideshow_image`
--

INSERT INTO `oc_ocslideshow_image` (`ocslideshow_image_id`, `ocslideshow_id`, `link`, `type`, `banner_store`, `image`, `small_image`) VALUES
(293, 19, '    #  ', 2, '1,0,1,0', 'catalog/slideshow/bg3-slidershow.jpg', 'no_image.png'),
(291, 18, '      #   ', 2, '0,0', 'catalog/slideshow/bg-slidershow.jpg', 'no_image.png'),
(309, 20, '                  #         ', 2, '2,0,2,0', 'catalog/slideshow/bg5-slidershow.jpg', 'no_image.png'),
(299, 21, '      #   ', 1, '3,0,3,0', 'catalog/slideshow/bg6-slidershow.jpg', 'no_image.png'),
(298, 21, '      #   ', 2, '3,0,3,0', 'catalog/slideshow/bg7-slidershow.jpg', 'no_image.png'),
(290, 18, '      #   ', 1, '0,0', 'catalog/slideshow/bg1-slidershow.jpg', 'no_image.png'),
(292, 19, '    #  ', 1, '1,0,1,0', 'catalog/slideshow/bg2-slidershow.jpg', 'no_image.png'),
(308, 20, '                  #         ', 1, '2,0,2,0', 'catalog/slideshow/bg4-slidershow.jpg', 'no_image.png');

-- --------------------------------------------------------

--
-- Table structure for table `oc_ocslideshow_image_description`
--

CREATE TABLE `oc_ocslideshow_image_description` (
  `ocslideshow_image_id` int(11) NOT NULL,
  `language_id` int(11) NOT NULL,
  `ocslideshow_id` int(11) NOT NULL,
  `title` varchar(64) NOT NULL,
  `sub_title` varchar(64) DEFAULT NULL,
  `description` text
) ENGINE=MyISAM DEFAULT CHARSET=utf8;

--
-- Dumping data for table `oc_ocslideshow_image_description`
--

INSERT INTO `oc_ocslideshow_image_description` (`ocslideshow_image_id`, `language_id`, `ocslideshow_id`, `title`, `sub_title`, `description`) VALUES
(309, 2, 20, '         Slip-on Cushion covers         ', '                ', '         Handmade - made to order         '),
(309, 1, 20, '         Slip-on Cushion covers         ', '                ', '         Handmade - made to order         '),
(308, 2, 20, '         Bentwood armchair simple contemporary         ', '         Get up to         ', '         30% off         '),
(291, 2, 18, '   Samsung   ', '   Galaxy note9   ', '   get up to &lt;span&gt;30% off&lt;/span&gt; &lt;p&gt;Upgrade every 12 months&lt;/p&gt;   '),
(298, 1, 21, ' Small kitchen appliances ', '  ', ' Give A Modern Touch To Your Kitchen With Smart Appliances '),
(298, 2, 21, ' Small kitchen appliances ', '  ', ' Give A Modern Touch To Your Kitchen With Smart Appliances '),
(299, 1, 21, ' No More Toiling In the kitchen ', '  ', ' Toasters | Sandwich Makers | Kettles Hand Blenders &amp;amp; more '),
(299, 2, 21, ' No More Toiling In the kitchen ', '  ', ' Toasters | Sandwich Makers | Kettles Hand Blenders &amp;amp; more '),
(293, 2, 19, '  Grocery shopping  ', '  Get up to  ', '  &lt;span&gt;30% off&lt;/span&gt;Fresh Fruit &amp;amp; Vegetables  '),
(293, 1, 19, '  Grocery shopping  ', '  Get up to  ', '  &lt;span&gt;30% off&lt;/span&gt;Fresh Fruit &amp;amp; Vegetables  '),
(292, 2, 19, '  Bag full of  ', '  Grocery products  ', '  Frozen &amp;amp; Chilled food fresh fruit &amp;amp; Vegetables  '),
(292, 1, 19, '  Bag full of  ', '  Grocery products  ', '  Frozen &amp;amp; Chilled food fresh fruit &amp;amp; Vegetables  '),
(308, 1, 20, '         Bentwood armchair simple contemporary         ', '         Get up to         ', '         30% off         '),
(290, 1, 18, '   Panasonic lumix G9   ', '   Mirrorless Camera Body   ', '   get up to &lt;span&gt;30% off&lt;/span&gt; &lt;p&gt;20.3 Megapixels plus 80 Megapixel&lt;/p&gt;  '),
(290, 2, 18, '   Panasonic lumix G9   ', '   Mirrorless Camera Body   ', '   get up to &lt;span&gt;30% off&lt;/span&gt; &lt;p&gt;20.3 Megapixels plus 80 Megapixel&lt;/p&gt;  '),
(291, 1, 18, '   Samsung   ', '   Galaxy note9   ', '   get up to &lt;span&gt;30% off&lt;/span&gt; &lt;p&gt;Upgrade every 12 months&lt;/p&gt;   ');

-- --------------------------------------------------------

--
-- Table structure for table `oc_option`
--

CREATE TABLE `oc_option` (
  `option_id` int(11) NOT NULL,
  `type` varchar(32) NOT NULL,
  `sort_order` int(3) NOT NULL
) ENGINE=MyISAM DEFAULT CHARSET=utf8;

--
-- Dumping data for table `oc_option`
--

INSERT INTO `oc_option` (`option_id`, `type`, `sort_order`) VALUES
(1, 'radio', 1),
(2, 'checkbox', 2),
(4, 'text', 3),
(5, 'select', 4),
(6, 'textarea', 5),
(7, 'file', 6),
(8, 'date', 7),
(9, 'time', 8),
(10, 'datetime', 9),
(11, 'select', 10),
(12, 'date', 11);

-- --------------------------------------------------------

--
-- Table structure for table `oc_option_description`
--

CREATE TABLE `oc_option_description` (
  `option_id` int(11) NOT NULL,
  `language_id` int(11) NOT NULL,
  `name` varchar(128) NOT NULL
) ENGINE=MyISAM DEFAULT CHARSET=utf8;

--
-- Dumping data for table `oc_option_description`
--

INSERT INTO `oc_option_description` (`option_id`, `language_id`, `name`) VALUES
(1, 1, 'Radio'),
(2, 1, 'Checkbox'),
(4, 1, 'Text'),
(6, 1, 'Textarea'),
(8, 1, 'Date'),
(7, 1, 'File'),
(5, 1, 'Select'),
(9, 1, 'Time'),
(10, 1, 'Date &amp; Time'),
(12, 1, 'Delivery Date'),
(11, 1, 'Size'),
(1, 2, 'Radio'),
(2, 2, 'Checkbox'),
(4, 2, 'Text'),
(6, 2, 'Textarea'),
(8, 2, 'Date'),
(7, 2, 'File'),
(5, 2, 'Select'),
(9, 2, 'Time'),
(10, 2, 'Date &amp; Time'),
(12, 2, 'Delivery Date'),
(11, 2, 'Size');

-- --------------------------------------------------------

--
-- Table structure for table `oc_option_value`
--

CREATE TABLE `oc_option_value` (
  `option_value_id` int(11) NOT NULL,
  `option_id` int(11) NOT NULL,
  `image` varchar(255) NOT NULL,
  `sort_order` int(3) NOT NULL
) ENGINE=MyISAM DEFAULT CHARSET=utf8;

--
-- Dumping data for table `oc_option_value`
--

INSERT INTO `oc_option_value` (`option_value_id`, `option_id`, `image`, `sort_order`) VALUES
(43, 1, '', 3),
(32, 1, '', 1),
(45, 2, '', 4),
(44, 2, '', 3),
(42, 5, '', 4),
(41, 5, '', 3),
(39, 5, '', 1),
(40, 5, '', 2),
(31, 1, '', 2),
(23, 2, '', 1),
(24, 2, '', 2),
(46, 11, '', 1),
(47, 11, '', 2),
(48, 11, '', 3);

-- --------------------------------------------------------

--
-- Table structure for table `oc_option_value_description`
--

CREATE TABLE `oc_option_value_description` (
  `option_value_id` int(11) NOT NULL,
  `language_id` int(11) NOT NULL,
  `option_id` int(11) NOT NULL,
  `name` varchar(128) NOT NULL
) ENGINE=MyISAM DEFAULT CHARSET=utf8;

--
-- Dumping data for table `oc_option_value_description`
--

INSERT INTO `oc_option_value_description` (`option_value_id`, `language_id`, `option_id`, `name`) VALUES
(43, 1, 1, 'Large'),
(32, 1, 1, 'Small'),
(45, 1, 2, 'Checkbox 4'),
(44, 1, 2, 'Checkbox 3'),
(31, 1, 1, 'Medium'),
(42, 1, 5, 'Yellow'),
(41, 1, 5, 'Green'),
(39, 1, 5, 'Red'),
(40, 1, 5, 'Blue'),
(23, 1, 2, 'Checkbox 1'),
(24, 1, 2, 'Checkbox 2'),
(48, 1, 11, 'Large'),
(47, 1, 11, 'Medium'),
(46, 1, 11, 'Small'),
(43, 2, 1, 'Large'),
(32, 2, 1, 'Small'),
(45, 2, 2, 'Checkbox 4'),
(44, 2, 2, 'Checkbox 3'),
(31, 2, 1, 'Medium'),
(42, 2, 5, 'Yellow'),
(41, 2, 5, 'Green'),
(39, 2, 5, 'Red'),
(40, 2, 5, 'Blue'),
(23, 2, 2, 'Checkbox 1'),
(24, 2, 2, 'Checkbox 2'),
(48, 2, 11, 'Large'),
(47, 2, 11, 'Medium'),
(46, 2, 11, 'Small');

-- --------------------------------------------------------

--
-- Table structure for table `oc_order`
--

CREATE TABLE `oc_order` (
  `order_id` int(11) NOT NULL,
  `invoice_no` int(11) NOT NULL DEFAULT '0',
  `invoice_prefix` varchar(26) NOT NULL,
  `store_id` int(11) NOT NULL DEFAULT '0',
  `store_name` varchar(64) NOT NULL,
  `store_url` varchar(255) NOT NULL,
  `customer_id` int(11) NOT NULL DEFAULT '0',
  `customer_group_id` int(11) NOT NULL DEFAULT '0',
  `firstname` varchar(32) NOT NULL,
  `lastname` varchar(32) NOT NULL,
  `email` varchar(96) NOT NULL,
  `telephone` varchar(32) NOT NULL,
  `fax` varchar(32) NOT NULL,
  `custom_field` text NOT NULL,
  `payment_firstname` varchar(32) NOT NULL,
  `payment_lastname` varchar(32) NOT NULL,
  `payment_company` varchar(60) NOT NULL,
  `payment_address_1` varchar(128) NOT NULL,
  `payment_address_2` varchar(128) NOT NULL,
  `payment_city` varchar(128) NOT NULL,
  `payment_postcode` varchar(10) NOT NULL,
  `payment_country` varchar(128) NOT NULL,
  `payment_country_id` int(11) NOT NULL,
  `payment_zone` varchar(128) NOT NULL,
  `payment_zone_id` int(11) NOT NULL,
  `payment_address_format` text NOT NULL,
  `payment_custom_field` text NOT NULL,
  `payment_method` varchar(128) NOT NULL,
  `payment_code` varchar(128) NOT NULL,
  `shipping_firstname` varchar(32) NOT NULL,
  `shipping_lastname` varchar(32) NOT NULL,
  `shipping_company` varchar(40) NOT NULL,
  `shipping_address_1` varchar(128) NOT NULL,
  `shipping_address_2` varchar(128) NOT NULL,
  `shipping_city` varchar(128) NOT NULL,
  `shipping_postcode` varchar(10) NOT NULL,
  `shipping_country` varchar(128) NOT NULL,
  `shipping_country_id` int(11) NOT NULL,
  `shipping_zone` varchar(128) NOT NULL,
  `shipping_zone_id` int(11) NOT NULL,
  `shipping_address_format` text NOT NULL,
  `shipping_custom_field` text NOT NULL,
  `shipping_method` varchar(128) NOT NULL,
  `shipping_code` varchar(128) NOT NULL,
  `comment` text NOT NULL,
  `total` decimal(15,4) NOT NULL DEFAULT '0.0000',
  `order_status_id` int(11) NOT NULL DEFAULT '0',
  `affiliate_id` int(11) NOT NULL,
  `commission` decimal(15,4) NOT NULL,
  `marketing_id` int(11) NOT NULL,
  `tracking` varchar(64) NOT NULL,
  `language_id` int(11) NOT NULL,
  `currency_id` int(11) NOT NULL,
  `currency_code` varchar(3) NOT NULL,
  `currency_value` decimal(15,8) NOT NULL DEFAULT '1.00000000',
  `ip` varchar(40) NOT NULL,
  `forwarded_ip` varchar(40) NOT NULL,
  `user_agent` varchar(255) NOT NULL,
  `accept_language` varchar(255) NOT NULL,
  `date_added` datetime NOT NULL,
  `date_modified` datetime NOT NULL
) ENGINE=MyISAM DEFAULT CHARSET=utf8;

--
-- Dumping data for table `oc_order`
--

INSERT INTO `oc_order` (`order_id`, `invoice_no`, `invoice_prefix`, `store_id`, `store_name`, `store_url`, `customer_id`, `customer_group_id`, `firstname`, `lastname`, `email`, `telephone`, `fax`, `custom_field`, `payment_firstname`, `payment_lastname`, `payment_company`, `payment_address_1`, `payment_address_2`, `payment_city`, `payment_postcode`, `payment_country`, `payment_country_id`, `payment_zone`, `payment_zone_id`, `payment_address_format`, `payment_custom_field`, `payment_method`, `payment_code`, `shipping_firstname`, `shipping_lastname`, `shipping_company`, `shipping_address_1`, `shipping_address_2`, `shipping_city`, `shipping_postcode`, `shipping_country`, `shipping_country_id`, `shipping_zone`, `shipping_zone_id`, `shipping_address_format`, `shipping_custom_field`, `shipping_method`, `shipping_code`, `comment`, `total`, `order_status_id`, `affiliate_id`, `commission`, `marketing_id`, `tracking`, `language_id`, `currency_id`, `currency_code`, `currency_value`, `ip`, `forwarded_ip`, `user_agent`, `accept_language`, `date_added`, `date_modified`) VALUES
(1, 0, 'INV-2017-00', 0, 'Your Store', 'http://tt_cigar1.com/', 1, 1, 'demo', 'plaza', 'demo@plazathemes.com', '1234567890', '', '', 'plaza', 'themes', '', 'plaza', '', 'plaza', 'plaza', 'United Kingdom', 222, 'Angus', 3516, '', '[]', 'Cash On Delivery', 'cod', 'plaza', 'themes', '', 'plaza', '', 'plaza', 'plaza', 'United Kingdom', 222, 'Angus', 3516, '', '[]', 'Flat Shipping Rate', 'flat.flat', '', '568.0000', 0, 0, '0.0000', 0, '', 1, 2, 'USD', '1.00000000', '127.0.0.1', '', 'Mozilla/5.0 (Windows NT 10.0; Win64; x64) AppleWebKit/537.36 (KHTML, like Gecko) Chrome/62.0.3202.94 Safari/537.36', 'en-US,en;q=0.9', '2017-12-11 20:26:38', '2017-12-11 20:26:38'),
(2, 0, 'INV-2017-00', 0, 'Your Store', 'http://tt_cigar1.com/', 1, 1, 'demo', 'plaza', 'demo@plazathemes.com', '1234567890', '', '', 'plaza', 'themes', '', 'plaza', '', 'plaza', 'plaza', 'United Kingdom', 222, 'Angus', 3516, '', '[]', 'Cash On Delivery', 'cod', 'plaza', 'themes', '', 'plaza', '', 'plaza', 'plaza', 'United Kingdom', 222, 'Angus', 3516, '', '[]', 'Flat Shipping Rate', 'flat.flat', '', '568.0000', 1, 0, '0.0000', 0, '', 1, 2, 'USD', '1.00000000', '127.0.0.1', '', 'Mozilla/5.0 (Windows NT 10.0; Win64; x64) AppleWebKit/537.36 (KHTML, like Gecko) Chrome/62.0.3202.94 Safari/537.36', 'en-US,en;q=0.9', '2017-12-11 20:31:42', '2017-12-11 20:33:17'),
(3, 0, 'INV-2017-00', 0, 'Your Store', 'http://tt_cigar1.com/', 1, 1, 'demo', 'plaza', 'demo@plazathemes.com', '1234567890', '', '', 'plaza', 'themes', '', 'plaza', '', 'plaza', 'plaza', 'United Kingdom', 222, 'Angus', 3516, '', '[]', 'Cash On Delivery', 'cod', 'plaza', 'themes', '', 'plaza', '', 'plaza', 'plaza', 'United Kingdom', 222, 'Angus', 3516, '', '[]', 'Flat Shipping Rate', 'flat.flat', '', '2078.0000', 1, 0, '0.0000', 0, '', 1, 2, 'USD', '1.00000000', '127.0.0.1', '', 'Mozilla/5.0 (Windows NT 10.0; Win64; x64) AppleWebKit/537.36 (KHTML, like Gecko) Chrome/63.0.3239.84 Safari/537.36', 'en-US,en;q=0.9', '2017-12-13 22:12:42', '2017-12-13 22:12:51'),
(4, 0, 'INV-2017-00', 1, 'Cigar 2', 'http://tt_cigar2.com/', 1, 1, 'demo', 'plaza', 'demo@plazathemes.com', '1234567890', '', '', 'plaza', 'themes', '', 'plaza', '', 'plaza', 'plaza', 'United Kingdom', 222, 'Angus', 3516, '', '[]', 'Cash On Delivery', 'cod', 'plaza', 'themes', '', 'plaza', '', 'plaza', 'plaza', 'United Kingdom', 222, 'Angus', 3516, '', '[]', 'Flat Shipping Rate', 'flat.flat', '', '1098.0000', 1, 0, '0.0000', 0, '', 1, 2, 'USD', '1.00000000', '127.0.0.1', '', 'Mozilla/5.0 (Windows NT 10.0; Win64; x64) AppleWebKit/537.36 (KHTML, like Gecko) Chrome/63.0.3239.84 Safari/537.36', 'en-US,en;q=0.9', '2018-01-07 22:19:57', '2018-01-07 22:20:10'),
(5, 0, 'INV-2017-00', 3, 'Cigar 4', 'http://tt_cigar4.com/', 1, 1, 'demo', 'plaza', 'demo@plazathemes.com', '1234567890', '', '', 'plaza', 'themes', '', 'plaza', '', 'plaza', 'plaza', 'United Kingdom', 222, 'Angus', 3516, '', '[]', 'Cash On Delivery', 'cod', 'plaza', 'themes', '', 'plaza', '', 'plaza', 'plaza', 'United Kingdom', 222, 'Angus', 3516, '', '[]', 'Flat Shipping Rate', 'flat.flat', '', '698.0000', 1, 0, '0.0000', 0, '', 1, 2, 'USD', '1.00000000', '127.0.0.1', '', 'Mozilla/5.0 (Windows NT 10.0; Win64; x64) AppleWebKit/537.36 (KHTML, like Gecko) Chrome/64.0.3282.186 Safari/537.36', 'en-US,en;q=0.9', '2018-03-03 09:43:26', '2018-03-03 09:43:31'),
(6, 0, 'INV-2017-00', 1, 'Calcio 2', 'http://tt_calcio2.com/', 1, 1, 'demo', 'plaza', 'demo@plazathemes.com', '1234567890', '', '', 'plaza', 'themes', '', 'plaza', '', 'plaza', 'plaza', 'United Kingdom', 222, 'Angus', 3516, '', '[]', 'Cash On Delivery', 'cod', 'plaza', 'themes', '', 'plaza', '', 'plaza', 'plaza', 'United Kingdom', 222, 'Angus', 3516, '', '[]', 'Flat Shipping Rate', 'flat.flat', '', '758.0000', 1, 0, '0.0000', 0, '', 1, 2, 'USD', '1.00000000', '127.0.0.1', '', 'Mozilla/5.0 (Windows NT 10.0; Win64; x64) AppleWebKit/537.36 (KHTML, like Gecko) Chrome/64.0.3282.186 Safari/537.36', 'en-US,en;q=0.9', '2018-03-08 09:45:51', '2018-03-08 09:45:57'),
(7, 0, 'INV-2017-00', 2, 'Calcio 3', 'http://tt_calcio3.com/', 1, 1, 'demo', 'plaza', 'demo@plazathemes.com', '1234567890', '', '', 'plaza', 'themes', '', 'plaza', '', 'plaza', 'plaza', 'United Kingdom', 222, 'Angus', 3516, '', '[]', 'Cash On Delivery', 'cod', 'plaza', 'themes', '', 'plaza', '', 'plaza', 'plaza', 'United Kingdom', 222, 'Angus', 3516, '', '[]', 'Flat Shipping Rate', 'flat.flat', '', '2088.0000', 1, 0, '0.0000', 0, '', 1, 2, 'USD', '1.00000000', '127.0.0.1', '', 'Mozilla/5.0 (Windows NT 10.0; Win64; x64) AppleWebKit/537.36 (KHTML, like Gecko) Chrome/64.0.3282.186 Safari/537.36', 'en-US,en;q=0.9', '2018-03-08 11:05:00', '2018-03-08 11:05:20');

-- --------------------------------------------------------

--
-- Table structure for table `oc_order_history`
--

CREATE TABLE `oc_order_history` (
  `order_history_id` int(11) NOT NULL,
  `order_id` int(11) NOT NULL,
  `order_status_id` int(11) NOT NULL,
  `notify` tinyint(1) NOT NULL DEFAULT '0',
  `comment` text NOT NULL,
  `date_added` datetime NOT NULL
) ENGINE=MyISAM DEFAULT CHARSET=utf8;

--
-- Dumping data for table `oc_order_history`
--

INSERT INTO `oc_order_history` (`order_history_id`, `order_id`, `order_status_id`, `notify`, `comment`, `date_added`) VALUES
(1, 2, 1, 0, '', '2017-12-11 20:33:15'),
(2, 2, 1, 0, '', '2017-12-11 20:33:17'),
(3, 3, 1, 0, '', '2017-12-13 22:12:49'),
(4, 3, 1, 0, '', '2017-12-13 22:12:51'),
(5, 4, 1, 0, '', '2018-01-07 22:20:02'),
(6, 4, 1, 0, '', '2018-01-07 22:20:10'),
(7, 5, 1, 0, '', '2018-03-03 09:43:31'),
(8, 6, 1, 0, '', '2018-03-08 09:45:55'),
(9, 6, 1, 0, '', '2018-03-08 09:45:57'),
(10, 7, 1, 0, '', '2018-03-08 11:05:04'),
(11, 7, 1, 0, '', '2018-03-08 11:05:20');

-- --------------------------------------------------------

--
-- Table structure for table `oc_order_option`
--

CREATE TABLE `oc_order_option` (
  `order_option_id` int(11) NOT NULL,
  `order_id` int(11) NOT NULL,
  `order_product_id` int(11) NOT NULL,
  `product_option_id` int(11) NOT NULL,
  `product_option_value_id` int(11) NOT NULL DEFAULT '0',
  `name` varchar(255) NOT NULL,
  `value` text NOT NULL,
  `type` varchar(32) NOT NULL
) ENGINE=MyISAM DEFAULT CHARSET=utf8;

--
-- Dumping data for table `oc_order_option`
--

INSERT INTO `oc_order_option` (`order_option_id`, `order_id`, `order_product_id`, `product_option_id`, `product_option_value_id`, `name`, `value`, `type`) VALUES
(1, 1, 1, 226, 15, 'Select', 'Red', 'select'),
(2, 2, 3, 226, 15, 'Select', 'Red', 'select');

-- --------------------------------------------------------

--
-- Table structure for table `oc_order_product`
--

CREATE TABLE `oc_order_product` (
  `order_product_id` int(11) NOT NULL,
  `order_id` int(11) NOT NULL,
  `product_id` int(11) NOT NULL,
  `name` varchar(255) NOT NULL,
  `model` varchar(64) NOT NULL,
  `quantity` int(4) NOT NULL,
  `price` decimal(15,4) NOT NULL DEFAULT '0.0000',
  `total` decimal(15,4) NOT NULL DEFAULT '0.0000',
  `tax` decimal(15,4) NOT NULL DEFAULT '0.0000',
  `reward` int(8) NOT NULL
) ENGINE=MyISAM DEFAULT CHARSET=utf8;

--
-- Dumping data for table `oc_order_product`
--

INSERT INTO `oc_order_product` (`order_product_id`, `order_id`, `product_id`, `name`, `model`, `quantity`, `price`, `total`, `tax`, `reward`) VALUES
(1, 1, 30, 'Aliquam Consequat', '2', 2, '120.0000', '240.0000', '0.0000', 400),
(2, 1, 44, 'Ras Neque Metus', '12', 1, '320.0000', '320.0000', '0.0000', 700),
(3, 2, 30, 'Aliquam Consequat', '2', 2, '120.0000', '240.0000', '0.0000', 400),
(4, 2, 44, 'Ras Neque Metus', '12', 1, '320.0000', '320.0000', '0.0000', 700),
(5, 3, 48, 'Fusce Aliquam', '7', 2, '410.0000', '820.0000', '0.0000', 0),
(6, 3, 36, 'Letraset Sheets', '8', 1, '320.0000', '320.0000', '0.0000', 0),
(7, 3, 34, 'Lorem Ipsum', '9', 1, '240.0000', '240.0000', '0.0000', 0),
(8, 3, 28, 'Donec Ac Tempus', '4', 1, '260.0000', '260.0000', '0.0000', 400),
(9, 3, 41, 'Donec Non Est', '5', 1, '430.0000', '430.0000', '0.0000', 0),
(10, 4, 55, 'Occumsan Olit', '6-1', 1, '120.0000', '120.0000', '0.0000', 0),
(11, 4, 56, 'Oliquam Consequat', '7-1', 1, '410.0000', '410.0000', '0.0000', 0),
(12, 4, 57, 'Otiam Gravida', '8-1', 1, '320.0000', '320.0000', '0.0000', 0),
(13, 4, 58, 'Rimis In Caucibus', '9-1', 1, '240.0000', '240.0000', '0.0000', 0),
(14, 5, 75, 'Lonec Oc Tempus', '4-3', 1, '260.0000', '260.0000', '0.0000', 400),
(15, 5, 76, 'Pliquam Lonsequat', '5-3', 1, '430.0000', '430.0000', '0.0000', 0),
(16, 6, 54, 'Munc Acilisis', '5-1', 1, '430.0000', '430.0000', '0.0000', 0),
(17, 6, 61, 'Suisque On Arcu', '12-1', 1, '320.0000', '320.0000', '0.0000', 700),
(18, 7, 65, 'Olaquem Consaquat', '4-2', 1, '260.0000', '260.0000', '0.0000', 400),
(19, 7, 66, 'Olaquem Consaquat', '5-2', 1, '430.0000', '430.0000', '0.0000', 0),
(20, 7, 67, 'Petraset Cheets', '6-2', 1, '120.0000', '120.0000', '0.0000', 0),
(21, 7, 68, 'Pocem Opsam', '7-2', 1, '410.0000', '410.0000', '0.0000', 0),
(22, 7, 69, 'Ponac Mon Ost', '8-2', 1, '320.0000', '320.0000', '0.0000', 0),
(23, 7, 70, 'Qusce Olaquam', '9-2', 1, '240.0000', '240.0000', '0.0000', 0),
(24, 7, 71, 'Rocem Opsum Passages', '10-2', 1, '300.0000', '300.0000', '0.0000', 0);

-- --------------------------------------------------------

--
-- Table structure for table `oc_order_recurring`
--

CREATE TABLE `oc_order_recurring` (
  `order_recurring_id` int(11) NOT NULL,
  `order_id` int(11) NOT NULL,
  `reference` varchar(255) NOT NULL,
  `product_id` int(11) NOT NULL,
  `product_name` varchar(255) NOT NULL,
  `product_quantity` int(11) NOT NULL,
  `recurring_id` int(11) NOT NULL,
  `recurring_name` varchar(255) NOT NULL,
  `recurring_description` varchar(255) NOT NULL,
  `recurring_frequency` varchar(25) NOT NULL,
  `recurring_cycle` smallint(6) NOT NULL,
  `recurring_duration` smallint(6) NOT NULL,
  `recurring_price` decimal(10,4) NOT NULL,
  `trial` tinyint(1) NOT NULL,
  `trial_frequency` varchar(25) NOT NULL,
  `trial_cycle` smallint(6) NOT NULL,
  `trial_duration` smallint(6) NOT NULL,
  `trial_price` decimal(10,4) NOT NULL,
  `status` tinyint(4) NOT NULL,
  `date_added` datetime NOT NULL
) ENGINE=MyISAM DEFAULT CHARSET=utf8;

-- --------------------------------------------------------

--
-- Table structure for table `oc_order_recurring_transaction`
--

CREATE TABLE `oc_order_recurring_transaction` (
  `order_recurring_transaction_id` int(11) NOT NULL,
  `order_recurring_id` int(11) NOT NULL,
  `reference` varchar(255) NOT NULL,
  `type` varchar(255) NOT NULL,
  `amount` decimal(10,4) NOT NULL,
  `date_added` datetime NOT NULL
) ENGINE=MyISAM DEFAULT CHARSET=utf8;

-- --------------------------------------------------------

--
-- Table structure for table `oc_order_shipment`
--

CREATE TABLE `oc_order_shipment` (
  `order_shipment_id` int(11) NOT NULL,
  `order_id` int(11) NOT NULL,
  `date_added` datetime NOT NULL,
  `shipping_courier_id` varchar(255) NOT NULL DEFAULT '',
  `tracking_number` varchar(255) NOT NULL DEFAULT ''
) ENGINE=MyISAM DEFAULT CHARSET=utf8;

-- --------------------------------------------------------

--
-- Table structure for table `oc_order_status`
--

CREATE TABLE `oc_order_status` (
  `order_status_id` int(11) NOT NULL,
  `language_id` int(11) NOT NULL,
  `name` varchar(32) NOT NULL
) ENGINE=MyISAM DEFAULT CHARSET=utf8;

--
-- Dumping data for table `oc_order_status`
--

INSERT INTO `oc_order_status` (`order_status_id`, `language_id`, `name`) VALUES
(2, 1, 'Processing'),
(3, 1, 'Shipped'),
(7, 1, 'Canceled'),
(5, 1, 'Complete'),
(8, 1, 'Denied'),
(9, 1, 'Canceled Reversal'),
(10, 1, 'Failed'),
(11, 1, 'Refunded'),
(12, 1, 'Reversed'),
(13, 1, 'Chargeback'),
(1, 1, 'Pending'),
(16, 1, 'Voided'),
(15, 1, 'Processed'),
(14, 1, 'Expired'),
(2, 2, 'Processing'),
(3, 2, 'Shipped'),
(7, 2, 'Canceled'),
(5, 2, 'Complete'),
(8, 2, 'Denied'),
(9, 2, 'Canceled Reversal'),
(10, 2, 'Failed'),
(11, 2, 'Refunded'),
(12, 2, 'Reversed'),
(13, 2, 'Chargeback'),
(1, 2, 'Pending'),
(16, 2, 'Voided'),
(15, 2, 'Processed'),
(14, 2, 'Expired');

-- --------------------------------------------------------

--
-- Table structure for table `oc_order_total`
--

CREATE TABLE `oc_order_total` (
  `order_total_id` int(10) NOT NULL,
  `order_id` int(11) NOT NULL,
  `code` varchar(32) NOT NULL,
  `title` varchar(255) NOT NULL,
  `value` decimal(15,4) NOT NULL DEFAULT '0.0000',
  `sort_order` int(3) NOT NULL
) ENGINE=MyISAM DEFAULT CHARSET=utf8;

--
-- Dumping data for table `oc_order_total`
--

INSERT INTO `oc_order_total` (`order_total_id`, `order_id`, `code`, `title`, `value`, `sort_order`) VALUES
(1, 1, 'sub_total', 'Sub-Total', '560.0000', 1),
(2, 1, 'shipping', 'Flat Shipping Rate', '5.0000', 3),
(3, 1, 'tax', 'Eco Tax (-2.00)', '2.0000', 5),
(4, 1, 'tax', 'VAT (20%)', '1.0000', 5),
(5, 1, 'total', 'Total', '568.0000', 9),
(6, 2, 'sub_total', 'Sub-Total', '560.0000', 1),
(7, 2, 'shipping', 'Flat Shipping Rate', '5.0000', 3),
(8, 2, 'tax', 'Eco Tax (-2.00)', '2.0000', 5),
(9, 2, 'tax', 'VAT (20%)', '1.0000', 5),
(10, 2, 'total', 'Total', '568.0000', 9),
(11, 3, 'sub_total', 'Sub-Total', '2070.0000', 1),
(12, 3, 'shipping', 'Flat Shipping Rate', '5.0000', 3),
(13, 3, 'tax', 'Eco Tax (-2.00)', '2.0000', 5),
(14, 3, 'tax', 'VAT (20%)', '1.0000', 5),
(15, 3, 'total', 'Total', '2078.0000', 9),
(16, 4, 'sub_total', 'Sub-Total', '1090.0000', 1),
(17, 4, 'shipping', 'Flat Shipping Rate', '5.0000', 3),
(18, 4, 'tax', 'Eco Tax (-2.00)', '2.0000', 5),
(19, 4, 'tax', 'VAT (20%)', '1.0000', 5),
(20, 4, 'total', 'Total', '1098.0000', 9),
(21, 5, 'sub_total', 'Sub-Total', '690.0000', 1),
(22, 5, 'shipping', 'Flat Shipping Rate', '5.0000', 3),
(23, 5, 'tax', 'Eco Tax (-2.00)', '2.0000', 5),
(24, 5, 'tax', 'VAT (20%)', '1.0000', 5),
(25, 5, 'total', 'Total', '698.0000', 9),
(26, 6, 'sub_total', 'Sub-Total', '750.0000', 1),
(27, 6, 'shipping', 'Flat Shipping Rate', '5.0000', 3),
(28, 6, 'tax', 'Eco Tax (-2.00)', '2.0000', 5),
(29, 6, 'tax', 'VAT (20%)', '1.0000', 5),
(30, 6, 'total', 'Total', '758.0000', 9),
(31, 7, 'sub_total', 'Sub-Total', '2080.0000', 1),
(32, 7, 'shipping', 'Flat Shipping Rate', '5.0000', 3),
(33, 7, 'tax', 'Eco Tax (-2.00)', '2.0000', 5),
(34, 7, 'tax', 'VAT (20%)', '1.0000', 5),
(35, 7, 'total', 'Total', '2088.0000', 9);

-- --------------------------------------------------------

--
-- Table structure for table `oc_order_voucher`
--

CREATE TABLE `oc_order_voucher` (
  `order_voucher_id` int(11) NOT NULL,
  `order_id` int(11) NOT NULL,
  `voucher_id` int(11) NOT NULL,
  `description` varchar(255) NOT NULL,
  `code` varchar(10) NOT NULL,
  `from_name` varchar(64) NOT NULL,
  `from_email` varchar(96) NOT NULL,
  `to_name` varchar(64) NOT NULL,
  `to_email` varchar(96) NOT NULL,
  `voucher_theme_id` int(11) NOT NULL,
  `message` text NOT NULL,
  `amount` decimal(15,4) NOT NULL
) ENGINE=MyISAM DEFAULT CHARSET=utf8;

-- --------------------------------------------------------

--
-- Table structure for table `oc_product`
--

CREATE TABLE `oc_product` (
  `product_id` int(11) NOT NULL,
  `model` varchar(64) NOT NULL,
  `sku` varchar(64) NOT NULL,
  `upc` varchar(12) NOT NULL,
  `ean` varchar(14) NOT NULL,
  `jan` varchar(13) NOT NULL,
  `isbn` varchar(17) NOT NULL,
  `mpn` varchar(64) NOT NULL,
  `location` varchar(128) NOT NULL,
  `quantity` int(4) NOT NULL DEFAULT '0',
  `stock_status_id` int(11) NOT NULL,
  `image` varchar(255) DEFAULT NULL,
  `manufacturer_id` int(11) NOT NULL,
  `shipping` tinyint(1) NOT NULL DEFAULT '1',
  `price` decimal(15,4) NOT NULL DEFAULT '0.0000',
  `points` int(8) NOT NULL DEFAULT '0',
  `tax_class_id` int(11) NOT NULL,
  `date_available` date NOT NULL DEFAULT '0000-00-00',
  `weight` decimal(15,8) NOT NULL DEFAULT '0.00000000',
  `weight_class_id` int(11) NOT NULL DEFAULT '0',
  `length` decimal(15,8) NOT NULL DEFAULT '0.00000000',
  `width` decimal(15,8) NOT NULL DEFAULT '0.00000000',
  `height` decimal(15,8) NOT NULL DEFAULT '0.00000000',
  `length_class_id` int(11) NOT NULL DEFAULT '0',
  `subtract` tinyint(1) NOT NULL DEFAULT '1',
  `minimum` int(11) NOT NULL DEFAULT '1',
  `sort_order` int(11) NOT NULL DEFAULT '0',
  `status` tinyint(1) NOT NULL DEFAULT '0',
  `viewed` int(5) NOT NULL DEFAULT '0',
  `date_added` datetime NOT NULL,
  `date_modified` datetime NOT NULL
) ENGINE=MyISAM DEFAULT CHARSET=utf8;

--
-- Dumping data for table `oc_product`
--

INSERT INTO `oc_product` (`product_id`, `model`, `sku`, `upc`, `ean`, `jan`, `isbn`, `mpn`, `location`, `quantity`, `stock_status_id`, `image`, `manufacturer_id`, `shipping`, `price`, `points`, `tax_class_id`, `date_available`, `weight`, `weight_class_id`, `length`, `width`, `height`, `length_class_id`, `subtract`, `minimum`, `sort_order`, `status`, `viewed`, `date_added`, `date_modified`) VALUES
(28, '4', '', '', '', '', '', '', '', 999998, 7, 'catalog/product1/4.jpg', 5, 1, '260.0000', 200, 0, '2017-10-28', '146.40000000', 2, '0.00000000', '0.00000000', '0.00000000', 1, 1, 1, 0, 1, 2, '2009-02-03 16:06:50', '2018-03-16 09:29:44'),
(54, '5-1', '', '', '', '', '', '', '', 999998, 7, 'catalog/product2/5.jpg', 8, 1, '430.0000', 0, 0, '2017-10-28', '5.00000000', 1, '0.00000000', '0.00000000', '0.00000000', 1, 1, 1, 0, 1, 0, '2017-11-19 22:00:59', '2018-03-22 11:07:18'),
(30, '2', '', '', '', '', '', '', '', 99997, 7, 'catalog/product1/2.jpg', 9, 1, '280.0000', 0, 0, '2017-10-28', '0.00000000', 1, '0.00000000', '0.00000000', '0.00000000', 1, 1, 1, 0, 1, 6, '2009-02-03 16:59:00', '2017-11-30 18:26:36'),
(55, '6-1', '', '', '', '', '', '', '', 999998, 7, 'catalog/product2/6.jpg', 8, 1, '120.0000', 0, 0, '2017-10-28', '10.00000000', 1, '0.00000000', '0.00000000', '0.00000000', 1, 1, 1, 0, 1, 3, '2017-11-19 22:10:06', '2018-03-16 09:53:29'),
(32, '10', '', '', '', '', '', '', '', 999999, 7, 'catalog/product1/10.jpg', 8, 1, '300.0000', 0, 0, '2017-10-28', '5.00000000', 1, '0.00000000', '0.00000000', '0.00000000', 1, 1, 1, 0, 1, 0, '2009-02-03 17:07:26', '2018-03-22 10:50:52'),
(51, '2-1', '', '', '', '', '', '', '', 99999, 7, 'catalog/product2/2.jpg', 9, 1, '280.0000', 0, 0, '2017-10-28', '0.00000000', 1, '0.00000000', '0.00000000', '0.00000000', 1, 1, 1, 0, 1, 0, '2017-11-19 21:35:22', '2018-03-22 11:03:54'),
(34, '9', '', '', '', '', '', '', '', 999998, 7, 'catalog/product1/9.jpg', 8, 1, '240.0000', 0, 0, '2017-10-28', '5.00000000', 1, '0.00000000', '0.00000000', '0.00000000', 2, 1, 1, 0, 1, 0, '2009-02-03 18:07:54', '2018-03-22 10:49:56'),
(53, '4-1', '', '', '', '', '', '', '', 999999, 7, 'catalog/product2/4.jpg', 5, 1, '260.0000', 200, 0, '2017-10-28', '146.40000000', 2, '0.00000000', '0.00000000', '0.00000000', 1, 1, 1, 0, 1, 1, '2017-11-19 21:53:58', '2018-03-22 11:06:13'),
(36, '8', '', '', '', '', '', '', '', 999998, 7, 'catalog/product1/8.jpg', 8, 0, '320.0000', 100, 0, '2017-10-28', '5.00000000', 1, '0.00000000', '0.00000000', '0.00000000', 2, 1, 1, 0, 1, 1, '2009-02-03 18:09:19', '2018-03-16 09:32:12'),
(40, '6', '', '', '', '', '', '', '', 999999, 7, 'catalog/product1/6.jpg', 8, 1, '120.0000', 0, 0, '2017-10-28', '10.00000000', 1, '0.00000000', '0.00000000', '0.00000000', 1, 1, 1, 0, 1, 1, '2009-02-03 21:07:12', '2018-03-16 09:31:24'),
(41, '5', '', '', '', '', '', '', '', 999998, 7, 'catalog/product1/5.jpg', 8, 1, '430.0000', 0, 0, '2017-10-28', '5.00000000', 1, '0.00000000', '0.00000000', '0.00000000', 1, 1, 1, 0, 1, 0, '2009-02-03 21:07:26', '2018-03-16 09:30:57'),
(42, '1', '', '', '', '', '', '', '', 99999, 7, 'catalog/product1/1.jpg', 8, 1, '300.0000', 400, 0, '2017-10-28', '12.50000000', 1, '1.00000000', '2.00000000', '3.00000000', 1, 1, 2, 0, 1, 29, '2009-02-03 21:07:37', '2017-11-30 18:24:29'),
(43, '11', '', '', '', '', '', '', '', 999999, 7, 'catalog/product1/11.jpg', 8, 0, '310.0000', 0, 0, '2017-10-28', '0.00000000', 1, '0.00000000', '0.00000000', '0.00000000', 2, 1, 1, 0, 1, 12, '2009-02-03 21:07:49', '2018-03-22 10:52:19'),
(44, '12', '', '', '', '', '', '', '', 999998, 7, 'catalog/product1/12.jpg', 8, 1, '320.0000', 0, 0, '2017-10-28', '0.00000000', 1, '0.00000000', '0.00000000', '0.00000000', 2, 1, 1, 0, 1, 4, '2009-02-03 21:08:00', '2018-03-22 10:54:25'),
(56, '7-1', '', '', '', '', '', '', 'test 2', 994, 7, 'catalog/product2/7.jpg', 8, 1, '410.0000', 0, 0, '2017-10-28', '1.00000000', 1, '0.00000000', '0.00000000', '0.00000000', 2, 1, 1, 0, 1, 1, '2017-11-19 22:14:04', '2018-03-16 09:54:27'),
(50, '1-1', '', '', '', '', '', '', '', 99999, 7, 'catalog/product2/1.jpg', 8, 1, '300.0000', 400, 0, '2017-10-28', '12.50000000', 1, '1.00000000', '2.00000000', '3.00000000', 1, 1, 2, 0, 1, 4, '2017-11-19 21:30:19', '2018-03-22 11:02:56'),
(47, '3', '', '', '', '', '', '', '', 999999, 7, 'catalog/product1/3.jpg', 7, 1, '320.0000', 400, 0, '2017-10-28', '1.00000000', 1, '0.00000000', '0.00000000', '0.00000000', 1, 0, 1, 0, 1, 7, '2009-02-03 21:08:40', '2017-11-30 18:28:59'),
(48, '7', 'test 1', '', '', '', '', '', 'test 2', 993, 7, 'catalog/product1/7.jpg', 8, 1, '410.0000', 0, 0, '2017-10-28', '1.00000000', 1, '0.00000000', '0.00000000', '0.00000000', 2, 1, 1, 0, 1, 4, '2009-02-08 17:21:51', '2018-03-22 10:44:31'),
(52, '3-1', '', '', '', '', '', '', '', 999999, 7, 'catalog/product2/3.jpg', 7, 1, '320.0000', 400, 0, '2017-10-28', '1.00000000', 1, '0.00000000', '0.00000000', '0.00000000', 1, 0, 1, 0, 1, 0, '2017-11-19 21:46:15', '2018-03-22 11:05:12'),
(57, '8-1', '', '', '', '', '', '', '', 999998, 7, 'catalog/product2/8.jpg', 8, 0, '320.0000', 100, 0, '2017-10-28', '5.00000000', 1, '0.00000000', '0.00000000', '0.00000000', 2, 1, 1, 0, 1, 0, '2017-11-20 08:45:31', '2018-03-16 09:55:16'),
(58, '9-1', '', '', '', '', '', '', '', 999998, 7, 'catalog/product2/10.jpg', 8, 1, '240.0000', 0, 0, '2017-10-28', '5.00000000', 1, '0.00000000', '0.00000000', '0.00000000', 2, 1, 1, 0, 1, 0, '2017-11-20 08:48:15', '2018-03-16 09:56:01'),
(59, '10-1', '', '', '', '', '', '', '', 999999, 7, 'catalog/product2/11.jpg', 8, 1, '300.0000', 0, 0, '2017-10-28', '5.00000000', 1, '0.00000000', '0.00000000', '0.00000000', 1, 1, 1, 0, 1, 3, '2017-11-20 08:51:08', '2017-12-25 19:26:47'),
(60, '11-1', '', '', '', '', '', '', '', 999999, 7, 'catalog/product2/13.jpg', 8, 0, '310.0000', 0, 0, '2017-10-28', '0.00000000', 1, '0.00000000', '0.00000000', '0.00000000', 2, 1, 1, 0, 1, 1, '2017-11-20 08:54:30', '2017-12-25 19:28:07'),
(61, '12-1', '', '', '', '', '', '', '', 999998, 7, 'catalog/product2/14.jpg', 8, 1, '320.0000', 0, 0, '2017-10-28', '0.00000000', 1, '0.00000000', '0.00000000', '0.00000000', 2, 1, 1, 0, 1, 2, '2017-11-20 08:57:58', '2017-12-25 19:29:37'),
(62, '1-2', '', '', '', '', '', '', '', 99999, 7, 'catalog/product3/1.jpg', 8, 1, '300.0000', 400, 0, '2018-01-28', '12.50000000', 1, '1.00000000', '2.00000000', '3.00000000', 1, 1, 2, 0, 1, 8, '2017-11-21 15:43:56', '2018-03-16 10:07:28'),
(63, '2-2', '', '', '', '', '', '', '', 99999, 7, 'catalog/product3/2.jpg', 9, 1, '280.0000', 0, 0, '2018-01-28', '0.00000000', 1, '0.00000000', '0.00000000', '0.00000000', 1, 1, 1, 0, 1, 4, '2017-11-21 17:01:18', '2018-03-16 10:08:26'),
(64, '3-2', '', '', '', '', '', '', '', 999999, 7, 'catalog/product3/3.jpg', 7, 1, '320.0000', 400, 0, '2017-10-28', '1.00000000', 1, '0.00000000', '0.00000000', '0.00000000', 1, 0, 1, 0, 1, 1, '2017-11-21 17:05:37', '2018-03-08 11:01:28'),
(65, '4-2', '', '', '', '', '', '', '', 999998, 7, 'catalog/product3/4.jpg', 5, 1, '260.0000', 200, 0, '2017-10-28', '146.40000000', 2, '0.00000000', '0.00000000', '0.00000000', 1, 1, 1, 0, 1, 1, '2017-11-21 17:09:29', '2018-01-22 23:23:46'),
(66, '5-2', '', '', '', '', '', '', '', 999998, 7, 'catalog/product3/5.jpg', 8, 1, '430.0000', 0, 0, '2017-10-28', '5.00000000', 1, '0.00000000', '0.00000000', '0.00000000', 1, 1, 1, 0, 1, 1, '2017-11-21 17:12:59', '2018-01-22 23:27:06'),
(67, '6-2', '', '', '', '', '', '', '', 999998, 7, 'catalog/product3/6.jpg', 8, 1, '120.0000', 0, 0, '2017-10-28', '10.00000000', 1, '0.00000000', '0.00000000', '0.00000000', 1, 1, 1, 0, 1, 1, '2017-11-21 17:16:17', '2018-03-08 13:03:29'),
(68, '7-2', '', '', '', '', '', '', 'test 2', 994, 7, 'catalog/product3/7.jpg', 8, 1, '410.0000', 0, 0, '2017-10-28', '1.00000000', 1, '0.00000000', '0.00000000', '0.00000000', 2, 1, 1, 0, 1, 2, '2017-11-21 17:22:16', '2018-01-22 23:33:33'),
(69, '8-2', '', '', '', '', '', '', '', 999998, 7, 'catalog/product3/8.jpg', 8, 0, '320.0000', 100, 0, '2018-02-03', '5.00000000', 1, '0.00000000', '0.00000000', '0.00000000', 2, 1, 1, 0, 1, 1, '2017-11-21 17:25:53', '2018-02-03 23:17:00'),
(70, '9-2', '', '', '', '', '', '', '', 999998, 7, 'catalog/product3/9.jpg', 8, 1, '240.0000', 0, 0, '2018-02-03', '5.00000000', 1, '0.00000000', '0.00000000', '0.00000000', 2, 1, 1, 0, 1, 1, '2017-11-22 08:38:18', '2018-02-03 23:20:00'),
(71, '10-2', '', '', '', '', '', '', '', 999998, 7, 'catalog/product3/10.jpg', 8, 1, '300.0000', 0, 0, '2018-02-03', '5.00000000', 1, '0.00000000', '0.00000000', '0.00000000', 1, 1, 1, 0, 1, 1, '2017-11-22 08:55:52', '2018-02-03 23:23:39'),
(72, '1-3', '', '', '', '', '', '', '', 99999, 7, 'catalog/product4/1.jpg', 8, 1, '300.0000', 400, 0, '2018-02-05', '12.50000000', 1, '1.00000000', '2.00000000', '3.00000000', 1, 1, 2, 0, 1, 11, '2018-02-05 19:43:48', '2018-02-05 19:53:43'),
(73, '2-3', '', '', '', '', '', '', '', 99997, 7, 'catalog/product4/2.jpg', 9, 1, '280.0000', 0, 0, '2018-02-05', '0.00000000', 1, '0.00000000', '0.00000000', '0.00000000', 1, 1, 1, 0, 1, 3, '2018-02-05 19:53:58', '2018-03-05 09:25:39'),
(74, '3-3', '', '', '', '', '', '', '', 999999, 7, 'catalog/product4/3.jpg', 7, 1, '320.0000', 400, 0, '2018-02-05', '1.00000000', 1, '0.00000000', '0.00000000', '0.00000000', 1, 0, 1, 0, 1, 4, '2018-02-05 20:03:10', '2018-03-16 10:17:25'),
(75, '4-3', '', '', '', '', '', '', '', 999997, 7, 'catalog/product4/4.jpg', 5, 1, '260.0000', 200, 0, '2018-02-05', '146.40000000', 2, '0.00000000', '0.00000000', '0.00000000', 1, 1, 1, 0, 1, 6, '2018-02-05 20:07:37', '2018-03-16 10:18:56'),
(76, '5-3', '', '', '', '', '', '', '', 999997, 7, 'catalog/product4/5.jpg', 8, 1, '430.0000', 0, 0, '2018-02-05', '5.00000000', 1, '0.00000000', '0.00000000', '0.00000000', 1, 1, 1, 0, 1, 4, '2018-02-05 20:10:59', '2018-03-16 10:21:51'),
(77, '6-3', '', '', '', '', '', '', '', 999999, 7, 'catalog/product4/6.jpg', 8, 1, '120.0000', 0, 0, '2018-02-05', '10.00000000', 1, '0.00000000', '0.00000000', '0.00000000', 1, 1, 1, 0, 1, 6, '2018-02-05 20:13:47', '2018-03-16 10:26:35'),
(78, '7-3', '', '', '', '', '', '', 'test 2', 993, 7, 'catalog/product4/8.jpg', 8, 1, '410.0000', 0, 0, '2018-02-05', '1.00000000', 1, '0.00000000', '0.00000000', '0.00000000', 2, 1, 1, 0, 1, 4, '2018-02-05 20:17:13', '2018-03-16 10:29:11'),
(79, '8-3', '', '', '', '', '', '', '', 999998, 7, 'catalog/product4/9.jpg', 8, 0, '320.0000', 100, 0, '2018-02-05', '5.00000000', 1, '0.00000000', '0.00000000', '0.00000000', 2, 1, 1, 0, 1, 1, '2018-02-05 20:21:16', '2018-03-16 10:30:19'),
(80, '9-3', '', '', '', '', '', '', '', 999998, 7, 'catalog/product4/10.jpg', 8, 1, '240.0000', 0, 0, '2018-02-05', '5.00000000', 1, '0.00000000', '0.00000000', '0.00000000', 2, 1, 1, 0, 1, 3, '2018-02-05 20:24:31', '2018-03-16 10:33:32'),
(81, '10-3', '', '', '', '', '', '', '', 999999, 7, 'catalog/product4/11.jpg', 8, 1, '300.0000', 0, 0, '2018-02-05', '5.00000000', 1, '0.00000000', '0.00000000', '0.00000000', 1, 1, 1, 0, 1, 1, '2018-02-05 20:29:19', '2018-02-05 20:32:46'),
(82, '11-3', '', '', '', '', '', '', '', 999999, 7, 'catalog/product4/12.jpg', 8, 0, '310.0000', 0, 0, '2018-02-05', '0.00000000', 1, '0.00000000', '0.00000000', '0.00000000', 2, 1, 1, 0, 1, 3, '2018-02-05 21:55:07', '2018-02-05 22:06:17'),
(83, '12-3', '', '', '', '', '', '', '', 999998, 7, 'catalog/product4/13.jpg', 8, 1, '320.0000', 0, 0, '2018-02-05', '0.00000000', 1, '0.00000000', '0.00000000', '0.00000000', 2, 1, 1, 0, 1, 3, '2018-02-05 22:07:04', '2018-02-05 22:21:46');

-- --------------------------------------------------------

--
-- Table structure for table `oc_product_attribute`
--

CREATE TABLE `oc_product_attribute` (
  `product_id` int(11) NOT NULL,
  `attribute_id` int(11) NOT NULL,
  `language_id` int(11) NOT NULL,
  `text` text NOT NULL
) ENGINE=MyISAM DEFAULT CHARSET=utf8;

--
-- Dumping data for table `oc_product_attribute`
--

INSERT INTO `oc_product_attribute` (`product_id`, `attribute_id`, `language_id`, `text`) VALUES
(43, 4, 1, '8gb'),
(42, 3, 2, '100mhz'),
(47, 4, 1, '16GB'),
(47, 4, 2, '16GB'),
(43, 2, 2, '1'),
(42, 3, 1, '100mhz'),
(43, 4, 2, '8gb'),
(50, 3, 1, '100mhz'),
(52, 4, 1, '16GB'),
(52, 4, 2, '16GB'),
(60, 2, 2, '1'),
(60, 2, 1, '1'),
(62, 3, 1, '100mhz'),
(64, 4, 1, '16GB'),
(64, 4, 2, '16GB'),
(47, 2, 2, '4'),
(47, 2, 1, '4'),
(43, 2, 1, '1'),
(50, 3, 2, '100mhz'),
(52, 2, 2, '4'),
(60, 4, 1, '8gb'),
(60, 4, 2, '8gb'),
(62, 3, 2, '100mhz'),
(64, 2, 2, '4'),
(64, 2, 1, '4'),
(72, 3, 2, '100mhz'),
(72, 3, 1, '100mhz'),
(74, 2, 2, '4'),
(74, 4, 1, '16GB'),
(74, 2, 1, '4'),
(82, 4, 1, '8gb'),
(82, 2, 2, '1'),
(82, 2, 1, '1'),
(82, 4, 2, '8gb'),
(52, 2, 1, '4'),
(74, 4, 2, '16GB');

-- --------------------------------------------------------

--
-- Table structure for table `oc_product_description`
--

CREATE TABLE `oc_product_description` (
  `product_id` int(11) NOT NULL,
  `language_id` int(11) NOT NULL,
  `name` varchar(255) NOT NULL,
  `description` text NOT NULL,
  `tag` text NOT NULL,
  `meta_title` varchar(255) NOT NULL,
  `meta_description` varchar(255) NOT NULL,
  `meta_keyword` varchar(255) NOT NULL
) ENGINE=MyISAM DEFAULT CHARSET=utf8;

--
-- Dumping data for table `oc_product_description`
--

INSERT INTO `oc_product_description` (`product_id`, `language_id`, `name`, `description`, `tag`, `meta_title`, `meta_description`, `meta_keyword`) VALUES
(48, 1, 'Fusce Aliquam', 'Nunc facilisis sagittis ullamcorper. Proin lectus ipsum, gravida et mattis vulputate, tristique ut lectus. Sed et lorem nunc. Vestibulum ante ipsum primis in faucibus orci luctus et ultrices posuere cubilia Curae; Aenean eleifend laoreet congue. Vivamus adipiscing nisl ut dolor dignissim semper. Nulla luctus malesuada tincidunt. Class aptent taciti sociosqu ad litora torquent per conubia nostra, per inceptos himenaeos. Integer enim purus, posuere at ultricies eu, placerat a felis. Suspendisse aliquet urna pretium eros convallis interdum. Quisque in arcu id dui vulputate mollis eget non arcu. Aenean et nulla purus. Mauris vel tellus non nunc mattis lobortis.Nunc facilisis sagittis ullamcorper. Proin lectus ipsum, gravida et mattis vulputate, tristique ut lectus. Sed et lorem nunc. Vestibulum ante ipsum primis in faucibus orci luctus et ultrices posuere cubilia Curae; Aenean eleifend laoreet congue. Vivamus adipiscing nisl ut dolor dignissim semper. Nulla luctus malesuada tincidunt. Class aptent taciti sociosqu ad litora torquent per conubia nostra, per inceptos himenaeos. Integer enim purus, posuere at ultricies eu, placerat a felis. Suspendisse aliquet urna pretium eros convallis interdum. Quisque in arcu id dui vulputate mollis eget non arcu. Aenean et nulla purus. Mauris vel tellus non nunc mattis lobortis', '', 'Fusce Aliquam', '', ''),
(41, 1, 'Donec Non Est', 'Nunc facilisis sagittis ullamcorper. Proin lectus ipsum, gravida et mattis vulputate, tristique ut lectus. Sed et lorem nunc. Vestibulum ante ipsum primis in faucibus orci luctus et ultrices posuere cubilia Curae; Aenean eleifend laoreet congue. Vivamus adipiscing nisl ut dolor dignissim semper. Nulla luctus malesuada tincidunt. Class aptent taciti sociosqu ad litora torquent per conubia nostra, per inceptos himenaeos. Integer enim purus, posuere at ultricies eu, placerat a felis. Suspendisse aliquet urna pretium eros convallis interdum. Quisque in arcu id dui vulputate mollis eget non arcu. Aenean et nulla purus. Mauris vel tellus non nunc mattis lobortis.Nunc facilisis sagittis ullamcorper. Proin lectus ipsum, gravida et mattis vulputate, tristique ut lectus. Sed et lorem nunc. Vestibulum ante ipsum primis in faucibus orci luctus et ultrices posuere cubilia Curae; Aenean eleifend laoreet congue. Vivamus adipiscing nisl ut dolor dignissim semper. Nulla luctus malesuada tincidunt. Class aptent taciti sociosqu ad litora torquent per conubia nostra, per inceptos himenaeos. Integer enim purus, posuere at ultricies eu, placerat a felis. Suspendisse aliquet urna pretium eros convallis interdum. Quisque in arcu id dui vulputate mollis eget non arcu. Aenean et nulla purus. Mauris vel tellus non nunc mattis lobortis', '', 'Donec Non Est', '', ''),
(59, 1, 'Rimis In Caucibus', 'Nunc facilisis sagittis ullamcorper. Proin lectus ipsum, gravida et mattis vulputate, tristique ut lectus. Sed et lorem nunc. Vestibulum ante ipsum primis in faucibus orci luctus et ultrices posuere cubilia Curae; Aenean eleifend laoreet congue. Vivamus adipiscing nisl ut dolor dignissim semper. Nulla luctus malesuada tincidunt. Class aptent taciti sociosqu ad litora torquent per conubia nostra, per inceptos himenaeos. Integer enim purus, posuere at ultricies eu, placerat a felis. Suspendisse aliquet urna pretium eros convallis interdum. Quisque in arcu id dui vulputate mollis eget non arcu. Aenean et nulla purus. Mauris vel tellus non nunc mattis lobortis.Nunc facilisis sagittis ullamcorper. Proin lectus ipsum, gravida et mattis vulputate, tristique ut lectus. Sed et lorem nunc. Vestibulum ante ipsum primis in faucibus orci luctus et ultrices posuere cubilia Curae; Aenean eleifend laoreet congue. Vivamus adipiscing nisl ut dolor dignissim semper. Nulla luctus malesuada tincidunt. Class aptent taciti sociosqu ad litora torquent per conubia nostra, per inceptos himenaeos. Integer enim purus, posuere at ultricies eu, placerat a felis. Suspendisse aliquet urna pretium eros convallis interdum. Quisque in arcu id dui vulputate mollis eget non arcu. Aenean et nulla purus. Mauris vel tellus non nunc mattis lobortis', '', 'Rimis In Caucibus', '', ''),
(36, 2, 'Letraset Sheets', 'Nunc facilisis sagittis ullamcorper. Proin lectus ipsum, gravida et mattis vulputate, tristique ut lectus. Sed et lorem nunc. Vestibulum ante ipsum primis in faucibus orci luctus et ultrices posuere cubilia Curae; Aenean eleifend laoreet congue. Vivamus adipiscing nisl ut dolor dignissim semper. Nulla luctus malesuada tincidunt. Class aptent taciti sociosqu ad litora torquent per conubia nostra, per inceptos himenaeos. Integer enim purus, posuere at ultricies eu, placerat a felis. Suspendisse aliquet urna pretium eros convallis interdum. Quisque in arcu id dui vulputate mollis eget non arcu. Aenean et nulla purus. Mauris vel tellus non nunc mattis lobortis.Nunc facilisis sagittis ullamcorper. Proin lectus ipsum, gravida et mattis vulputate, tristique ut lectus. Sed et lorem nunc. Vestibulum ante ipsum primis in faucibus orci luctus et ultrices posuere cubilia Curae; Aenean eleifend laoreet congue. Vivamus adipiscing nisl ut dolor dignissim semper. Nulla luctus malesuada tincidunt. Class aptent taciti sociosqu ad litora torquent per conubia nostra, per inceptos himenaeos. Integer enim purus, posuere at ultricies eu, placerat a felis. Suspendisse aliquet urna pretium eros convallis interdum. Quisque in arcu id dui vulputate mollis eget non arcu. Aenean et nulla purus. Mauris vel tellus non nunc mattis lobortis', '', 'Letraset Sheets', '', ''),
(32, 2, 'Proin Lectus Ipsum', 'Nunc facilisis sagittis ullamcorper. Proin lectus ipsum, gravida et mattis vulputate, tristique ut lectus. Sed et lorem nunc. Vestibulum ante ipsum primis in faucibus orci luctus et ultrices posuere cubilia Curae; Aenean eleifend laoreet congue. Vivamus adipiscing nisl ut dolor dignissim semper. Nulla luctus malesuada tincidunt. Class aptent taciti sociosqu ad litora torquent per conubia nostra, per inceptos himenaeos. Integer enim purus, posuere at ultricies eu, placerat a felis. Suspendisse aliquet urna pretium eros convallis interdum. Quisque in arcu id dui vulputate mollis eget non arcu. Aenean et nulla purus. Mauris vel tellus non nunc mattis lobortis.Nunc facilisis sagittis ullamcorper. Proin lectus ipsum, gravida et mattis vulputate, tristique ut lectus. Sed et lorem nunc. Vestibulum ante ipsum primis in faucibus orci luctus et ultrices posuere cubilia Curae; Aenean eleifend laoreet congue. Vivamus adipiscing nisl ut dolor dignissim semper. Nulla luctus malesuada tincidunt. Class aptent taciti sociosqu ad litora torquent per conubia nostra, per inceptos himenaeos. Integer enim purus, posuere at ultricies eu, placerat a felis. Suspendisse aliquet urna pretium eros convallis interdum. Quisque in arcu id dui vulputate mollis eget non arcu. Aenean et nulla purus. Mauris vel tellus non nunc mattis lobortis', '', 'Proin Lectus Ipsum', '', ''),
(34, 2, 'Lorem Ipsum', 'Nunc facilisis sagittis ullamcorper. Proin lectus ipsum, gravida et mattis vulputate, tristique ut lectus. Sed et lorem nunc. Vestibulum ante ipsum primis in faucibus orci luctus et ultrices posuere cubilia Curae; Aenean eleifend laoreet congue. Vivamus adipiscing nisl ut dolor dignissim semper. Nulla luctus malesuada tincidunt. Class aptent taciti sociosqu ad litora torquent per conubia nostra, per inceptos himenaeos. Integer enim purus, posuere at ultricies eu, placerat a felis. Suspendisse aliquet urna pretium eros convallis interdum. Quisque in arcu id dui vulputate mollis eget non arcu. Aenean et nulla purus. Mauris vel tellus non nunc mattis lobortis.Nunc facilisis sagittis ullamcorper. Proin lectus ipsum, gravida et mattis vulputate, tristique ut lectus. Sed et lorem nunc. Vestibulum ante ipsum primis in faucibus orci luctus et ultrices posuere cubilia Curae; Aenean eleifend laoreet congue. Vivamus adipiscing nisl ut dolor dignissim semper. Nulla luctus malesuada tincidunt. Class aptent taciti sociosqu ad litora torquent per conubia nostra, per inceptos himenaeos. Integer enim purus, posuere at ultricies eu, placerat a felis. Suspendisse aliquet urna pretium eros convallis interdum. Quisque in arcu id dui vulputate mollis eget non arcu. Aenean et nulla purus. Mauris vel tellus non nunc mattis lobortis', '', 'Lorem Ipsum', '', ''),
(43, 2, 'Quisque In Arcu', 'Nunc facilisis sagittis ullamcorper. Proin lectus ipsum, gravida et mattis vulputate, tristique ut lectus. Sed et lorem nunc. Vestibulum ante ipsum primis in faucibus orci luctus et ultrices posuere cubilia Curae; Aenean eleifend laoreet congue. Vivamus adipiscing nisl ut dolor dignissim semper. Nulla luctus malesuada tincidunt. Class aptent taciti sociosqu ad litora torquent per conubia nostra, per inceptos himenaeos. Integer enim purus, posuere at ultricies eu, placerat a felis. Suspendisse aliquet urna pretium eros convallis interdum. Quisque in arcu id dui vulputate mollis eget non arcu. Aenean et nulla purus. Mauris vel tellus non nunc mattis lobortis.Nunc facilisis sagittis ullamcorper. Proin lectus ipsum, gravida et mattis vulputate, tristique ut lectus. Sed et lorem nunc. Vestibulum ante ipsum primis in faucibus orci luctus et ultrices posuere cubilia Curae; Aenean eleifend laoreet congue. Vivamus adipiscing nisl ut dolor dignissim semper. Nulla luctus malesuada tincidunt. Class aptent taciti sociosqu ad litora torquent per conubia nostra, per inceptos himenaeos. Integer enim purus, posuere at ultricies eu, placerat a felis. Suspendisse aliquet urna pretium eros convallis interdum. Quisque in arcu id dui vulputate mollis eget non arcu. Aenean et nulla purus. Mauris vel tellus non nunc mattis lobortis', '', 'Quisque In Arcu', '', ''),
(57, 1, 'Otiam Gravida', 'Nunc facilisis sagittis ullamcorper. Proin lectus ipsum, gravida et mattis vulputate, tristique ut lectus. Sed et lorem nunc. Vestibulum ante ipsum primis in faucibus orci luctus et ultrices posuere cubilia Curae; Aenean eleifend laoreet congue. Vivamus adipiscing nisl ut dolor dignissim semper. Nulla luctus malesuada tincidunt. Class aptent taciti sociosqu ad litora torquent per conubia nostra, per inceptos himenaeos. Integer enim purus, posuere at ultricies eu, placerat a felis. Suspendisse aliquet urna pretium eros convallis interdum. Quisque in arcu id dui vulputate mollis eget non arcu. Aenean et nulla purus. Mauris vel tellus non nunc mattis lobortis.Nunc facilisis sagittis ullamcorper. Proin lectus ipsum, gravida et mattis vulputate, tristique ut lectus. Sed et lorem nunc. Vestibulum ante ipsum primis in faucibus orci luctus et ultrices posuere cubilia Curae; Aenean eleifend laoreet congue. Vivamus adipiscing nisl ut dolor dignissim semper. Nulla luctus malesuada tincidunt. Class aptent taciti sociosqu ad litora torquent per conubia nostra, per inceptos himenaeos. Integer enim purus, posuere at ultricies eu, placerat a felis. Suspendisse aliquet urna pretium eros convallis interdum. Quisque in arcu id dui vulputate mollis eget non arcu. Aenean et nulla purus. Mauris vel tellus non nunc mattis lobortis', '', 'Otiam Gravida', '', ''),
(57, 2, 'Otiam Gravida', 'Nunc facilisis sagittis ullamcorper. Proin lectus ipsum, gravida et mattis vulputate, tristique ut lectus. Sed et lorem nunc. Vestibulum ante ipsum primis in faucibus orci luctus et ultrices posuere cubilia Curae; Aenean eleifend laoreet congue. Vivamus adipiscing nisl ut dolor dignissim semper. Nulla luctus malesuada tincidunt. Class aptent taciti sociosqu ad litora torquent per conubia nostra, per inceptos himenaeos. Integer enim purus, posuere at ultricies eu, placerat a felis. Suspendisse aliquet urna pretium eros convallis interdum. Quisque in arcu id dui vulputate mollis eget non arcu. Aenean et nulla purus. Mauris vel tellus non nunc mattis lobortis.Nunc facilisis sagittis ullamcorper. Proin lectus ipsum, gravida et mattis vulputate, tristique ut lectus. Sed et lorem nunc. Vestibulum ante ipsum primis in faucibus orci luctus et ultrices posuere cubilia Curae; Aenean eleifend laoreet congue. Vivamus adipiscing nisl ut dolor dignissim semper. Nulla luctus malesuada tincidunt. Class aptent taciti sociosqu ad litora torquent per conubia nostra, per inceptos himenaeos. Integer enim purus, posuere at ultricies eu, placerat a felis. Suspendisse aliquet urna pretium eros convallis interdum. Quisque in arcu id dui vulputate mollis eget non arcu. Aenean et nulla purus. Mauris vel tellus non nunc mattis lobortis', '', 'Otiam Gravida', '', ''),
(54, 2, 'Munc Acilisis', 'Nunc facilisis sagittis ullamcorper. Proin lectus ipsum, gravida et mattis vulputate, tristique ut lectus. Sed et lorem nunc. Vestibulum ante ipsum primis in faucibus orci luctus et ultrices posuere cubilia Curae; Aenean eleifend laoreet congue. Vivamus adipiscing nisl ut dolor dignissim semper. Nulla luctus malesuada tincidunt. Class aptent taciti sociosqu ad litora torquent per conubia nostra, per inceptos himenaeos. Integer enim purus, posuere at ultricies eu, placerat a felis. Suspendisse aliquet urna pretium eros convallis interdum. Quisque in arcu id dui vulputate mollis eget non arcu. Aenean et nulla purus. Mauris vel tellus non nunc mattis lobortis.Nunc facilisis sagittis ullamcorper. Proin lectus ipsum, gravida et mattis vulputate, tristique ut lectus. Sed et lorem nunc. Vestibulum ante ipsum primis in faucibus orci luctus et ultrices posuere cubilia Curae; Aenean eleifend laoreet congue. Vivamus adipiscing nisl ut dolor dignissim semper. Nulla luctus malesuada tincidunt. Class aptent taciti sociosqu ad litora torquent per conubia nostra, per inceptos himenaeos. Integer enim purus, posuere at ultricies eu, placerat a felis. Suspendisse aliquet urna pretium eros convallis interdum. Quisque in arcu id dui vulputate mollis eget non arcu. Aenean et nulla purus. Mauris vel tellus non nunc mattis lobortis', '', 'Munc Acilisis', '', ''),
(42, 2, 'Accumsan Elit', 'Nunc facilisis sagittis ullamcorper. Proin lectus ipsum, gravida et mattis vulputate, tristique ut lectus. Sed et lorem nunc. Vestibulum ante ipsum primis in faucibus orci luctus et ultrices posuere cubilia Curae; Aenean eleifend laoreet congue. Vivamus adipiscing nisl ut dolor dignissim semper. Nulla luctus malesuada tincidunt. Class aptent taciti sociosqu ad litora torquent per conubia nostra, per inceptos himenaeos. Integer enim purus, posuere at ultricies eu, placerat a felis. Suspendisse aliquet urna pretium eros convallis interdum. Quisque in arcu id dui vulputate mollis eget non arcu. Aenean et nulla purus. Mauris vel tellus non nunc mattis lobortis.Nunc facilisis sagittis ullamcorper. Proin lectus ipsum, gravida et mattis vulputate, tristique ut lectus. Sed et lorem nunc. Vestibulum ante ipsum primis in faucibus orci luctus et ultrices posuere cubilia Curae; Aenean eleifend laoreet congue. Vivamus adipiscing nisl ut dolor dignissim semper. Nulla luctus malesuada tincidunt. Class aptent taciti sociosqu ad litora torquent per conubia nostra, per inceptos himenaeos. Integer enim purus, posuere at ultricies eu, placerat a felis. Suspendisse aliquet urna pretium eros convallis interdum. Quisque in arcu id dui vulputate mollis eget non arcu. Aenean et nulla purus. Mauris vel tellus non nunc mattis lobortis', '', 'Accumsan Elit', '', ''),
(40, 2, 'Etiam Gravida', 'Nunc facilisis sagittis ullamcorper. Proin lectus ipsum, gravida et mattis vulputate, tristique ut lectus. Sed et lorem nunc. Vestibulum ante ipsum primis in faucibus orci luctus et ultrices posuere cubilia Curae; Aenean eleifend laoreet congue. Vivamus adipiscing nisl ut dolor dignissim semper. Nulla luctus malesuada tincidunt. Class aptent taciti sociosqu ad litora torquent per conubia nostra, per inceptos himenaeos. Integer enim purus, posuere at ultricies eu, placerat a felis. Suspendisse aliquet urna pretium eros convallis interdum. Quisque in arcu id dui vulputate mollis eget non arcu. Aenean et nulla purus. Mauris vel tellus non nunc mattis lobortis.Nunc facilisis sagittis ullamcorper. Proin lectus ipsum, gravida et mattis vulputate, tristique ut lectus. Sed et lorem nunc. Vestibulum ante ipsum primis in faucibus orci luctus et ultrices posuere cubilia Curae; Aenean eleifend laoreet congue. Vivamus adipiscing nisl ut dolor dignissim semper. Nulla luctus malesuada tincidunt. Class aptent taciti sociosqu ad litora torquent per conubia nostra, per inceptos himenaeos. Integer enim purus, posuere at ultricies eu, placerat a felis. Suspendisse aliquet urna pretium eros convallis interdum. Quisque in arcu id dui vulputate mollis eget non arcu. Aenean et nulla purus. Mauris vel tellus non nunc mattis lobortis', '', 'Etiam Gravida', '', ''),
(44, 2, 'Ras Neque Metus', 'Nunc facilisis sagittis ullamcorper. Proin lectus ipsum, gravida et mattis vulputate, tristique ut lectus. Sed et lorem nunc. Vestibulum ante ipsum primis in faucibus orci luctus et ultrices posuere cubilia Curae; Aenean eleifend laoreet congue. Vivamus adipiscing nisl ut dolor dignissim semper. Nulla luctus malesuada tincidunt. Class aptent taciti sociosqu ad litora torquent per conubia nostra, per inceptos himenaeos. Integer enim purus, posuere at ultricies eu, placerat a felis. Suspendisse aliquet urna pretium eros convallis interdum. Quisque in arcu id dui vulputate mollis eget non arcu. Aenean et nulla purus. Mauris vel tellus non nunc mattis lobortis.Nunc facilisis sagittis ullamcorper. Proin lectus ipsum, gravida et mattis vulputate, tristique ut lectus. Sed et lorem nunc. Vestibulum ante ipsum primis in faucibus orci luctus et ultrices posuere cubilia Curae; Aenean eleifend laoreet congue. Vivamus adipiscing nisl ut dolor dignissim semper. Nulla luctus malesuada tincidunt. Class aptent taciti sociosqu ad litora torquent per conubia nostra, per inceptos himenaeos. Integer enim purus, posuere at ultricies eu, placerat a felis. Suspendisse aliquet urna pretium eros convallis interdum. Quisque in arcu id dui vulputate mollis eget non arcu. Aenean et nulla purus. Mauris vel tellus non nunc mattis lobortis', '', 'Ras Neque Metus', '', ''),
(48, 2, 'Fusce Aliquam', 'Nunc facilisis sagittis ullamcorper. Proin lectus ipsum, gravida et mattis vulputate, tristique ut lectus. Sed et lorem nunc. Vestibulum ante ipsum primis in faucibus orci luctus et ultrices posuere cubilia Curae; Aenean eleifend laoreet congue. Vivamus adipiscing nisl ut dolor dignissim semper. Nulla luctus malesuada tincidunt. Class aptent taciti sociosqu ad litora torquent per conubia nostra, per inceptos himenaeos. Integer enim purus, posuere at ultricies eu, placerat a felis. Suspendisse aliquet urna pretium eros convallis interdum. Quisque in arcu id dui vulputate mollis eget non arcu. Aenean et nulla purus. Mauris vel tellus non nunc mattis lobortis.Nunc facilisis sagittis ullamcorper. Proin lectus ipsum, gravida et mattis vulputate, tristique ut lectus. Sed et lorem nunc. Vestibulum ante ipsum primis in faucibus orci luctus et ultrices posuere cubilia Curae; Aenean eleifend laoreet congue. Vivamus adipiscing nisl ut dolor dignissim semper. Nulla luctus malesuada tincidunt. Class aptent taciti sociosqu ad litora torquent per conubia nostra, per inceptos himenaeos. Integer enim purus, posuere at ultricies eu, placerat a felis. Suspendisse aliquet urna pretium eros convallis interdum. Quisque in arcu id dui vulputate mollis eget non arcu. Aenean et nulla purus. Mauris vel tellus non nunc mattis lobortis', '', 'Fusce Aliquam', '', ''),
(40, 1, 'Etiam Gravida', 'Nunc facilisis sagittis ullamcorper. Proin lectus ipsum, gravida et mattis vulputate, tristique ut lectus. Sed et lorem nunc. Vestibulum ante ipsum primis in faucibus orci luctus et ultrices posuere cubilia Curae; Aenean eleifend laoreet congue. Vivamus adipiscing nisl ut dolor dignissim semper. Nulla luctus malesuada tincidunt. Class aptent taciti sociosqu ad litora torquent per conubia nostra, per inceptos himenaeos. Integer enim purus, posuere at ultricies eu, placerat a felis. Suspendisse aliquet urna pretium eros convallis interdum. Quisque in arcu id dui vulputate mollis eget non arcu. Aenean et nulla purus. Mauris vel tellus non nunc mattis lobortis.Nunc facilisis sagittis ullamcorper. Proin lectus ipsum, gravida et mattis vulputate, tristique ut lectus. Sed et lorem nunc. Vestibulum ante ipsum primis in faucibus orci luctus et ultrices posuere cubilia Curae; Aenean eleifend laoreet congue. Vivamus adipiscing nisl ut dolor dignissim semper. Nulla luctus malesuada tincidunt. Class aptent taciti sociosqu ad litora torquent per conubia nostra, per inceptos himenaeos. Integer enim purus, posuere at ultricies eu, placerat a felis. Suspendisse aliquet urna pretium eros convallis interdum. Quisque in arcu id dui vulputate mollis eget non arcu. Aenean et nulla purus. Mauris vel tellus non nunc mattis lobortis', '', 'Etiam Gravida', '', ''),
(28, 2, 'Donec Ac Tempus', 'Nunc facilisis sagittis ullamcorper. Proin lectus ipsum, gravida et mattis vulputate, tristique ut lectus. Sed et lorem nunc. Vestibulum ante ipsum primis in faucibus orci luctus et ultrices posuere cubilia Curae; Aenean eleifend laoreet congue. Vivamus adipiscing nisl ut dolor dignissim semper. Nulla luctus malesuada tincidunt. Class aptent taciti sociosqu ad litora torquent per conubia nostra, per inceptos himenaeos. Integer enim purus, posuere at ultricies eu, placerat a felis. Suspendisse aliquet urna pretium eros convallis interdum. Quisque in arcu id dui vulputate mollis eget non arcu. Aenean et nulla purus. Mauris vel tellus non nunc mattis lobortis.Nunc facilisis sagittis ullamcorper. Proin lectus ipsum, gravida et mattis vulputate, tristique ut lectus. Sed et lorem nunc. Vestibulum ante ipsum primis in faucibus orci luctus et ultrices posuere cubilia Curae; Aenean eleifend laoreet congue. Vivamus adipiscing nisl ut dolor dignissim semper. Nulla luctus malesuada tincidunt. Class aptent taciti sociosqu ad litora torquent per conubia nostra, per inceptos himenaeos. Integer enim purus, posuere at ultricies eu, placerat a felis. Suspendisse aliquet urna pretium eros convallis interdum. Quisque in arcu id dui vulputate mollis eget non arcu. Aenean et nulla purus. Mauris vel tellus non nunc mattis lobortis', '', 'Donec Ac Tempus', '', ''),
(44, 1, 'Ras Neque Metus', 'Nunc facilisis sagittis ullamcorper. Proin lectus ipsum, gravida et mattis vulputate, tristique ut lectus. Sed et lorem nunc. Vestibulum ante ipsum primis in faucibus orci luctus et ultrices posuere cubilia Curae; Aenean eleifend laoreet congue. Vivamus adipiscing nisl ut dolor dignissim semper. Nulla luctus malesuada tincidunt. Class aptent taciti sociosqu ad litora torquent per conubia nostra, per inceptos himenaeos. Integer enim purus, posuere at ultricies eu, placerat a felis. Suspendisse aliquet urna pretium eros convallis interdum. Quisque in arcu id dui vulputate mollis eget non arcu. Aenean et nulla purus. Mauris vel tellus non nunc mattis lobortis.Nunc facilisis sagittis ullamcorper. Proin lectus ipsum, gravida et mattis vulputate, tristique ut lectus. Sed et lorem nunc. Vestibulum ante ipsum primis in faucibus orci luctus et ultrices posuere cubilia Curae; Aenean eleifend laoreet congue. Vivamus adipiscing nisl ut dolor dignissim semper. Nulla luctus malesuada tincidunt. Class aptent taciti sociosqu ad litora torquent per conubia nostra, per inceptos himenaeos. Integer enim purus, posuere at ultricies eu, placerat a felis. Suspendisse aliquet urna pretium eros convallis interdum. Quisque in arcu id dui vulputate mollis eget non arcu. Aenean et nulla purus. Mauris vel tellus non nunc mattis lobortis', '', 'Ras Neque Metus', '', ''),
(58, 1, 'Rimis In Caucibus', 'Nunc facilisis sagittis ullamcorper. Proin lectus ipsum, gravida et mattis vulputate, tristique ut lectus. Sed et lorem nunc. Vestibulum ante ipsum primis in faucibus orci luctus et ultrices posuere cubilia Curae; Aenean eleifend laoreet congue. Vivamus adipiscing nisl ut dolor dignissim semper. Nulla luctus malesuada tincidunt. Class aptent taciti sociosqu ad litora torquent per conubia nostra, per inceptos himenaeos. Integer enim purus, posuere at ultricies eu, placerat a felis. Suspendisse aliquet urna pretium eros convallis interdum. Quisque in arcu id dui vulputate mollis eget non arcu. Aenean et nulla purus. Mauris vel tellus non nunc mattis lobortis.Nunc facilisis sagittis ullamcorper. Proin lectus ipsum, gravida et mattis vulputate, tristique ut lectus. Sed et lorem nunc. Vestibulum ante ipsum primis in faucibus orci luctus et ultrices posuere cubilia Curae; Aenean eleifend laoreet congue. Vivamus adipiscing nisl ut dolor dignissim semper. Nulla luctus malesuada tincidunt. Class aptent taciti sociosqu ad litora torquent per conubia nostra, per inceptos himenaeos. Integer enim purus, posuere at ultricies eu, placerat a felis. Suspendisse aliquet urna pretium eros convallis interdum. Quisque in arcu id dui vulputate mollis eget non arcu. Aenean et nulla purus. Mauris vel tellus non nunc mattis lobortis', '', 'Rimis In Caucibus', '', ''),
(58, 2, 'Rimis In Caucibus', 'Nunc facilisis sagittis ullamcorper. Proin lectus ipsum, gravida et mattis vulputate, tristique ut lectus. Sed et lorem nunc. Vestibulum ante ipsum primis in faucibus orci luctus et ultrices posuere cubilia Curae; Aenean eleifend laoreet congue. Vivamus adipiscing nisl ut dolor dignissim semper. Nulla luctus malesuada tincidunt. Class aptent taciti sociosqu ad litora torquent per conubia nostra, per inceptos himenaeos. Integer enim purus, posuere at ultricies eu, placerat a felis. Suspendisse aliquet urna pretium eros convallis interdum. Quisque in arcu id dui vulputate mollis eget non arcu. Aenean et nulla purus. Mauris vel tellus non nunc mattis lobortis.Nunc facilisis sagittis ullamcorper. Proin lectus ipsum, gravida et mattis vulputate, tristique ut lectus. Sed et lorem nunc. Vestibulum ante ipsum primis in faucibus orci luctus et ultrices posuere cubilia Curae; Aenean eleifend laoreet congue. Vivamus adipiscing nisl ut dolor dignissim semper. Nulla luctus malesuada tincidunt. Class aptent taciti sociosqu ad litora torquent per conubia nostra, per inceptos himenaeos. Integer enim purus, posuere at ultricies eu, placerat a felis. Suspendisse aliquet urna pretium eros convallis interdum. Quisque in arcu id dui vulputate mollis eget non arcu. Aenean et nulla purus. Mauris vel tellus non nunc mattis lobortis', '', 'Rimis In Caucibus', '', ''),
(55, 1, 'Occumsan Olit', 'Nunc facilisis sagittis ullamcorper. Proin lectus ipsum, gravida et mattis vulputate, tristique ut lectus. Sed et lorem nunc. Vestibulum ante ipsum primis in faucibus orci luctus et ultrices posuere cubilia Curae; Aenean eleifend laoreet congue. Vivamus adipiscing nisl ut dolor dignissim semper. Nulla luctus malesuada tincidunt. Class aptent taciti sociosqu ad litora torquent per conubia nostra, per inceptos himenaeos. Integer enim purus, posuere at ultricies eu, placerat a felis. Suspendisse aliquet urna pretium eros convallis interdum. Quisque in arcu id dui vulputate mollis eget non arcu. Aenean et nulla purus. Mauris vel tellus non nunc mattis lobortis.Nunc facilisis sagittis ullamcorper. Proin lectus ipsum, gravida et mattis vulputate, tristique ut lectus. Sed et lorem nunc. Vestibulum ante ipsum primis in faucibus orci luctus et ultrices posuere cubilia Curae; Aenean eleifend laoreet congue. Vivamus adipiscing nisl ut dolor dignissim semper. Nulla luctus malesuada tincidunt. Class aptent taciti sociosqu ad litora torquent per conubia nostra, per inceptos himenaeos. Integer enim purus, posuere at ultricies eu, placerat a felis. Suspendisse aliquet urna pretium eros convallis interdum. Quisque in arcu id dui vulputate mollis eget non arcu. Aenean et nulla purus. Mauris vel tellus non nunc mattis lobortis', '', 'Occumsan Olit', '', ''),
(55, 2, 'Occumsan Olit', 'Nunc facilisis sagittis ullamcorper. Proin lectus ipsum, gravida et mattis vulputate, tristique ut lectus. Sed et lorem nunc. Vestibulum ante ipsum primis in faucibus orci luctus et ultrices posuere cubilia Curae; Aenean eleifend laoreet congue. Vivamus adipiscing nisl ut dolor dignissim semper. Nulla luctus malesuada tincidunt. Class aptent taciti sociosqu ad litora torquent per conubia nostra, per inceptos himenaeos. Integer enim purus, posuere at ultricies eu, placerat a felis. Suspendisse aliquet urna pretium eros convallis interdum. Quisque in arcu id dui vulputate mollis eget non arcu. Aenean et nulla purus. Mauris vel tellus non nunc mattis lobortis.Nunc facilisis sagittis ullamcorper. Proin lectus ipsum, gravida et mattis vulputate, tristique ut lectus. Sed et lorem nunc. Vestibulum ante ipsum primis in faucibus orci luctus et ultrices posuere cubilia Curae; Aenean eleifend laoreet congue. Vivamus adipiscing nisl ut dolor dignissim semper. Nulla luctus malesuada tincidunt. Class aptent taciti sociosqu ad litora torquent per conubia nostra, per inceptos himenaeos. Integer enim purus, posuere at ultricies eu, placerat a felis. Suspendisse aliquet urna pretium eros convallis interdum. Quisque in arcu id dui vulputate mollis eget non arcu. Aenean et nulla purus. Mauris vel tellus non nunc mattis lobortis', '', 'Occumsan Olit', '', ''),
(36, 1, 'Letraset Sheets', 'Nunc facilisis sagittis ullamcorper. Proin lectus ipsum, gravida et mattis vulputate, tristique ut lectus. Sed et lorem nunc. Vestibulum ante ipsum primis in faucibus orci luctus et ultrices posuere cubilia Curae; Aenean eleifend laoreet congue. Vivamus adipiscing nisl ut dolor dignissim semper. Nulla luctus malesuada tincidunt. Class aptent taciti sociosqu ad litora torquent per conubia nostra, per inceptos himenaeos. Integer enim purus, posuere at ultricies eu, placerat a felis. Suspendisse aliquet urna pretium eros convallis interdum. Quisque in arcu id dui vulputate mollis eget non arcu. Aenean et nulla purus. Mauris vel tellus non nunc mattis lobortis.Nunc facilisis sagittis ullamcorper. Proin lectus ipsum, gravida et mattis vulputate, tristique ut lectus. Sed et lorem nunc. Vestibulum ante ipsum primis in faucibus orci luctus et ultrices posuere cubilia Curae; Aenean eleifend laoreet congue. Vivamus adipiscing nisl ut dolor dignissim semper. Nulla luctus malesuada tincidunt. Class aptent taciti sociosqu ad litora torquent per conubia nostra, per inceptos himenaeos. Integer enim purus, posuere at ultricies eu, placerat a felis. Suspendisse aliquet urna pretium eros convallis interdum. Quisque in arcu id dui vulputate mollis eget non arcu. Aenean et nulla purus. Mauris vel tellus non nunc mattis lobortis', '', 'Letraset Sheets', '', ''),
(32, 1, 'Proin Lectus Ipsum', 'Nunc facilisis sagittis ullamcorper. Proin lectus ipsum, gravida et mattis vulputate, tristique ut lectus. Sed et lorem nunc. Vestibulum ante ipsum primis in faucibus orci luctus et ultrices posuere cubilia Curae; Aenean eleifend laoreet congue. Vivamus adipiscing nisl ut dolor dignissim semper. Nulla luctus malesuada tincidunt. Class aptent taciti sociosqu ad litora torquent per conubia nostra, per inceptos himenaeos. Integer enim purus, posuere at ultricies eu, placerat a felis. Suspendisse aliquet urna pretium eros convallis interdum. Quisque in arcu id dui vulputate mollis eget non arcu. Aenean et nulla purus. Mauris vel tellus non nunc mattis lobortis.Nunc facilisis sagittis ullamcorper. Proin lectus ipsum, gravida et mattis vulputate, tristique ut lectus. Sed et lorem nunc. Vestibulum ante ipsum primis in faucibus orci luctus et ultrices posuere cubilia Curae; Aenean eleifend laoreet congue. Vivamus adipiscing nisl ut dolor dignissim semper. Nulla luctus malesuada tincidunt. Class aptent taciti sociosqu ad litora torquent per conubia nostra, per inceptos himenaeos. Integer enim purus, posuere at ultricies eu, placerat a felis. Suspendisse aliquet urna pretium eros convallis interdum. Quisque in arcu id dui vulputate mollis eget non arcu. Aenean et nulla purus. Mauris vel tellus non nunc mattis lobortis', '', 'Proin Lectus Ipsum', '', ''),
(41, 2, 'Donec Non Est', 'Nunc facilisis sagittis ullamcorper. Proin lectus ipsum, gravida et mattis vulputate, tristique ut lectus. Sed et lorem nunc. Vestibulum ante ipsum primis in faucibus orci luctus et ultrices posuere cubilia Curae; Aenean eleifend laoreet congue. Vivamus adipiscing nisl ut dolor dignissim semper. Nulla luctus malesuada tincidunt. Class aptent taciti sociosqu ad litora torquent per conubia nostra, per inceptos himenaeos. Integer enim purus, posuere at ultricies eu, placerat a felis. Suspendisse aliquet urna pretium eros convallis interdum. Quisque in arcu id dui vulputate mollis eget non arcu. Aenean et nulla purus. Mauris vel tellus non nunc mattis lobortis.Nunc facilisis sagittis ullamcorper. Proin lectus ipsum, gravida et mattis vulputate, tristique ut lectus. Sed et lorem nunc. Vestibulum ante ipsum primis in faucibus orci luctus et ultrices posuere cubilia Curae; Aenean eleifend laoreet congue. Vivamus adipiscing nisl ut dolor dignissim semper. Nulla luctus malesuada tincidunt. Class aptent taciti sociosqu ad litora torquent per conubia nostra, per inceptos himenaeos. Integer enim purus, posuere at ultricies eu, placerat a felis. Suspendisse aliquet urna pretium eros convallis interdum. Quisque in arcu id dui vulputate mollis eget non arcu. Aenean et nulla purus. Mauris vel tellus non nunc mattis lobortis', '', 'Donec Non Est', '', ''),
(34, 1, 'Lorem Ipsum', 'Nunc facilisis sagittis ullamcorper. Proin lectus ipsum, gravida et mattis vulputate, tristique ut lectus. Sed et lorem nunc. Vestibulum ante ipsum primis in faucibus orci luctus et ultrices posuere cubilia Curae; Aenean eleifend laoreet congue. Vivamus adipiscing nisl ut dolor dignissim semper. Nulla luctus malesuada tincidunt. Class aptent taciti sociosqu ad litora torquent per conubia nostra, per inceptos himenaeos. Integer enim purus, posuere at ultricies eu, placerat a felis. Suspendisse aliquet urna pretium eros convallis interdum. Quisque in arcu id dui vulputate mollis eget non arcu. Aenean et nulla purus. Mauris vel tellus non nunc mattis lobortis.Nunc facilisis sagittis ullamcorper. Proin lectus ipsum, gravida et mattis vulputate, tristique ut lectus. Sed et lorem nunc. Vestibulum ante ipsum primis in faucibus orci luctus et ultrices posuere cubilia Curae; Aenean eleifend laoreet congue. Vivamus adipiscing nisl ut dolor dignissim semper. Nulla luctus malesuada tincidunt. Class aptent taciti sociosqu ad litora torquent per conubia nostra, per inceptos himenaeos. Integer enim purus, posuere at ultricies eu, placerat a felis. Suspendisse aliquet urna pretium eros convallis interdum. Quisque in arcu id dui vulputate mollis eget non arcu. Aenean et nulla purus. Mauris vel tellus non nunc mattis lobortis', '', 'Lorem Ipsum', '', ''),
(43, 1, 'Quisque In Arcu', 'Nunc facilisis sagittis ullamcorper. Proin lectus ipsum, gravida et mattis vulputate, tristique ut lectus. Sed et lorem nunc. Vestibulum ante ipsum primis in faucibus orci luctus et ultrices posuere cubilia Curae; Aenean eleifend laoreet congue. Vivamus adipiscing nisl ut dolor dignissim semper. Nulla luctus malesuada tincidunt. Class aptent taciti sociosqu ad litora torquent per conubia nostra, per inceptos himenaeos. Integer enim purus, posuere at ultricies eu, placerat a felis. Suspendisse aliquet urna pretium eros convallis interdum. Quisque in arcu id dui vulputate mollis eget non arcu. Aenean et nulla purus. Mauris vel tellus non nunc mattis lobortis.Nunc facilisis sagittis ullamcorper. Proin lectus ipsum, gravida et mattis vulputate, tristique ut lectus. Sed et lorem nunc. Vestibulum ante ipsum primis in faucibus orci luctus et ultrices posuere cubilia Curae; Aenean eleifend laoreet congue. Vivamus adipiscing nisl ut dolor dignissim semper. Nulla luctus malesuada tincidunt. Class aptent taciti sociosqu ad litora torquent per conubia nostra, per inceptos himenaeos. Integer enim purus, posuere at ultricies eu, placerat a felis. Suspendisse aliquet urna pretium eros convallis interdum. Quisque in arcu id dui vulputate mollis eget non arcu. Aenean et nulla purus. Mauris vel tellus non nunc mattis lobortis', '', 'Quisque In Arcu', '', ''),
(56, 1, 'Oliquam Consequat', 'Nunc facilisis sagittis ullamcorper. Proin lectus ipsum, gravida et mattis vulputate, tristique ut lectus. Sed et lorem nunc. Vestibulum ante ipsum primis in faucibus orci luctus et ultrices posuere cubilia Curae; Aenean eleifend laoreet congue. Vivamus adipiscing nisl ut dolor dignissim semper. Nulla luctus malesuada tincidunt. Class aptent taciti sociosqu ad litora torquent per conubia nostra, per inceptos himenaeos. Integer enim purus, posuere at ultricies eu, placerat a felis. Suspendisse aliquet urna pretium eros convallis interdum. Quisque in arcu id dui vulputate mollis eget non arcu. Aenean et nulla purus. Mauris vel tellus non nunc mattis lobortis.Nunc facilisis sagittis ullamcorper. Proin lectus ipsum, gravida et mattis vulputate, tristique ut lectus. Sed et lorem nunc. Vestibulum ante ipsum primis in faucibus orci luctus et ultrices posuere cubilia Curae; Aenean eleifend laoreet congue. Vivamus adipiscing nisl ut dolor dignissim semper. Nulla luctus malesuada tincidunt. Class aptent taciti sociosqu ad litora torquent per conubia nostra, per inceptos himenaeos. Integer enim purus, posuere at ultricies eu, placerat a felis. Suspendisse aliquet urna pretium eros convallis interdum. Quisque in arcu id dui vulputate mollis eget non arcu. Aenean et nulla purus. Mauris vel tellus non nunc mattis lobortis', '', 'Oliquam Consequat', '', ''),
(56, 2, 'Oliquam Consequat', 'Nunc facilisis sagittis ullamcorper. Proin lectus ipsum, gravida et mattis vulputate, tristique ut lectus. Sed et lorem nunc. Vestibulum ante ipsum primis in faucibus orci luctus et ultrices posuere cubilia Curae; Aenean eleifend laoreet congue. Vivamus adipiscing nisl ut dolor dignissim semper. Nulla luctus malesuada tincidunt. Class aptent taciti sociosqu ad litora torquent per conubia nostra, per inceptos himenaeos. Integer enim purus, posuere at ultricies eu, placerat a felis. Suspendisse aliquet urna pretium eros convallis interdum. Quisque in arcu id dui vulputate mollis eget non arcu. Aenean et nulla purus. Mauris vel tellus non nunc mattis lobortis.Nunc facilisis sagittis ullamcorper. Proin lectus ipsum, gravida et mattis vulputate, tristique ut lectus. Sed et lorem nunc. Vestibulum ante ipsum primis in faucibus orci luctus et ultrices posuere cubilia Curae; Aenean eleifend laoreet congue. Vivamus adipiscing nisl ut dolor dignissim semper. Nulla luctus malesuada tincidunt. Class aptent taciti sociosqu ad litora torquent per conubia nostra, per inceptos himenaeos. Integer enim purus, posuere at ultricies eu, placerat a felis. Suspendisse aliquet urna pretium eros convallis interdum. Quisque in arcu id dui vulputate mollis eget non arcu. Aenean et nulla purus. Mauris vel tellus non nunc mattis lobortis', '', 'Oliquam Consequat', '', ''),
(50, 2, 'Donec Oc Nempus', 'Nunc facilisis sagittis ullamcorper. Proin lectus ipsum, gravida et mattis vulputate, tristique ut lectus. Sed et lorem nunc. Vestibulum ante ipsum primis in faucibus orci luctus et ultrices posuere cubilia Curae; Aenean eleifend laoreet congue. Vivamus adipiscing nisl ut dolor dignissim semper. Nulla luctus malesuada tincidunt. Class aptent taciti sociosqu ad litora torquent per conubia nostra, per inceptos himenaeos. Integer enim purus, posuere at ultricies eu, placerat a felis. Suspendisse aliquet urna pretium eros convallis interdum. Quisque in arcu id dui vulputate mollis eget non arcu. Aenean et nulla purus. Mauris vel tellus non nunc mattis lobortis.Nunc facilisis sagittis ullamcorper. Proin lectus ipsum, gravida et mattis vulputate, tristique ut lectus. Sed et lorem nunc. Vestibulum ante ipsum primis in faucibus orci luctus et ultrices posuere cubilia Curae; Aenean eleifend laoreet congue. Vivamus adipiscing nisl ut dolor dignissim semper. Nulla luctus malesuada tincidunt. Class aptent taciti sociosqu ad litora torquent per conubia nostra, per inceptos himenaeos. Integer enim purus, posuere at ultricies eu, placerat a felis. Suspendisse aliquet urna pretium eros convallis interdum. Quisque in arcu id dui vulputate mollis eget non arcu. Aenean et nulla purus. Mauris vel tellus non nunc mattis lobortis', '', 'Donec Oc Nempus', '', ''),
(53, 2, 'Metraset Shos', 'Nunc facilisis sagittis ullamcorper. Proin lectus ipsum, gravida et mattis vulputate, tristique ut lectus. Sed et lorem nunc. Vestibulum ante ipsum primis in faucibus orci luctus et ultrices posuere cubilia Curae; Aenean eleifend laoreet congue. Vivamus adipiscing nisl ut dolor dignissim semper. Nulla luctus malesuada tincidunt. Class aptent taciti sociosqu ad litora torquent per conubia nostra, per inceptos himenaeos. Integer enim purus, posuere at ultricies eu, placerat a felis. Suspendisse aliquet urna pretium eros convallis interdum. Quisque in arcu id dui vulputate mollis eget non arcu. Aenean et nulla purus. Mauris vel tellus non nunc mattis lobortis.Nunc facilisis sagittis ullamcorper. Proin lectus ipsum, gravida et mattis vulputate, tristique ut lectus. Sed et lorem nunc. Vestibulum ante ipsum primis in faucibus orci luctus et ultrices posuere cubilia Curae; Aenean eleifend laoreet congue. Vivamus adipiscing nisl ut dolor dignissim semper. Nulla luctus malesuada tincidunt. Class aptent taciti sociosqu ad litora torquent per conubia nostra, per inceptos himenaeos. Integer enim purus, posuere at ultricies eu, placerat a felis. Suspendisse aliquet urna pretium eros convallis interdum. Quisque in arcu id dui vulputate mollis eget non arcu. Aenean et nulla purus. Mauris vel tellus non nunc mattis lobortis', '', 'Metraset Shos', '', ''),
(51, 1, 'Dorem Opsum Passa', 'Nunc facilisis sagittis ullamcorper. Proin lectus ipsum, gravida et mattis vulputate, tristique ut lectus. Sed et lorem nunc. Vestibulum ante ipsum primis in faucibus orci luctus et ultrices posuere cubilia Curae; Aenean eleifend laoreet congue. Vivamus adipiscing nisl ut dolor dignissim semper. Nulla luctus malesuada tincidunt. Class aptent taciti sociosqu ad litora torquent per conubia nostra, per inceptos himenaeos. Integer enim purus, posuere at ultricies eu, placerat a felis. Suspendisse aliquet urna pretium eros convallis interdum. Quisque in arcu id dui vulputate mollis eget non arcu. Aenean et nulla purus. Mauris vel tellus non nunc mattis lobortis.Nunc facilisis sagittis ullamcorper. Proin lectus ipsum, gravida et mattis vulputate, tristique ut lectus. Sed et lorem nunc. Vestibulum ante ipsum primis in faucibus orci luctus et ultrices posuere cubilia Curae; Aenean eleifend laoreet congue. Vivamus adipiscing nisl ut dolor dignissim semper. Nulla luctus malesuada tincidunt. Class aptent taciti sociosqu ad litora torquent per conubia nostra, per inceptos himenaeos. Integer enim purus, posuere at ultricies eu, placerat a felis. Suspendisse aliquet urna pretium eros convallis interdum. Quisque in arcu id dui vulputate mollis eget non arcu. Aenean et nulla purus. Mauris vel tellus non nunc mattis lobortis', '', 'Dorem Opsum Passa', '', ''),
(51, 2, 'Dorem Opsum Passa', 'Nunc facilisis sagittis ullamcorper. Proin lectus ipsum, gravida et mattis vulputate, tristique ut lectus. Sed et lorem nunc. Vestibulum ante ipsum primis in faucibus orci luctus et ultrices posuere cubilia Curae; Aenean eleifend laoreet congue. Vivamus adipiscing nisl ut dolor dignissim semper. Nulla luctus malesuada tincidunt. Class aptent taciti sociosqu ad litora torquent per conubia nostra, per inceptos himenaeos. Integer enim purus, posuere at ultricies eu, placerat a felis. Suspendisse aliquet urna pretium eros convallis interdum. Quisque in arcu id dui vulputate mollis eget non arcu. Aenean et nulla purus. Mauris vel tellus non nunc mattis lobortis.Nunc facilisis sagittis ullamcorper. Proin lectus ipsum, gravida et mattis vulputate, tristique ut lectus. Sed et lorem nunc. Vestibulum ante ipsum primis in faucibus orci luctus et ultrices posuere cubilia Curae; Aenean eleifend laoreet congue. Vivamus adipiscing nisl ut dolor dignissim semper. Nulla luctus malesuada tincidunt. Class aptent taciti sociosqu ad litora torquent per conubia nostra, per inceptos himenaeos. Integer enim purus, posuere at ultricies eu, placerat a felis. Suspendisse aliquet urna pretium eros convallis interdum. Quisque in arcu id dui vulputate mollis eget non arcu. Aenean et nulla purus. Mauris vel tellus non nunc mattis lobortis', '', 'Dorem Opsum Passa', '', ''),
(53, 1, 'Metraset Shos', 'Nunc facilisis sagittis ullamcorper. Proin lectus ipsum, gravida et mattis vulputate, tristique ut lectus. Sed et lorem nunc. Vestibulum ante ipsum primis in faucibus orci luctus et ultrices posuere cubilia Curae; Aenean eleifend laoreet congue. Vivamus adipiscing nisl ut dolor dignissim semper. Nulla luctus malesuada tincidunt. Class aptent taciti sociosqu ad litora torquent per conubia nostra, per inceptos himenaeos. Integer enim purus, posuere at ultricies eu, placerat a felis. Suspendisse aliquet urna pretium eros convallis interdum. Quisque in arcu id dui vulputate mollis eget non arcu. Aenean et nulla purus. Mauris vel tellus non nunc mattis lobortis.Nunc facilisis sagittis ullamcorper. Proin lectus ipsum, gravida et mattis vulputate, tristique ut lectus. Sed et lorem nunc. Vestibulum ante ipsum primis in faucibus orci luctus et ultrices posuere cubilia Curae; Aenean eleifend laoreet congue. Vivamus adipiscing nisl ut dolor dignissim semper. Nulla luctus malesuada tincidunt. Class aptent taciti sociosqu ad litora torquent per conubia nostra, per inceptos himenaeos. Integer enim purus, posuere at ultricies eu, placerat a felis. Suspendisse aliquet urna pretium eros convallis interdum. Quisque in arcu id dui vulputate mollis eget non arcu. Aenean et nulla purus. Mauris vel tellus non nunc mattis lobortis', '', 'Metraset Shos', '', ''),
(52, 1, 'Fusce Oliquam', 'Nunc facilisis sagittis ullamcorper. Proin lectus ipsum, gravida et mattis vulputate, tristique ut lectus. Sed et lorem nunc. Vestibulum ante ipsum primis in faucibus orci luctus et ultrices posuere cubilia Curae; Aenean eleifend laoreet congue. Vivamus adipiscing nisl ut dolor dignissim semper. Nulla luctus malesuada tincidunt. Class aptent taciti sociosqu ad litora torquent per conubia nostra, per inceptos himenaeos. Integer enim purus, posuere at ultricies eu, placerat a felis. Suspendisse aliquet urna pretium eros convallis interdum. Quisque in arcu id dui vulputate mollis eget non arcu. Aenean et nulla purus. Mauris vel tellus non nunc mattis lobortis.Nunc facilisis sagittis ullamcorper. Proin lectus ipsum, gravida et mattis vulputate, tristique ut lectus. Sed et lorem nunc. Vestibulum ante ipsum primis in faucibus orci luctus et ultrices posuere cubilia Curae; Aenean eleifend laoreet congue. Vivamus adipiscing nisl ut dolor dignissim semper. Nulla luctus malesuada tincidunt. Class aptent taciti sociosqu ad litora torquent per conubia nostra, per inceptos himenaeos. Integer enim purus, posuere at ultricies eu, placerat a felis. Suspendisse aliquet urna pretium eros convallis interdum. Quisque in arcu id dui vulputate mollis eget non arcu. Aenean et nulla purus. Mauris vel tellus non nunc mattis lobortis', '', 'Fusce Oliquam', '', ''),
(52, 2, 'Fusce Oliquam', 'Nunc facilisis sagittis ullamcorper. Proin lectus ipsum, gravida et mattis vulputate, tristique ut lectus. Sed et lorem nunc. Vestibulum ante ipsum primis in faucibus orci luctus et ultrices posuere cubilia Curae; Aenean eleifend laoreet congue. Vivamus adipiscing nisl ut dolor dignissim semper. Nulla luctus malesuada tincidunt. Class aptent taciti sociosqu ad litora torquent per conubia nostra, per inceptos himenaeos. Integer enim purus, posuere at ultricies eu, placerat a felis. Suspendisse aliquet urna pretium eros convallis interdum. Quisque in arcu id dui vulputate mollis eget non arcu. Aenean et nulla purus. Mauris vel tellus non nunc mattis lobortis.Nunc facilisis sagittis ullamcorper. Proin lectus ipsum, gravida et mattis vulputate, tristique ut lectus. Sed et lorem nunc. Vestibulum ante ipsum primis in faucibus orci luctus et ultrices posuere cubilia Curae; Aenean eleifend laoreet congue. Vivamus adipiscing nisl ut dolor dignissim semper. Nulla luctus malesuada tincidunt. Class aptent taciti sociosqu ad litora torquent per conubia nostra, per inceptos himenaeos. Integer enim purus, posuere at ultricies eu, placerat a felis. Suspendisse aliquet urna pretium eros convallis interdum. Quisque in arcu id dui vulputate mollis eget non arcu. Aenean et nulla purus. Mauris vel tellus non nunc mattis lobortis', '', 'Fusce Oliquam', '', '');
INSERT INTO `oc_product_description` (`product_id`, `language_id`, `name`, `description`, `tag`, `meta_title`, `meta_description`, `meta_keyword`) VALUES
(30, 2, 'Aliquam Consequat', 'Nunc facilisis sagittis ullamcorper. Proin lectus ipsum, gravida et mattis vulputate, tristique ut lectus. Sed et lorem nunc. Vestibulum ante ipsum primis in faucibus orci luctus et ultrices posuere cubilia Curae; Aenean eleifend laoreet congue. Vivamus adipiscing nisl ut dolor dignissim semper. Nulla luctus malesuada tincidunt. Class aptent taciti sociosqu ad litora torquent per conubia nostra, per inceptos himenaeos. Integer enim purus, posuere at ultricies eu, placerat a felis. Suspendisse aliquet urna pretium eros convallis interdum. Quisque in arcu id dui vulputate mollis eget non arcu. Aenean et nulla purus. Mauris vel tellus non nunc mattis lobortis.Nunc facilisis sagittis ullamcorper. Proin lectus ipsum, gravida et mattis vulputate, tristique ut lectus. Sed et lorem nunc. Vestibulum ante ipsum primis in faucibus orci luctus et ultrices posuere cubilia Curae; Aenean eleifend laoreet congue. Vivamus adipiscing nisl ut dolor dignissim semper. Nulla luctus malesuada tincidunt. Class aptent taciti sociosqu ad litora torquent per conubia nostra, per inceptos himenaeos. Integer enim purus, posuere at ultricies eu, placerat a felis. Suspendisse aliquet urna pretium eros convallis interdum. Quisque in arcu id dui vulputate mollis eget non arcu. Aenean et nulla purus. Mauris vel tellus non nunc mattis lobortis', '', 'Aliquam Consequat', '', ''),
(47, 2, 'Cas Meque Metus', 'Nunc facilisis sagittis ullamcorper. Proin lectus ipsum, gravida et mattis vulputate, tristique ut lectus. Sed et lorem nunc. Vestibulum ante ipsum primis in faucibus orci luctus et ultrices posuere cubilia Curae; Aenean eleifend laoreet congue. Vivamus adipiscing nisl ut dolor dignissim semper. Nulla luctus malesuada tincidunt. Class aptent taciti sociosqu ad litora torquent per conubia nostra, per inceptos himenaeos. Integer enim purus, posuere at ultricies eu, placerat a felis. Suspendisse aliquet urna pretium eros convallis interdum. Quisque in arcu id dui vulputate mollis eget non arcu. Aenean et nulla purus. Mauris vel tellus non nunc mattis lobortis.Nunc facilisis sagittis ullamcorper. Proin lectus ipsum, gravida et mattis vulputate, tristique ut lectus. Sed et lorem nunc. Vestibulum ante ipsum primis in faucibus orci luctus et ultrices posuere cubilia Curae; Aenean eleifend laoreet congue. Vivamus adipiscing nisl ut dolor dignissim semper. Nulla luctus malesuada tincidunt. Class aptent taciti sociosqu ad litora torquent per conubia nostra, per inceptos himenaeos. Integer enim purus, posuere at ultricies eu, placerat a felis. Suspendisse aliquet urna pretium eros convallis interdum. Quisque in arcu id dui vulputate mollis eget non arcu. Aenean et nulla purus. Mauris vel tellus non nunc mattis lobortis', '', 'Cas Meque Metus', '', ''),
(30, 1, 'Aliquam Consequat', 'Nunc facilisis sagittis ullamcorper. Proin lectus ipsum, gravida et mattis vulputate, tristique ut lectus. Sed et lorem nunc. Vestibulum ante ipsum primis in faucibus orci luctus et ultrices posuere cubilia Curae; Aenean eleifend laoreet congue. Vivamus adipiscing nisl ut dolor dignissim semper. Nulla luctus malesuada tincidunt. Class aptent taciti sociosqu ad litora torquent per conubia nostra, per inceptos himenaeos. Integer enim purus, posuere at ultricies eu, placerat a felis. Suspendisse aliquet urna pretium eros convallis interdum. Quisque in arcu id dui vulputate mollis eget non arcu. Aenean et nulla purus. Mauris vel tellus non nunc mattis lobortis.Nunc facilisis sagittis ullamcorper. Proin lectus ipsum, gravida et mattis vulputate, tristique ut lectus. Sed et lorem nunc. Vestibulum ante ipsum primis in faucibus orci luctus et ultrices posuere cubilia Curae; Aenean eleifend laoreet congue. Vivamus adipiscing nisl ut dolor dignissim semper. Nulla luctus malesuada tincidunt. Class aptent taciti sociosqu ad litora torquent per conubia nostra, per inceptos himenaeos. Integer enim purus, posuere at ultricies eu, placerat a felis. Suspendisse aliquet urna pretium eros convallis interdum. Quisque in arcu id dui vulputate mollis eget non arcu. Aenean et nulla purus. Mauris vel tellus non nunc mattis lobortis', '', 'Aliquam Consequat', '', ''),
(59, 2, 'Rimis In Caucibus', 'Nunc facilisis sagittis ullamcorper. Proin lectus ipsum, gravida et mattis vulputate, tristique ut lectus. Sed et lorem nunc. Vestibulum ante ipsum primis in faucibus orci luctus et ultrices posuere cubilia Curae; Aenean eleifend laoreet congue. Vivamus adipiscing nisl ut dolor dignissim semper. Nulla luctus malesuada tincidunt. Class aptent taciti sociosqu ad litora torquent per conubia nostra, per inceptos himenaeos. Integer enim purus, posuere at ultricies eu, placerat a felis. Suspendisse aliquet urna pretium eros convallis interdum. Quisque in arcu id dui vulputate mollis eget non arcu. Aenean et nulla purus. Mauris vel tellus non nunc mattis lobortis.Nunc facilisis sagittis ullamcorper. Proin lectus ipsum, gravida et mattis vulputate, tristique ut lectus. Sed et lorem nunc. Vestibulum ante ipsum primis in faucibus orci luctus et ultrices posuere cubilia Curae; Aenean eleifend laoreet congue. Vivamus adipiscing nisl ut dolor dignissim semper. Nulla luctus malesuada tincidunt. Class aptent taciti sociosqu ad litora torquent per conubia nostra, per inceptos himenaeos. Integer enim purus, posuere at ultricies eu, placerat a felis. Suspendisse aliquet urna pretium eros convallis interdum. Quisque in arcu id dui vulputate mollis eget non arcu. Aenean et nulla purus. Mauris vel tellus non nunc mattis lobortis', '', 'Rimis In Caucibus', '', ''),
(60, 1, 'Roin Ectus Ipsum', 'Nunc facilisis sagittis ullamcorper. Proin lectus ipsum, gravida et mattis vulputate, tristique ut lectus. Sed et lorem nunc. Vestibulum ante ipsum primis in faucibus orci luctus et ultrices posuere cubilia Curae; Aenean eleifend laoreet congue. Vivamus adipiscing nisl ut dolor dignissim semper. Nulla luctus malesuada tincidunt. Class aptent taciti sociosqu ad litora torquent per conubia nostra, per inceptos himenaeos. Integer enim purus, posuere at ultricies eu, placerat a felis. Suspendisse aliquet urna pretium eros convallis interdum. Quisque in arcu id dui vulputate mollis eget non arcu. Aenean et nulla purus. Mauris vel tellus non nunc mattis lobortis.Nunc facilisis sagittis ullamcorper. Proin lectus ipsum, gravida et mattis vulputate, tristique ut lectus. Sed et lorem nunc. Vestibulum ante ipsum primis in faucibus orci luctus et ultrices posuere cubilia Curae; Aenean eleifend laoreet congue. Vivamus adipiscing nisl ut dolor dignissim semper. Nulla luctus malesuada tincidunt. Class aptent taciti sociosqu ad litora torquent per conubia nostra, per inceptos himenaeos. Integer enim purus, posuere at ultricies eu, placerat a felis. Suspendisse aliquet urna pretium eros convallis interdum. Quisque in arcu id dui vulputate mollis eget non arcu. Aenean et nulla purus. Mauris vel tellus non nunc mattis lobortis', '', 'Roin Ectus Ipsum', '', ''),
(60, 2, 'Roin Ectus Ipsum', 'Nunc facilisis sagittis ullamcorper. Proin lectus ipsum, gravida et mattis vulputate, tristique ut lectus. Sed et lorem nunc. Vestibulum ante ipsum primis in faucibus orci luctus et ultrices posuere cubilia Curae; Aenean eleifend laoreet congue. Vivamus adipiscing nisl ut dolor dignissim semper. Nulla luctus malesuada tincidunt. Class aptent taciti sociosqu ad litora torquent per conubia nostra, per inceptos himenaeos. Integer enim purus, posuere at ultricies eu, placerat a felis. Suspendisse aliquet urna pretium eros convallis interdum. Quisque in arcu id dui vulputate mollis eget non arcu. Aenean et nulla purus. Mauris vel tellus non nunc mattis lobortis.Nunc facilisis sagittis ullamcorper. Proin lectus ipsum, gravida et mattis vulputate, tristique ut lectus. Sed et lorem nunc. Vestibulum ante ipsum primis in faucibus orci luctus et ultrices posuere cubilia Curae; Aenean eleifend laoreet congue. Vivamus adipiscing nisl ut dolor dignissim semper. Nulla luctus malesuada tincidunt. Class aptent taciti sociosqu ad litora torquent per conubia nostra, per inceptos himenaeos. Integer enim purus, posuere at ultricies eu, placerat a felis. Suspendisse aliquet urna pretium eros convallis interdum. Quisque in arcu id dui vulputate mollis eget non arcu. Aenean et nulla purus. Mauris vel tellus non nunc mattis lobortis', '', 'Roin Ectus Ipsum', '', ''),
(61, 1, 'Suisque On Arcu', 'Nunc facilisis sagittis ullamcorper. Proin lectus ipsum, gravida et mattis vulputate, tristique ut lectus. Sed et lorem nunc. Vestibulum ante ipsum primis in faucibus orci luctus et ultrices posuere cubilia Curae; Aenean eleifend laoreet congue. Vivamus adipiscing nisl ut dolor dignissim semper. Nulla luctus malesuada tincidunt. Class aptent taciti sociosqu ad litora torquent per conubia nostra, per inceptos himenaeos. Integer enim purus, posuere at ultricies eu, placerat a felis. Suspendisse aliquet urna pretium eros convallis interdum. Quisque in arcu id dui vulputate mollis eget non arcu. Aenean et nulla purus. Mauris vel tellus non nunc mattis lobortis.Nunc facilisis sagittis ullamcorper. Proin lectus ipsum, gravida et mattis vulputate, tristique ut lectus. Sed et lorem nunc. Vestibulum ante ipsum primis in faucibus orci luctus et ultrices posuere cubilia Curae; Aenean eleifend laoreet congue. Vivamus adipiscing nisl ut dolor dignissim semper. Nulla luctus malesuada tincidunt. Class aptent taciti sociosqu ad litora torquent per conubia nostra, per inceptos himenaeos. Integer enim purus, posuere at ultricies eu, placerat a felis. Suspendisse aliquet urna pretium eros convallis interdum. Quisque in arcu id dui vulputate mollis eget non arcu. Aenean et nulla purus. Mauris vel tellus non nunc mattis lobortis', '', 'Suisque On Arcu', '', ''),
(61, 2, 'Suisque On Arcu', 'Nunc facilisis sagittis ullamcorper. Proin lectus ipsum, gravida et mattis vulputate, tristique ut lectus. Sed et lorem nunc. Vestibulum ante ipsum primis in faucibus orci luctus et ultrices posuere cubilia Curae; Aenean eleifend laoreet congue. Vivamus adipiscing nisl ut dolor dignissim semper. Nulla luctus malesuada tincidunt. Class aptent taciti sociosqu ad litora torquent per conubia nostra, per inceptos himenaeos. Integer enim purus, posuere at ultricies eu, placerat a felis. Suspendisse aliquet urna pretium eros convallis interdum. Quisque in arcu id dui vulputate mollis eget non arcu. Aenean et nulla purus. Mauris vel tellus non nunc mattis lobortis.Nunc facilisis sagittis ullamcorper. Proin lectus ipsum, gravida et mattis vulputate, tristique ut lectus. Sed et lorem nunc. Vestibulum ante ipsum primis in faucibus orci luctus et ultrices posuere cubilia Curae; Aenean eleifend laoreet congue. Vivamus adipiscing nisl ut dolor dignissim semper. Nulla luctus malesuada tincidunt. Class aptent taciti sociosqu ad litora torquent per conubia nostra, per inceptos himenaeos. Integer enim purus, posuere at ultricies eu, placerat a felis. Suspendisse aliquet urna pretium eros convallis interdum. Quisque in arcu id dui vulputate mollis eget non arcu. Aenean et nulla purus. Mauris vel tellus non nunc mattis lobortis', '', 'Suisque On Arcu', '', ''),
(62, 1, 'Acamson Elet', 'Nunc facilisis sagittis ullamcorper. Proin lectus ipsum, gravida et mattis vulputate, tristique ut lectus. Sed et lorem nunc. Vestibulum ante ipsum primis in faucibus orci luctus et ultrices posuere cubilia Curae; Aenean eleifend laoreet congue. Vivamus adipiscing nisl ut dolor dignissim semper. Nulla luctus malesuada tincidunt. Class aptent taciti sociosqu ad litora torquent per conubia nostra, per inceptos himenaeos. Integer enim purus, posuere at ultricies eu, placerat a felis. Suspendisse aliquet urna pretium eros convallis interdum. Quisque in arcu id dui vulputate mollis eget non arcu. Aenean et nulla purus. Mauris vel tellus non nunc mattis lobortis.Nunc facilisis sagittis ullamcorper. Proin lectus ipsum, gravida et mattis vulputate, tristique ut lectus. Sed et lorem nunc. Vestibulum ante ipsum primis in faucibus orci luctus et ultrices posuere cubilia Curae; Aenean eleifend laoreet congue. Vivamus adipiscing nisl ut dolor dignissim semper. Nulla luctus malesuada tincidunt. Class aptent taciti sociosqu ad litora torquent per conubia nostra, per inceptos himenaeos. Integer enim purus, posuere at ultricies eu, placerat a felis. Suspendisse aliquet urna pretium eros convallis interdum. Quisque in arcu id dui vulputate mollis eget non arcu. Aenean et nulla purus. Mauris vel tellus non nunc mattis lobortis', '', 'Acamson Elet', '', ''),
(62, 2, 'Acamson Elet', 'Nunc facilisis sagittis ullamcorper. Proin lectus ipsum, gravida et mattis vulputate, tristique ut lectus. Sed et lorem nunc. Vestibulum ante ipsum primis in faucibus orci luctus et ultrices posuere cubilia Curae; Aenean eleifend laoreet congue. Vivamus adipiscing nisl ut dolor dignissim semper. Nulla luctus malesuada tincidunt. Class aptent taciti sociosqu ad litora torquent per conubia nostra, per inceptos himenaeos. Integer enim purus, posuere at ultricies eu, placerat a felis. Suspendisse aliquet urna pretium eros convallis interdum. Quisque in arcu id dui vulputate mollis eget non arcu. Aenean et nulla purus. Mauris vel tellus non nunc mattis lobortis.Nunc facilisis sagittis ullamcorper. Proin lectus ipsum, gravida et mattis vulputate, tristique ut lectus. Sed et lorem nunc. Vestibulum ante ipsum primis in faucibus orci luctus et ultrices posuere cubilia Curae; Aenean eleifend laoreet congue. Vivamus adipiscing nisl ut dolor dignissim semper. Nulla luctus malesuada tincidunt. Class aptent taciti sociosqu ad litora torquent per conubia nostra, per inceptos himenaeos. Integer enim purus, posuere at ultricies eu, placerat a felis. Suspendisse aliquet urna pretium eros convallis interdum. Quisque in arcu id dui vulputate mollis eget non arcu. Aenean et nulla purus. Mauris vel tellus non nunc mattis lobortis', '', 'Acamson Elet', '', ''),
(63, 1, 'Conac Oc Pempus', 'Nunc facilisis sagittis ullamcorper. Proin lectus ipsum, gravida et mattis vulputate, tristique ut lectus. Sed et lorem nunc. Vestibulum ante ipsum primis in faucibus orci luctus et ultrices posuere cubilia Curae; Aenean eleifend laoreet congue. Vivamus adipiscing nisl ut dolor dignissim semper. Nulla luctus malesuada tincidunt. Class aptent taciti sociosqu ad litora torquent per conubia nostra, per inceptos himenaeos. Integer enim purus, posuere at ultricies eu, placerat a felis. Suspendisse aliquet urna pretium eros convallis interdum. Quisque in arcu id dui vulputate mollis eget non arcu. Aenean et nulla purus. Mauris vel tellus non nunc mattis lobortis.Nunc facilisis sagittis ullamcorper. Proin lectus ipsum, gravida et mattis vulputate, tristique ut lectus. Sed et lorem nunc. Vestibulum ante ipsum primis in faucibus orci luctus et ultrices posuere cubilia Curae; Aenean eleifend laoreet congue. Vivamus adipiscing nisl ut dolor dignissim semper. Nulla luctus malesuada tincidunt. Class aptent taciti sociosqu ad litora torquent per conubia nostra, per inceptos himenaeos. Integer enim purus, posuere at ultricies eu, placerat a felis. Suspendisse aliquet urna pretium eros convallis interdum. Quisque in arcu id dui vulputate mollis eget non arcu. Aenean et nulla purus. Mauris vel tellus non nunc mattis lobortis', '', 'Conac Oc Pempus', '', ''),
(63, 2, 'Conac Oc Pempus', 'Nunc facilisis sagittis ullamcorper. Proin lectus ipsum, gravida et mattis vulputate, tristique ut lectus. Sed et lorem nunc. Vestibulum ante ipsum primis in faucibus orci luctus et ultrices posuere cubilia Curae; Aenean eleifend laoreet congue. Vivamus adipiscing nisl ut dolor dignissim semper. Nulla luctus malesuada tincidunt. Class aptent taciti sociosqu ad litora torquent per conubia nostra, per inceptos himenaeos. Integer enim purus, posuere at ultricies eu, placerat a felis. Suspendisse aliquet urna pretium eros convallis interdum. Quisque in arcu id dui vulputate mollis eget non arcu. Aenean et nulla purus. Mauris vel tellus non nunc mattis lobortis.Nunc facilisis sagittis ullamcorper. Proin lectus ipsum, gravida et mattis vulputate, tristique ut lectus. Sed et lorem nunc. Vestibulum ante ipsum primis in faucibus orci luctus et ultrices posuere cubilia Curae; Aenean eleifend laoreet congue. Vivamus adipiscing nisl ut dolor dignissim semper. Nulla luctus malesuada tincidunt. Class aptent taciti sociosqu ad litora torquent per conubia nostra, per inceptos himenaeos. Integer enim purus, posuere at ultricies eu, placerat a felis. Suspendisse aliquet urna pretium eros convallis interdum. Quisque in arcu id dui vulputate mollis eget non arcu. Aenean et nulla purus. Mauris vel tellus non nunc mattis lobortis', '', 'Conac Oc Pempus', '', ''),
(64, 2, 'Munco Facilisis', 'Nunc facilisis sagittis ullamcorper. Proin lectus ipsum, gravida et mattis vulputate, tristique ut lectus. Sed et lorem nunc. Vestibulum ante ipsum primis in faucibus orci luctus et ultrices posuere cubilia Curae; Aenean eleifend laoreet congue. Vivamus adipiscing nisl ut dolor dignissim semper. Nulla luctus malesuada tincidunt. Class aptent taciti sociosqu ad litora torquent per conubia nostra, per inceptos himenaeos. Integer enim purus, posuere at ultricies eu, placerat a felis. Suspendisse aliquet urna pretium eros convallis interdum. Quisque in arcu id dui vulputate mollis eget non arcu. Aenean et nulla purus. Mauris vel tellus non nunc mattis lobortis.Nunc facilisis sagittis ullamcorper. Proin lectus ipsum, gravida et mattis vulputate, tristique ut lectus. Sed et lorem nunc. Vestibulum ante ipsum primis in faucibus orci luctus et ultrices posuere cubilia Curae; Aenean eleifend laoreet congue. Vivamus adipiscing nisl ut dolor dignissim semper. Nulla luctus malesuada tincidunt. Class aptent taciti sociosqu ad litora torquent per conubia nostra, per inceptos himenaeos. Integer enim purus, posuere at ultricies eu, placerat a felis. Suspendisse aliquet urna pretium eros convallis interdum. Quisque in arcu id dui vulputate mollis eget non arcu. Aenean et nulla purus. Mauris vel tellus non nunc mattis lobortis', '', 'Munco Facilisis', '', ''),
(65, 1, 'Olaquem Consaquat', 'Nunc facilisis sagittis ullamcorper. Proin lectus ipsum, gravida et mattis vulputate, tristique ut lectus. Sed et lorem nunc. Vestibulum ante ipsum primis in faucibus orci luctus et ultrices posuere cubilia Curae; Aenean eleifend laoreet congue. Vivamus adipiscing nisl ut dolor dignissim semper. Nulla luctus malesuada tincidunt. Class aptent taciti sociosqu ad litora torquent per conubia nostra, per inceptos himenaeos. Integer enim purus, posuere at ultricies eu, placerat a felis. Suspendisse aliquet urna pretium eros convallis interdum. Quisque in arcu id dui vulputate mollis eget non arcu. Aenean et nulla purus. Mauris vel tellus non nunc mattis lobortis.Nunc facilisis sagittis ullamcorper. Proin lectus ipsum, gravida et mattis vulputate, tristique ut lectus. Sed et lorem nunc. Vestibulum ante ipsum primis in faucibus orci luctus et ultrices posuere cubilia Curae; Aenean eleifend laoreet congue. Vivamus adipiscing nisl ut dolor dignissim semper. Nulla luctus malesuada tincidunt. Class aptent taciti sociosqu ad litora torquent per conubia nostra, per inceptos himenaeos. Integer enim purus, posuere at ultricies eu, placerat a felis. Suspendisse aliquet urna pretium eros convallis interdum. Quisque in arcu id dui vulputate mollis eget non arcu. Aenean et nulla purus. Mauris vel tellus non nunc mattis lobortis', '', 'Olaquem Consaquat', '', ''),
(65, 2, 'Olaquem Consaquat', 'Nunc facilisis sagittis ullamcorper. Proin lectus ipsum, gravida et mattis vulputate, tristique ut lectus. Sed et lorem nunc. Vestibulum ante ipsum primis in faucibus orci luctus et ultrices posuere cubilia Curae; Aenean eleifend laoreet congue. Vivamus adipiscing nisl ut dolor dignissim semper. Nulla luctus malesuada tincidunt. Class aptent taciti sociosqu ad litora torquent per conubia nostra, per inceptos himenaeos. Integer enim purus, posuere at ultricies eu, placerat a felis. Suspendisse aliquet urna pretium eros convallis interdum. Quisque in arcu id dui vulputate mollis eget non arcu. Aenean et nulla purus. Mauris vel tellus non nunc mattis lobortis.Nunc facilisis sagittis ullamcorper. Proin lectus ipsum, gravida et mattis vulputate, tristique ut lectus. Sed et lorem nunc. Vestibulum ante ipsum primis in faucibus orci luctus et ultrices posuere cubilia Curae; Aenean eleifend laoreet congue. Vivamus adipiscing nisl ut dolor dignissim semper. Nulla luctus malesuada tincidunt. Class aptent taciti sociosqu ad litora torquent per conubia nostra, per inceptos himenaeos. Integer enim purus, posuere at ultricies eu, placerat a felis. Suspendisse aliquet urna pretium eros convallis interdum. Quisque in arcu id dui vulputate mollis eget non arcu. Aenean et nulla purus. Mauris vel tellus non nunc mattis lobortis', '', 'Olaquem Consaquat', '', ''),
(66, 1, 'Olaquem Consaquat', 'Nunc facilisis sagittis ullamcorper. Proin lectus ipsum, gravida et mattis vulputate, tristique ut lectus. Sed et lorem nunc. Vestibulum ante ipsum primis in faucibus orci luctus et ultrices posuere cubilia Curae; Aenean eleifend laoreet congue. Vivamus adipiscing nisl ut dolor dignissim semper. Nulla luctus malesuada tincidunt. Class aptent taciti sociosqu ad litora torquent per conubia nostra, per inceptos himenaeos. Integer enim purus, posuere at ultricies eu, placerat a felis. Suspendisse aliquet urna pretium eros convallis interdum. Quisque in arcu id dui vulputate mollis eget non arcu. Aenean et nulla purus. Mauris vel tellus non nunc mattis lobortis.Nunc facilisis sagittis ullamcorper. Proin lectus ipsum, gravida et mattis vulputate, tristique ut lectus. Sed et lorem nunc. Vestibulum ante ipsum primis in faucibus orci luctus et ultrices posuere cubilia Curae; Aenean eleifend laoreet congue. Vivamus adipiscing nisl ut dolor dignissim semper. Nulla luctus malesuada tincidunt. Class aptent taciti sociosqu ad litora torquent per conubia nostra, per inceptos himenaeos. Integer enim purus, posuere at ultricies eu, placerat a felis. Suspendisse aliquet urna pretium eros convallis interdum. Quisque in arcu id dui vulputate mollis eget non arcu. Aenean et nulla purus. Mauris vel tellus non nunc mattis lobortis', '', 'Olaquem Consaquat', '', ''),
(66, 2, 'Olaquem Consaquat', 'Nunc facilisis sagittis ullamcorper. Proin lectus ipsum, gravida et mattis vulputate, tristique ut lectus. Sed et lorem nunc. Vestibulum ante ipsum primis in faucibus orci luctus et ultrices posuere cubilia Curae; Aenean eleifend laoreet congue. Vivamus adipiscing nisl ut dolor dignissim semper. Nulla luctus malesuada tincidunt. Class aptent taciti sociosqu ad litora torquent per conubia nostra, per inceptos himenaeos. Integer enim purus, posuere at ultricies eu, placerat a felis. Suspendisse aliquet urna pretium eros convallis interdum. Quisque in arcu id dui vulputate mollis eget non arcu. Aenean et nulla purus. Mauris vel tellus non nunc mattis lobortis.Nunc facilisis sagittis ullamcorper. Proin lectus ipsum, gravida et mattis vulputate, tristique ut lectus. Sed et lorem nunc. Vestibulum ante ipsum primis in faucibus orci luctus et ultrices posuere cubilia Curae; Aenean eleifend laoreet congue. Vivamus adipiscing nisl ut dolor dignissim semper. Nulla luctus malesuada tincidunt. Class aptent taciti sociosqu ad litora torquent per conubia nostra, per inceptos himenaeos. Integer enim purus, posuere at ultricies eu, placerat a felis. Suspendisse aliquet urna pretium eros convallis interdum. Quisque in arcu id dui vulputate mollis eget non arcu. Aenean et nulla purus. Mauris vel tellus non nunc mattis lobortis', '', 'Olaquem Consaquat', '', ''),
(67, 2, 'Petraset Cheets', 'Nunc facilisis sagittis ullamcorper. Proin lectus ipsum, gravida et mattis vulputate, tristique ut lectus. Sed et lorem nunc. Vestibulum ante ipsum primis in faucibus orci luctus et ultrices posuere cubilia Curae; Aenean eleifend laoreet congue. Vivamus adipiscing nisl ut dolor dignissim semper. Nulla luctus malesuada tincidunt. Class aptent taciti sociosqu ad litora torquent per conubia nostra, per inceptos himenaeos. Integer enim purus, posuere at ultricies eu, placerat a felis. Suspendisse aliquet urna pretium eros convallis interdum. Quisque in arcu id dui vulputate mollis eget non arcu. Aenean et nulla purus. Mauris vel tellus non nunc mattis lobortis.Nunc facilisis sagittis ullamcorper. Proin lectus ipsum, gravida et mattis vulputate, tristique ut lectus. Sed et lorem nunc. Vestibulum ante ipsum primis in faucibus orci luctus et ultrices posuere cubilia Curae; Aenean eleifend laoreet congue. Vivamus adipiscing nisl ut dolor dignissim semper. Nulla luctus malesuada tincidunt. Class aptent taciti sociosqu ad litora torquent per conubia nostra, per inceptos himenaeos. Integer enim purus, posuere at ultricies eu, placerat a felis. Suspendisse aliquet urna pretium eros convallis interdum. Quisque in arcu id dui vulputate mollis eget non arcu. Aenean et nulla purus. Mauris vel tellus non nunc mattis lobortis', '', 'Petraset Cheets', '', ''),
(68, 1, 'Pocem Opsam', 'Nunc facilisis sagittis ullamcorper. Proin lectus ipsum, gravida et mattis vulputate, tristique ut lectus. Sed et lorem nunc. Vestibulum ante ipsum primis in faucibus orci luctus et ultrices posuere cubilia Curae; Aenean eleifend laoreet congue. Vivamus adipiscing nisl ut dolor dignissim semper. Nulla luctus malesuada tincidunt. Class aptent taciti sociosqu ad litora torquent per conubia nostra, per inceptos himenaeos. Integer enim purus, posuere at ultricies eu, placerat a felis. Suspendisse aliquet urna pretium eros convallis interdum. Quisque in arcu id dui vulputate mollis eget non arcu. Aenean et nulla purus. Mauris vel tellus non nunc mattis lobortis.Nunc facilisis sagittis ullamcorper. Proin lectus ipsum, gravida et mattis vulputate, tristique ut lectus. Sed et lorem nunc. Vestibulum ante ipsum primis in faucibus orci luctus et ultrices posuere cubilia Curae; Aenean eleifend laoreet congue. Vivamus adipiscing nisl ut dolor dignissim semper. Nulla luctus malesuada tincidunt. Class aptent taciti sociosqu ad litora torquent per conubia nostra, per inceptos himenaeos. Integer enim purus, posuere at ultricies eu, placerat a felis. Suspendisse aliquet urna pretium eros convallis interdum. Quisque in arcu id dui vulputate mollis eget non arcu. Aenean et nulla purus. Mauris vel tellus non nunc mattis lobortis', '', 'Pocem Opsam', '', ''),
(68, 2, 'Pocem Opsam', 'Nunc facilisis sagittis ullamcorper. Proin lectus ipsum, gravida et mattis vulputate, tristique ut lectus. Sed et lorem nunc. Vestibulum ante ipsum primis in faucibus orci luctus et ultrices posuere cubilia Curae; Aenean eleifend laoreet congue. Vivamus adipiscing nisl ut dolor dignissim semper. Nulla luctus malesuada tincidunt. Class aptent taciti sociosqu ad litora torquent per conubia nostra, per inceptos himenaeos. Integer enim purus, posuere at ultricies eu, placerat a felis. Suspendisse aliquet urna pretium eros convallis interdum. Quisque in arcu id dui vulputate mollis eget non arcu. Aenean et nulla purus. Mauris vel tellus non nunc mattis lobortis.Nunc facilisis sagittis ullamcorper. Proin lectus ipsum, gravida et mattis vulputate, tristique ut lectus. Sed et lorem nunc. Vestibulum ante ipsum primis in faucibus orci luctus et ultrices posuere cubilia Curae; Aenean eleifend laoreet congue. Vivamus adipiscing nisl ut dolor dignissim semper. Nulla luctus malesuada tincidunt. Class aptent taciti sociosqu ad litora torquent per conubia nostra, per inceptos himenaeos. Integer enim purus, posuere at ultricies eu, placerat a felis. Suspendisse aliquet urna pretium eros convallis interdum. Quisque in arcu id dui vulputate mollis eget non arcu. Aenean et nulla purus. Mauris vel tellus non nunc mattis lobortis', '', 'Pocem Opsam', '', ''),
(69, 1, 'Ponac Mon Ost', 'Nunc facilisis sagittis ullamcorper. Proin lectus ipsum, gravida et mattis vulputate, tristique ut lectus. Sed et lorem nunc. Vestibulum ante ipsum primis in faucibus orci luctus et ultrices posuere cubilia Curae; Aenean eleifend laoreet congue. Vivamus adipiscing nisl ut dolor dignissim semper. Nulla luctus malesuada tincidunt. Class aptent taciti sociosqu ad litora torquent per conubia nostra, per inceptos himenaeos. Integer enim purus, posuere at ultricies eu, placerat a felis. Suspendisse aliquet urna pretium eros convallis interdum. Quisque in arcu id dui vulputate mollis eget non arcu. Aenean et nulla purus. Mauris vel tellus non nunc mattis lobortis.Nunc facilisis sagittis ullamcorper. Proin lectus ipsum, gravida et mattis vulputate, tristique ut lectus. Sed et lorem nunc. Vestibulum ante ipsum primis in faucibus orci luctus et ultrices posuere cubilia Curae; Aenean eleifend laoreet congue. Vivamus adipiscing nisl ut dolor dignissim semper. Nulla luctus malesuada tincidunt. Class aptent taciti sociosqu ad litora torquent per conubia nostra, per inceptos himenaeos. Integer enim purus, posuere at ultricies eu, placerat a felis. Suspendisse aliquet urna pretium eros convallis interdum. Quisque in arcu id dui vulputate mollis eget non arcu. Aenean et nulla purus. Mauris vel tellus non nunc mattis lobortis', '', 'Ponac Mon Ost', '', ''),
(69, 2, 'Ponac Mon Ost', 'Nunc facilisis sagittis ullamcorper. Proin lectus ipsum, gravida et mattis vulputate, tristique ut lectus. Sed et lorem nunc. Vestibulum ante ipsum primis in faucibus orci luctus et ultrices posuere cubilia Curae; Aenean eleifend laoreet congue. Vivamus adipiscing nisl ut dolor dignissim semper. Nulla luctus malesuada tincidunt. Class aptent taciti sociosqu ad litora torquent per conubia nostra, per inceptos himenaeos. Integer enim purus, posuere at ultricies eu, placerat a felis. Suspendisse aliquet urna pretium eros convallis interdum. Quisque in arcu id dui vulputate mollis eget non arcu. Aenean et nulla purus. Mauris vel tellus non nunc mattis lobortis.Nunc facilisis sagittis ullamcorper. Proin lectus ipsum, gravida et mattis vulputate, tristique ut lectus. Sed et lorem nunc. Vestibulum ante ipsum primis in faucibus orci luctus et ultrices posuere cubilia Curae; Aenean eleifend laoreet congue. Vivamus adipiscing nisl ut dolor dignissim semper. Nulla luctus malesuada tincidunt. Class aptent taciti sociosqu ad litora torquent per conubia nostra, per inceptos himenaeos. Integer enim purus, posuere at ultricies eu, placerat a felis. Suspendisse aliquet urna pretium eros convallis interdum. Quisque in arcu id dui vulputate mollis eget non arcu. Aenean et nulla purus. Mauris vel tellus non nunc mattis lobortis', '', 'Ponac Mon Ost', '', ''),
(70, 1, 'Qusce Olaquam', 'Nunc facilisis sagittis ullamcorper. Proin lectus ipsum, gravida et mattis vulputate, tristique ut lectus. Sed et lorem nunc. Vestibulum ante ipsum primis in faucibus orci luctus et ultrices posuere cubilia Curae; Aenean eleifend laoreet congue. Vivamus adipiscing nisl ut dolor dignissim semper. Nulla luctus malesuada tincidunt. Class aptent taciti sociosqu ad litora torquent per conubia nostra, per inceptos himenaeos. Integer enim purus, posuere at ultricies eu, placerat a felis. Suspendisse aliquet urna pretium eros convallis interdum. Quisque in arcu id dui vulputate mollis eget non arcu. Aenean et nulla purus. Mauris vel tellus non nunc mattis lobortis.Nunc facilisis sagittis ullamcorper. Proin lectus ipsum, gravida et mattis vulputate, tristique ut lectus. Sed et lorem nunc. Vestibulum ante ipsum primis in faucibus orci luctus et ultrices posuere cubilia Curae; Aenean eleifend laoreet congue. Vivamus adipiscing nisl ut dolor dignissim semper. Nulla luctus malesuada tincidunt. Class aptent taciti sociosqu ad litora torquent per conubia nostra, per inceptos himenaeos. Integer enim purus, posuere at ultricies eu, placerat a felis. Suspendisse aliquet urna pretium eros convallis interdum. Quisque in arcu id dui vulputate mollis eget non arcu. Aenean et nulla purus. Mauris vel tellus non nunc mattis lobortis', '', 'Qusce Olaquam', '', ''),
(70, 2, 'Qusce Olaquam', 'Nunc facilisis sagittis ullamcorper. Proin lectus ipsum, gravida et mattis vulputate, tristique ut lectus. Sed et lorem nunc. Vestibulum ante ipsum primis in faucibus orci luctus et ultrices posuere cubilia Curae; Aenean eleifend laoreet congue. Vivamus adipiscing nisl ut dolor dignissim semper. Nulla luctus malesuada tincidunt. Class aptent taciti sociosqu ad litora torquent per conubia nostra, per inceptos himenaeos. Integer enim purus, posuere at ultricies eu, placerat a felis. Suspendisse aliquet urna pretium eros convallis interdum. Quisque in arcu id dui vulputate mollis eget non arcu. Aenean et nulla purus. Mauris vel tellus non nunc mattis lobortis.Nunc facilisis sagittis ullamcorper. Proin lectus ipsum, gravida et mattis vulputate, tristique ut lectus. Sed et lorem nunc. Vestibulum ante ipsum primis in faucibus orci luctus et ultrices posuere cubilia Curae; Aenean eleifend laoreet congue. Vivamus adipiscing nisl ut dolor dignissim semper. Nulla luctus malesuada tincidunt. Class aptent taciti sociosqu ad litora torquent per conubia nostra, per inceptos himenaeos. Integer enim purus, posuere at ultricies eu, placerat a felis. Suspendisse aliquet urna pretium eros convallis interdum. Quisque in arcu id dui vulputate mollis eget non arcu. Aenean et nulla purus. Mauris vel tellus non nunc mattis lobortis', '', 'Qusce Olaquam', '', ''),
(71, 1, 'Rocem Opsum Passages', 'Nunc facilisis sagittis ullamcorper. Proin lectus ipsum, gravida et mattis vulputate, tristique ut lectus. Sed et lorem nunc. Vestibulum ante ipsum primis in faucibus orci luctus et ultrices posuere cubilia Curae; Aenean eleifend laoreet congue. Vivamus adipiscing nisl ut dolor dignissim semper. Nulla luctus malesuada tincidunt. Class aptent taciti sociosqu ad litora torquent per conubia nostra, per inceptos himenaeos. Integer enim purus, posuere at ultricies eu, placerat a felis. Suspendisse aliquet urna pretium eros convallis interdum. Quisque in arcu id dui vulputate mollis eget non arcu. Aenean et nulla purus. Mauris vel tellus non nunc mattis lobortis.Nunc facilisis sagittis ullamcorper. Proin lectus ipsum, gravida et mattis vulputate, tristique ut lectus. Sed et lorem nunc. Vestibulum ante ipsum primis in faucibus orci luctus et ultrices posuere cubilia Curae; Aenean eleifend laoreet congue. Vivamus adipiscing nisl ut dolor dignissim semper. Nulla luctus malesuada tincidunt. Class aptent taciti sociosqu ad litora torquent per conubia nostra, per inceptos himenaeos. Integer enim purus, posuere at ultricies eu, placerat a felis. Suspendisse aliquet urna pretium eros convallis interdum. Quisque in arcu id dui vulputate mollis eget non arcu. Aenean et nulla purus. Mauris vel tellus non nunc mattis lobortis', '', 'Rocem Opsum Passages', '', ''),
(71, 2, 'Rocem Opsum Passages', 'Nunc facilisis sagittis ullamcorper. Proin lectus ipsum, gravida et mattis vulputate, tristique ut lectus. Sed et lorem nunc. Vestibulum ante ipsum primis in faucibus orci luctus et ultrices posuere cubilia Curae; Aenean eleifend laoreet congue. Vivamus adipiscing nisl ut dolor dignissim semper. Nulla luctus malesuada tincidunt. Class aptent taciti sociosqu ad litora torquent per conubia nostra, per inceptos himenaeos. Integer enim purus, posuere at ultricies eu, placerat a felis. Suspendisse aliquet urna pretium eros convallis interdum. Quisque in arcu id dui vulputate mollis eget non arcu. Aenean et nulla purus. Mauris vel tellus non nunc mattis lobortis.Nunc facilisis sagittis ullamcorper. Proin lectus ipsum, gravida et mattis vulputate, tristique ut lectus. Sed et lorem nunc. Vestibulum ante ipsum primis in faucibus orci luctus et ultrices posuere cubilia Curae; Aenean eleifend laoreet congue. Vivamus adipiscing nisl ut dolor dignissim semper. Nulla luctus malesuada tincidunt. Class aptent taciti sociosqu ad litora torquent per conubia nostra, per inceptos himenaeos. Integer enim purus, posuere at ultricies eu, placerat a felis. Suspendisse aliquet urna pretium eros convallis interdum. Quisque in arcu id dui vulputate mollis eget non arcu. Aenean et nulla purus. Mauris vel tellus non nunc mattis lobortis', '', 'Rocem Opsum Passages', '', ''),
(42, 1, 'Accumsan Elit', 'Nunc facilisis sagittis ullamcorper. Proin lectus ipsum, gravida et mattis vulputate, tristique ut lectus. Sed et lorem nunc. Vestibulum ante ipsum primis in faucibus orci luctus et ultrices posuere cubilia Curae; Aenean eleifend laoreet congue. Vivamus adipiscing nisl ut dolor dignissim semper. Nulla luctus malesuada tincidunt. Class aptent taciti sociosqu ad litora torquent per conubia nostra, per inceptos himenaeos. Integer enim purus, posuere at ultricies eu, placerat a felis. Suspendisse aliquet urna pretium eros convallis interdum. Quisque in arcu id dui vulputate mollis eget non arcu. Aenean et nulla purus. Mauris vel tellus non nunc mattis lobortis.Nunc facilisis sagittis ullamcorper. Proin lectus ipsum, gravida et mattis vulputate, tristique ut lectus. Sed et lorem nunc. Vestibulum ante ipsum primis in faucibus orci luctus et ultrices posuere cubilia Curae; Aenean eleifend laoreet congue. Vivamus adipiscing nisl ut dolor dignissim semper. Nulla luctus malesuada tincidunt. Class aptent taciti sociosqu ad litora torquent per conubia nostra, per inceptos himenaeos. Integer enim purus, posuere at ultricies eu, placerat a felis. Suspendisse aliquet urna pretium eros convallis interdum. Quisque in arcu id dui vulputate mollis eget non arcu. Aenean et nulla purus. Mauris vel tellus non nunc mattis lobortis', '', 'Accumsan Elit', '', ''),
(47, 1, 'Cas Meque Metus', 'Nunc facilisis sagittis ullamcorper. Proin lectus ipsum, gravida et mattis vulputate, tristique ut lectus. Sed et lorem nunc. Vestibulum ante ipsum primis in faucibus orci luctus et ultrices posuere cubilia Curae; Aenean eleifend laoreet congue. Vivamus adipiscing nisl ut dolor dignissim semper. Nulla luctus malesuada tincidunt. Class aptent taciti sociosqu ad litora torquent per conubia nostra, per inceptos himenaeos. Integer enim purus, posuere at ultricies eu, placerat a felis. Suspendisse aliquet urna pretium eros convallis interdum. Quisque in arcu id dui vulputate mollis eget non arcu. Aenean et nulla purus. Mauris vel tellus non nunc mattis lobortis.Nunc facilisis sagittis ullamcorper. Proin lectus ipsum, gravida et mattis vulputate, tristique ut lectus. Sed et lorem nunc. Vestibulum ante ipsum primis in faucibus orci luctus et ultrices posuere cubilia Curae; Aenean eleifend laoreet congue. Vivamus adipiscing nisl ut dolor dignissim semper. Nulla luctus malesuada tincidunt. Class aptent taciti sociosqu ad litora torquent per conubia nostra, per inceptos himenaeos. Integer enim purus, posuere at ultricies eu, placerat a felis. Suspendisse aliquet urna pretium eros convallis interdum. Quisque in arcu id dui vulputate mollis eget non arcu. Aenean et nulla purus. Mauris vel tellus non nunc mattis lobortis', '', 'Cas Meque Metus', '', ''),
(50, 1, 'Donec Oc Nempus', 'Nunc facilisis sagittis ullamcorper. Proin lectus ipsum, gravida et mattis vulputate, tristique ut lectus. Sed et lorem nunc. Vestibulum ante ipsum primis in faucibus orci luctus et ultrices posuere cubilia Curae; Aenean eleifend laoreet congue. Vivamus adipiscing nisl ut dolor dignissim semper. Nulla luctus malesuada tincidunt. Class aptent taciti sociosqu ad litora torquent per conubia nostra, per inceptos himenaeos. Integer enim purus, posuere at ultricies eu, placerat a felis. Suspendisse aliquet urna pretium eros convallis interdum. Quisque in arcu id dui vulputate mollis eget non arcu. Aenean et nulla purus. Mauris vel tellus non nunc mattis lobortis.Nunc facilisis sagittis ullamcorper. Proin lectus ipsum, gravida et mattis vulputate, tristique ut lectus. Sed et lorem nunc. Vestibulum ante ipsum primis in faucibus orci luctus et ultrices posuere cubilia Curae; Aenean eleifend laoreet congue. Vivamus adipiscing nisl ut dolor dignissim semper. Nulla luctus malesuada tincidunt. Class aptent taciti sociosqu ad litora torquent per conubia nostra, per inceptos himenaeos. Integer enim purus, posuere at ultricies eu, placerat a felis. Suspendisse aliquet urna pretium eros convallis interdum. Quisque in arcu id dui vulputate mollis eget non arcu. Aenean et nulla purus. Mauris vel tellus non nunc mattis lobortis', '', 'Donec Oc Nempus', '', ''),
(64, 1, 'Munco Facilisis', 'Nunc facilisis sagittis ullamcorper. Proin lectus ipsum, gravida et mattis vulputate, tristique ut lectus. Sed et lorem nunc. Vestibulum ante ipsum primis in faucibus orci luctus et ultrices posuere cubilia Curae; Aenean eleifend laoreet congue. Vivamus adipiscing nisl ut dolor dignissim semper. Nulla luctus malesuada tincidunt. Class aptent taciti sociosqu ad litora torquent per conubia nostra, per inceptos himenaeos. Integer enim purus, posuere at ultricies eu, placerat a felis. Suspendisse aliquet urna pretium eros convallis interdum. Quisque in arcu id dui vulputate mollis eget non arcu. Aenean et nulla purus. Mauris vel tellus non nunc mattis lobortis.Nunc facilisis sagittis ullamcorper. Proin lectus ipsum, gravida et mattis vulputate, tristique ut lectus. Sed et lorem nunc. Vestibulum ante ipsum primis in faucibus orci luctus et ultrices posuere cubilia Curae; Aenean eleifend laoreet congue. Vivamus adipiscing nisl ut dolor dignissim semper. Nulla luctus malesuada tincidunt. Class aptent taciti sociosqu ad litora torquent per conubia nostra, per inceptos himenaeos. Integer enim purus, posuere at ultricies eu, placerat a felis. Suspendisse aliquet urna pretium eros convallis interdum. Quisque in arcu id dui vulputate mollis eget non arcu. Aenean et nulla purus. Mauris vel tellus non nunc mattis lobortis', '', 'Munco Facilisis', '', ''),
(67, 1, 'Petraset Cheets', 'Nunc facilisis sagittis ullamcorper. Proin lectus ipsum, gravida et mattis vulputate, tristique ut lectus. Sed et lorem nunc. Vestibulum ante ipsum primis in faucibus orci luctus et ultrices posuere cubilia Curae; Aenean eleifend laoreet congue. Vivamus adipiscing nisl ut dolor dignissim semper. Nulla luctus malesuada tincidunt. Class aptent taciti sociosqu ad litora torquent per conubia nostra, per inceptos himenaeos. Integer enim purus, posuere at ultricies eu, placerat a felis. Suspendisse aliquet urna pretium eros convallis interdum. Quisque in arcu id dui vulputate mollis eget non arcu. Aenean et nulla purus. Mauris vel tellus non nunc mattis lobortis.Nunc facilisis sagittis ullamcorper. Proin lectus ipsum, gravida et mattis vulputate, tristique ut lectus. Sed et lorem nunc. Vestibulum ante ipsum primis in faucibus orci luctus et ultrices posuere cubilia Curae; Aenean eleifend laoreet congue. Vivamus adipiscing nisl ut dolor dignissim semper. Nulla luctus malesuada tincidunt. Class aptent taciti sociosqu ad litora torquent per conubia nostra, per inceptos himenaeos. Integer enim purus, posuere at ultricies eu, placerat a felis. Suspendisse aliquet urna pretium eros convallis interdum. Quisque in arcu id dui vulputate mollis eget non arcu. Aenean et nulla purus. Mauris vel tellus non nunc mattis lobortis', '', 'Petraset Cheets', '', ''),
(72, 2, 'Atiam Gravida', 'Nunc facilisis sagittis ullamcorper. Proin lectus ipsum, gravida et mattis vulputate, tristique ut lectus. Sed et lorem nunc. Vestibulum ante ipsum primis in faucibus orci luctus et ultrices posuere cubilia Curae; Aenean eleifend laoreet congue. Vivamus adipiscing nisl ut dolor dignissim semper. Nulla luctus malesuada tincidunt. Class aptent taciti sociosqu ad litora torquent per conubia nostra, per inceptos himenaeos. Integer enim purus, posuere at ultricies eu, placerat a felis. Suspendisse aliquet urna pretium eros convallis interdum. Quisque in arcu id dui vulputate mollis eget non arcu. Aenean et nulla purus. Mauris vel tellus non nunc mattis lobortis.Nunc facilisis sagittis ullamcorper. Proin lectus ipsum, gravida et mattis vulputate, tristique ut lectus. Sed et lorem nunc. Vestibulum ante ipsum primis in faucibus orci luctus et ultrices posuere cubilia Curae; Aenean eleifend laoreet congue. Vivamus adipiscing nisl ut dolor dignissim semper. Nulla luctus malesuada tincidunt. Class aptent taciti sociosqu ad litora torquent per conubia nostra, per inceptos himenaeos. Integer enim purus, posuere at ultricies eu, placerat a felis. Suspendisse aliquet urna pretium eros convallis interdum. Quisque in arcu id dui vulputate mollis eget non arcu. Aenean et nulla purus. Mauris vel tellus non nunc mattis lobortis', '', 'Atiam Gravida', '', ''),
(72, 1, 'Atiam Gravida', 'Nunc facilisis sagittis ullamcorper. Proin lectus ipsum, gravida et mattis vulputate, tristique ut lectus. Sed et lorem nunc. Vestibulum ante ipsum primis in faucibus orci luctus et ultrices posuere cubilia Curae; Aenean eleifend laoreet congue. Vivamus adipiscing nisl ut dolor dignissim semper. Nulla luctus malesuada tincidunt. Class aptent taciti sociosqu ad litora torquent per conubia nostra, per inceptos himenaeos. Integer enim purus, posuere at ultricies eu, placerat a felis. Suspendisse aliquet urna pretium eros convallis interdum. Quisque in arcu id dui vulputate mollis eget non arcu. Aenean et nulla purus. Mauris vel tellus non nunc mattis lobortis.Nunc facilisis sagittis ullamcorper. Proin lectus ipsum, gravida et mattis vulputate, tristique ut lectus. Sed et lorem nunc. Vestibulum ante ipsum primis in faucibus orci luctus et ultrices posuere cubilia Curae; Aenean eleifend laoreet congue. Vivamus adipiscing nisl ut dolor dignissim semper. Nulla luctus malesuada tincidunt. Class aptent taciti sociosqu ad litora torquent per conubia nostra, per inceptos himenaeos. Integer enim purus, posuere at ultricies eu, placerat a felis. Suspendisse aliquet urna pretium eros convallis interdum. Quisque in arcu id dui vulputate mollis eget non arcu. Aenean et nulla purus. Mauris vel tellus non nunc mattis lobortis', '', 'Atiam Gravida', '', ''),
(73, 2, 'Cocumsan Olit', 'Nunc facilisis sagittis ullamcorper. Proin lectus ipsum, gravida et mattis vulputate, tristique ut lectus. Sed et lorem nunc. Vestibulum ante ipsum primis in faucibus orci luctus et ultrices posuere cubilia Curae; Aenean eleifend laoreet congue. Vivamus adipiscing nisl ut dolor dignissim semper. Nulla luctus malesuada tincidunt. Class aptent taciti sociosqu ad litora torquent per conubia nostra, per inceptos himenaeos. Integer enim purus, posuere at ultricies eu, placerat a felis. Suspendisse aliquet urna pretium eros convallis interdum. Quisque in arcu id dui vulputate mollis eget non arcu. Aenean et nulla purus. Mauris vel tellus non nunc mattis lobortis.Nunc facilisis sagittis ullamcorper. Proin lectus ipsum, gravida et mattis vulputate, tristique ut lectus. Sed et lorem nunc. Vestibulum ante ipsum primis in faucibus orci luctus et ultrices posuere cubilia Curae; Aenean eleifend laoreet congue. Vivamus adipiscing nisl ut dolor dignissim semper. Nulla luctus malesuada tincidunt. Class aptent taciti sociosqu ad litora torquent per conubia nostra, per inceptos himenaeos. Integer enim purus, posuere at ultricies eu, placerat a felis. Suspendisse aliquet urna pretium eros convallis interdum. Quisque in arcu id dui vulputate mollis eget non arcu. Aenean et nulla purus. Mauris vel tellus non nunc mattis lobortis', '', 'Cocumsan Olit', '', ''),
(73, 1, 'Cocumsan Olit', 'Nunc facilisis sagittis ullamcorper. Proin lectus ipsum, gravida et mattis vulputate, tristique ut lectus. Sed et lorem nunc. Vestibulum ante ipsum primis in faucibus orci luctus et ultrices posuere cubilia Curae; Aenean eleifend laoreet congue. Vivamus adipiscing nisl ut dolor dignissim semper. Nulla luctus malesuada tincidunt. Class aptent taciti sociosqu ad litora torquent per conubia nostra, per inceptos himenaeos. Integer enim purus, posuere at ultricies eu, placerat a felis. Suspendisse aliquet urna pretium eros convallis interdum. Quisque in arcu id dui vulputate mollis eget non arcu. Aenean et nulla purus. Mauris vel tellus non nunc mattis lobortis.Nunc facilisis sagittis ullamcorper. Proin lectus ipsum, gravida et mattis vulputate, tristique ut lectus. Sed et lorem nunc. Vestibulum ante ipsum primis in faucibus orci luctus et ultrices posuere cubilia Curae; Aenean eleifend laoreet congue. Vivamus adipiscing nisl ut dolor dignissim semper. Nulla luctus malesuada tincidunt. Class aptent taciti sociosqu ad litora torquent per conubia nostra, per inceptos himenaeos. Integer enim purus, posuere at ultricies eu, placerat a felis. Suspendisse aliquet urna pretium eros convallis interdum. Quisque in arcu id dui vulputate mollis eget non arcu. Aenean et nulla purus. Mauris vel tellus non nunc mattis lobortis', '', 'Cocumsan Olit', '', '');
INSERT INTO `oc_product_description` (`product_id`, `language_id`, `name`, `description`, `tag`, `meta_title`, `meta_description`, `meta_keyword`) VALUES
(74, 1, 'Lonec Non Ost', 'Nunc facilisis sagittis ullamcorper. Proin lectus ipsum, gravida et mattis vulputate, tristique ut lectus. Sed et lorem nunc. Vestibulum ante ipsum primis in faucibus orci luctus et ultrices posuere cubilia Curae; Aenean eleifend laoreet congue. Vivamus adipiscing nisl ut dolor dignissim semper. Nulla luctus malesuada tincidunt. Class aptent taciti sociosqu ad litora torquent per conubia nostra, per inceptos himenaeos. Integer enim purus, posuere at ultricies eu, placerat a felis. Suspendisse aliquet urna pretium eros convallis interdum. Quisque in arcu id dui vulputate mollis eget non arcu. Aenean et nulla purus. Mauris vel tellus non nunc mattis lobortis.Nunc facilisis sagittis ullamcorper. Proin lectus ipsum, gravida et mattis vulputate, tristique ut lectus. Sed et lorem nunc. Vestibulum ante ipsum primis in faucibus orci luctus et ultrices posuere cubilia Curae; Aenean eleifend laoreet congue. Vivamus adipiscing nisl ut dolor dignissim semper. Nulla luctus malesuada tincidunt. Class aptent taciti sociosqu ad litora torquent per conubia nostra, per inceptos himenaeos. Integer enim purus, posuere at ultricies eu, placerat a felis. Suspendisse aliquet urna pretium eros convallis interdum. Quisque in arcu id dui vulputate mollis eget non arcu. Aenean et nulla purus. Mauris vel tellus non nunc mattis lobortis', '', 'Lonec Non Ost', '', ''),
(74, 2, 'Lonec Non Ost', 'Nunc facilisis sagittis ullamcorper. Proin lectus ipsum, gravida et mattis vulputate, tristique ut lectus. Sed et lorem nunc. Vestibulum ante ipsum primis in faucibus orci luctus et ultrices posuere cubilia Curae; Aenean eleifend laoreet congue. Vivamus adipiscing nisl ut dolor dignissim semper. Nulla luctus malesuada tincidunt. Class aptent taciti sociosqu ad litora torquent per conubia nostra, per inceptos himenaeos. Integer enim purus, posuere at ultricies eu, placerat a felis. Suspendisse aliquet urna pretium eros convallis interdum. Quisque in arcu id dui vulputate mollis eget non arcu. Aenean et nulla purus. Mauris vel tellus non nunc mattis lobortis.Nunc facilisis sagittis ullamcorper. Proin lectus ipsum, gravida et mattis vulputate, tristique ut lectus. Sed et lorem nunc. Vestibulum ante ipsum primis in faucibus orci luctus et ultrices posuere cubilia Curae; Aenean eleifend laoreet congue. Vivamus adipiscing nisl ut dolor dignissim semper. Nulla luctus malesuada tincidunt. Class aptent taciti sociosqu ad litora torquent per conubia nostra, per inceptos himenaeos. Integer enim purus, posuere at ultricies eu, placerat a felis. Suspendisse aliquet urna pretium eros convallis interdum. Quisque in arcu id dui vulputate mollis eget non arcu. Aenean et nulla purus. Mauris vel tellus non nunc mattis lobortis', '', 'Lonec Non Ost', '', ''),
(75, 1, 'Lonec Oc Tempus', 'Nunc facilisis sagittis ullamcorper. Proin lectus ipsum, gravida et mattis vulputate, tristique ut lectus. Sed et lorem nunc. Vestibulum ante ipsum primis in faucibus orci luctus et ultrices posuere cubilia Curae; Aenean eleifend laoreet congue. Vivamus adipiscing nisl ut dolor dignissim semper. Nulla luctus malesuada tincidunt. Class aptent taciti sociosqu ad litora torquent per conubia nostra, per inceptos himenaeos. Integer enim purus, posuere at ultricies eu, placerat a felis. Suspendisse aliquet urna pretium eros convallis interdum. Quisque in arcu id dui vulputate mollis eget non arcu. Aenean et nulla purus. Mauris vel tellus non nunc mattis lobortis.Nunc facilisis sagittis ullamcorper. Proin lectus ipsum, gravida et mattis vulputate, tristique ut lectus. Sed et lorem nunc. Vestibulum ante ipsum primis in faucibus orci luctus et ultrices posuere cubilia Curae; Aenean eleifend laoreet congue. Vivamus adipiscing nisl ut dolor dignissim semper. Nulla luctus malesuada tincidunt. Class aptent taciti sociosqu ad litora torquent per conubia nostra, per inceptos himenaeos. Integer enim purus, posuere at ultricies eu, placerat a felis. Suspendisse aliquet urna pretium eros convallis interdum. Quisque in arcu id dui vulputate mollis eget non arcu. Aenean et nulla purus. Mauris vel tellus non nunc mattis lobortis', '', 'Lonec Oc Tempus', '', ''),
(75, 2, 'Lonec Oc Tempus', 'Nunc facilisis sagittis ullamcorper. Proin lectus ipsum, gravida et mattis vulputate, tristique ut lectus. Sed et lorem nunc. Vestibulum ante ipsum primis in faucibus orci luctus et ultrices posuere cubilia Curae; Aenean eleifend laoreet congue. Vivamus adipiscing nisl ut dolor dignissim semper. Nulla luctus malesuada tincidunt. Class aptent taciti sociosqu ad litora torquent per conubia nostra, per inceptos himenaeos. Integer enim purus, posuere at ultricies eu, placerat a felis. Suspendisse aliquet urna pretium eros convallis interdum. Quisque in arcu id dui vulputate mollis eget non arcu. Aenean et nulla purus. Mauris vel tellus non nunc mattis lobortis.Nunc facilisis sagittis ullamcorper. Proin lectus ipsum, gravida et mattis vulputate, tristique ut lectus. Sed et lorem nunc. Vestibulum ante ipsum primis in faucibus orci luctus et ultrices posuere cubilia Curae; Aenean eleifend laoreet congue. Vivamus adipiscing nisl ut dolor dignissim semper. Nulla luctus malesuada tincidunt. Class aptent taciti sociosqu ad litora torquent per conubia nostra, per inceptos himenaeos. Integer enim purus, posuere at ultricies eu, placerat a felis. Suspendisse aliquet urna pretium eros convallis interdum. Quisque in arcu id dui vulputate mollis eget non arcu. Aenean et nulla purus. Mauris vel tellus non nunc mattis lobortis', '', 'Lonec Oc Tempus', '', ''),
(76, 2, 'Pliquam Lonsequat', 'Nunc facilisis sagittis ullamcorper. Proin lectus ipsum, gravida et mattis vulputate, tristique ut lectus. Sed et lorem nunc. Vestibulum ante ipsum primis in faucibus orci luctus et ultrices posuere cubilia Curae; Aenean eleifend laoreet congue. Vivamus adipiscing nisl ut dolor dignissim semper. Nulla luctus malesuada tincidunt. Class aptent taciti sociosqu ad litora torquent per conubia nostra, per inceptos himenaeos. Integer enim purus, posuere at ultricies eu, placerat a felis. Suspendisse aliquet urna pretium eros convallis interdum. Quisque in arcu id dui vulputate mollis eget non arcu. Aenean et nulla purus. Mauris vel tellus non nunc mattis lobortis.Nunc facilisis sagittis ullamcorper. Proin lectus ipsum, gravida et mattis vulputate, tristique ut lectus. Sed et lorem nunc. Vestibulum ante ipsum primis in faucibus orci luctus et ultrices posuere cubilia Curae; Aenean eleifend laoreet congue. Vivamus adipiscing nisl ut dolor dignissim semper. Nulla luctus malesuada tincidunt. Class aptent taciti sociosqu ad litora torquent per conubia nostra, per inceptos himenaeos. Integer enim purus, posuere at ultricies eu, placerat a felis. Suspendisse aliquet urna pretium eros convallis interdum. Quisque in arcu id dui vulputate mollis eget non arcu. Aenean et nulla purus. Mauris vel tellus non nunc mattis lobortis', '', 'Pliquam Lonsequat', '', ''),
(76, 1, 'Pliquam Lonsequat', 'Nunc facilisis sagittis ullamcorper. Proin lectus ipsum, gravida et mattis vulputate, tristique ut lectus. Sed et lorem nunc. Vestibulum ante ipsum primis in faucibus orci luctus et ultrices posuere cubilia Curae; Aenean eleifend laoreet congue. Vivamus adipiscing nisl ut dolor dignissim semper. Nulla luctus malesuada tincidunt. Class aptent taciti sociosqu ad litora torquent per conubia nostra, per inceptos himenaeos. Integer enim purus, posuere at ultricies eu, placerat a felis. Suspendisse aliquet urna pretium eros convallis interdum. Quisque in arcu id dui vulputate mollis eget non arcu. Aenean et nulla purus. Mauris vel tellus non nunc mattis lobortis.Nunc facilisis sagittis ullamcorper. Proin lectus ipsum, gravida et mattis vulputate, tristique ut lectus. Sed et lorem nunc. Vestibulum ante ipsum primis in faucibus orci luctus et ultrices posuere cubilia Curae; Aenean eleifend laoreet congue. Vivamus adipiscing nisl ut dolor dignissim semper. Nulla luctus malesuada tincidunt. Class aptent taciti sociosqu ad litora torquent per conubia nostra, per inceptos himenaeos. Integer enim purus, posuere at ultricies eu, placerat a felis. Suspendisse aliquet urna pretium eros convallis interdum. Quisque in arcu id dui vulputate mollis eget non arcu. Aenean et nulla purus. Mauris vel tellus non nunc mattis lobortis', '', 'Pliquam Lonsequat', '', ''),
(77, 1, 'Tas Neque Oetus', 'Nunc facilisis sagittis ullamcorper. Proin lectus ipsum, gravida et mattis vulputate, tristique ut lectus. Sed et lorem nunc. Vestibulum ante ipsum primis in faucibus orci luctus et ultrices posuere cubilia Curae; Aenean eleifend laoreet congue. Vivamus adipiscing nisl ut dolor dignissim semper. Nulla luctus malesuada tincidunt. Class aptent taciti sociosqu ad litora torquent per conubia nostra, per inceptos himenaeos. Integer enim purus, posuere at ultricies eu, placerat a felis. Suspendisse aliquet urna pretium eros convallis interdum. Quisque in arcu id dui vulputate mollis eget non arcu. Aenean et nulla purus. Mauris vel tellus non nunc mattis lobortis.Nunc facilisis sagittis ullamcorper. Proin lectus ipsum, gravida et mattis vulputate, tristique ut lectus. Sed et lorem nunc. Vestibulum ante ipsum primis in faucibus orci luctus et ultrices posuere cubilia Curae; Aenean eleifend laoreet congue. Vivamus adipiscing nisl ut dolor dignissim semper. Nulla luctus malesuada tincidunt. Class aptent taciti sociosqu ad litora torquent per conubia nostra, per inceptos himenaeos. Integer enim purus, posuere at ultricies eu, placerat a felis. Suspendisse aliquet urna pretium eros convallis interdum. Quisque in arcu id dui vulputate mollis eget non arcu. Aenean et nulla purus. Mauris vel tellus non nunc mattis lobortis', '', 'Tas Neque Oetus', '', ''),
(77, 2, 'Tas Neque Oetus', 'Nunc facilisis sagittis ullamcorper. Proin lectus ipsum, gravida et mattis vulputate, tristique ut lectus. Sed et lorem nunc. Vestibulum ante ipsum primis in faucibus orci luctus et ultrices posuere cubilia Curae; Aenean eleifend laoreet congue. Vivamus adipiscing nisl ut dolor dignissim semper. Nulla luctus malesuada tincidunt. Class aptent taciti sociosqu ad litora torquent per conubia nostra, per inceptos himenaeos. Integer enim purus, posuere at ultricies eu, placerat a felis. Suspendisse aliquet urna pretium eros convallis interdum. Quisque in arcu id dui vulputate mollis eget non arcu. Aenean et nulla purus. Mauris vel tellus non nunc mattis lobortis.Nunc facilisis sagittis ullamcorper. Proin lectus ipsum, gravida et mattis vulputate, tristique ut lectus. Sed et lorem nunc. Vestibulum ante ipsum primis in faucibus orci luctus et ultrices posuere cubilia Curae; Aenean eleifend laoreet congue. Vivamus adipiscing nisl ut dolor dignissim semper. Nulla luctus malesuada tincidunt. Class aptent taciti sociosqu ad litora torquent per conubia nostra, per inceptos himenaeos. Integer enim purus, posuere at ultricies eu, placerat a felis. Suspendisse aliquet urna pretium eros convallis interdum. Quisque in arcu id dui vulputate mollis eget non arcu. Aenean et nulla purus. Mauris vel tellus non nunc mattis lobortis', '', 'Tas Neque Oetus', '', ''),
(78, 2, 'Tetraset Sheets', 'Nunc facilisis sagittis ullamcorper. Proin lectus ipsum, gravida et mattis vulputate, tristique ut lectus. Sed et lorem nunc. Vestibulum ante ipsum primis in faucibus orci luctus et ultrices posuere cubilia Curae; Aenean eleifend laoreet congue. Vivamus adipiscing nisl ut dolor dignissim semper. Nulla luctus malesuada tincidunt. Class aptent taciti sociosqu ad litora torquent per conubia nostra, per inceptos himenaeos. Integer enim purus, posuere at ultricies eu, placerat a felis. Suspendisse aliquet urna pretium eros convallis interdum. Quisque in arcu id dui vulputate mollis eget non arcu. Aenean et nulla purus. Mauris vel tellus non nunc mattis lobortis.Nunc facilisis sagittis ullamcorper. Proin lectus ipsum, gravida et mattis vulputate, tristique ut lectus. Sed et lorem nunc. Vestibulum ante ipsum primis in faucibus orci luctus et ultrices posuere cubilia Curae; Aenean eleifend laoreet congue. Vivamus adipiscing nisl ut dolor dignissim semper. Nulla luctus malesuada tincidunt. Class aptent taciti sociosqu ad litora torquent per conubia nostra, per inceptos himenaeos. Integer enim purus, posuere at ultricies eu, placerat a felis. Suspendisse aliquet urna pretium eros convallis interdum. Quisque in arcu id dui vulputate mollis eget non arcu. Aenean et nulla purus. Mauris vel tellus non nunc mattis lobortis', '', 'Tetraset Sheets', '', ''),
(78, 1, 'Tetraset Sheets', 'Nunc facilisis sagittis ullamcorper. Proin lectus ipsum, gravida et mattis vulputate, tristique ut lectus. Sed et lorem nunc. Vestibulum ante ipsum primis in faucibus orci luctus et ultrices posuere cubilia Curae; Aenean eleifend laoreet congue. Vivamus adipiscing nisl ut dolor dignissim semper. Nulla luctus malesuada tincidunt. Class aptent taciti sociosqu ad litora torquent per conubia nostra, per inceptos himenaeos. Integer enim purus, posuere at ultricies eu, placerat a felis. Suspendisse aliquet urna pretium eros convallis interdum. Quisque in arcu id dui vulputate mollis eget non arcu. Aenean et nulla purus. Mauris vel tellus non nunc mattis lobortis.Nunc facilisis sagittis ullamcorper. Proin lectus ipsum, gravida et mattis vulputate, tristique ut lectus. Sed et lorem nunc. Vestibulum ante ipsum primis in faucibus orci luctus et ultrices posuere cubilia Curae; Aenean eleifend laoreet congue. Vivamus adipiscing nisl ut dolor dignissim semper. Nulla luctus malesuada tincidunt. Class aptent taciti sociosqu ad litora torquent per conubia nostra, per inceptos himenaeos. Integer enim purus, posuere at ultricies eu, placerat a felis. Suspendisse aliquet urna pretium eros convallis interdum. Quisque in arcu id dui vulputate mollis eget non arcu. Aenean et nulla purus. Mauris vel tellus non nunc mattis lobortis', '', 'Tetraset Sheets', '', ''),
(79, 1, 'Torem Opsum', 'Nunc facilisis sagittis ullamcorper. Proin lectus ipsum, gravida et mattis vulputate, tristique ut lectus. Sed et lorem nunc. Vestibulum ante ipsum primis in faucibus orci luctus et ultrices posuere cubilia Curae; Aenean eleifend laoreet congue. Vivamus adipiscing nisl ut dolor dignissim semper. Nulla luctus malesuada tincidunt. Class aptent taciti sociosqu ad litora torquent per conubia nostra, per inceptos himenaeos. Integer enim purus, posuere at ultricies eu, placerat a felis. Suspendisse aliquet urna pretium eros convallis interdum. Quisque in arcu id dui vulputate mollis eget non arcu. Aenean et nulla purus. Mauris vel tellus non nunc mattis lobortis.Nunc facilisis sagittis ullamcorper. Proin lectus ipsum, gravida et mattis vulputate, tristique ut lectus. Sed et lorem nunc. Vestibulum ante ipsum primis in faucibus orci luctus et ultrices posuere cubilia Curae; Aenean eleifend laoreet congue. Vivamus adipiscing nisl ut dolor dignissim semper. Nulla luctus malesuada tincidunt. Class aptent taciti sociosqu ad litora torquent per conubia nostra, per inceptos himenaeos. Integer enim purus, posuere at ultricies eu, placerat a felis. Suspendisse aliquet urna pretium eros convallis interdum. Quisque in arcu id dui vulputate mollis eget non arcu. Aenean et nulla purus. Mauris vel tellus non nunc mattis lobortis', '', 'Torem Opsum', '', ''),
(79, 2, 'Torem Opsum', 'Nunc facilisis sagittis ullamcorper. Proin lectus ipsum, gravida et mattis vulputate, tristique ut lectus. Sed et lorem nunc. Vestibulum ante ipsum primis in faucibus orci luctus et ultrices posuere cubilia Curae; Aenean eleifend laoreet congue. Vivamus adipiscing nisl ut dolor dignissim semper. Nulla luctus malesuada tincidunt. Class aptent taciti sociosqu ad litora torquent per conubia nostra, per inceptos himenaeos. Integer enim purus, posuere at ultricies eu, placerat a felis. Suspendisse aliquet urna pretium eros convallis interdum. Quisque in arcu id dui vulputate mollis eget non arcu. Aenean et nulla purus. Mauris vel tellus non nunc mattis lobortis.Nunc facilisis sagittis ullamcorper. Proin lectus ipsum, gravida et mattis vulputate, tristique ut lectus. Sed et lorem nunc. Vestibulum ante ipsum primis in faucibus orci luctus et ultrices posuere cubilia Curae; Aenean eleifend laoreet congue. Vivamus adipiscing nisl ut dolor dignissim semper. Nulla luctus malesuada tincidunt. Class aptent taciti sociosqu ad litora torquent per conubia nostra, per inceptos himenaeos. Integer enim purus, posuere at ultricies eu, placerat a felis. Suspendisse aliquet urna pretium eros convallis interdum. Quisque in arcu id dui vulputate mollis eget non arcu. Aenean et nulla purus. Mauris vel tellus non nunc mattis lobortis', '', 'Torem Opsum', '', ''),
(80, 2, 'Torem Opsum Passages', 'Nunc facilisis sagittis ullamcorper. Proin lectus ipsum, gravida et mattis vulputate, tristique ut lectus. Sed et lorem nunc. Vestibulum ante ipsum primis in faucibus orci luctus et ultrices posuere cubilia Curae; Aenean eleifend laoreet congue. Vivamus adipiscing nisl ut dolor dignissim semper. Nulla luctus malesuada tincidunt. Class aptent taciti sociosqu ad litora torquent per conubia nostra, per inceptos himenaeos. Integer enim purus, posuere at ultricies eu, placerat a felis. Suspendisse aliquet urna pretium eros convallis interdum. Quisque in arcu id dui vulputate mollis eget non arcu. Aenean et nulla purus. Mauris vel tellus non nunc mattis lobortis.Nunc facilisis sagittis ullamcorper. Proin lectus ipsum, gravida et mattis vulputate, tristique ut lectus. Sed et lorem nunc. Vestibulum ante ipsum primis in faucibus orci luctus et ultrices posuere cubilia Curae; Aenean eleifend laoreet congue. Vivamus adipiscing nisl ut dolor dignissim semper. Nulla luctus malesuada tincidunt. Class aptent taciti sociosqu ad litora torquent per conubia nostra, per inceptos himenaeos. Integer enim purus, posuere at ultricies eu, placerat a felis. Suspendisse aliquet urna pretium eros convallis interdum. Quisque in arcu id dui vulputate mollis eget non arcu. Aenean et nulla purus. Mauris vel tellus non nunc mattis lobortis', '', 'Torem Opsum Passages', '', ''),
(80, 1, 'Torem Opsum Passages', 'Nunc facilisis sagittis ullamcorper. Proin lectus ipsum, gravida et mattis vulputate, tristique ut lectus. Sed et lorem nunc. Vestibulum ante ipsum primis in faucibus orci luctus et ultrices posuere cubilia Curae; Aenean eleifend laoreet congue. Vivamus adipiscing nisl ut dolor dignissim semper. Nulla luctus malesuada tincidunt. Class aptent taciti sociosqu ad litora torquent per conubia nostra, per inceptos himenaeos. Integer enim purus, posuere at ultricies eu, placerat a felis. Suspendisse aliquet urna pretium eros convallis interdum. Quisque in arcu id dui vulputate mollis eget non arcu. Aenean et nulla purus. Mauris vel tellus non nunc mattis lobortis.Nunc facilisis sagittis ullamcorper. Proin lectus ipsum, gravida et mattis vulputate, tristique ut lectus. Sed et lorem nunc. Vestibulum ante ipsum primis in faucibus orci luctus et ultrices posuere cubilia Curae; Aenean eleifend laoreet congue. Vivamus adipiscing nisl ut dolor dignissim semper. Nulla luctus malesuada tincidunt. Class aptent taciti sociosqu ad litora torquent per conubia nostra, per inceptos himenaeos. Integer enim purus, posuere at ultricies eu, placerat a felis. Suspendisse aliquet urna pretium eros convallis interdum. Quisque in arcu id dui vulputate mollis eget non arcu. Aenean et nulla purus. Mauris vel tellus non nunc mattis lobortis', '', 'Torem Opsum Passages', '', ''),
(81, 2, 'Trimis In Faucibus', 'Nunc facilisis sagittis ullamcorper. Proin lectus ipsum, gravida et mattis vulputate, tristique ut lectus. Sed et lorem nunc. Vestibulum ante ipsum primis in faucibus orci luctus et ultrices posuere cubilia Curae; Aenean eleifend laoreet congue. Vivamus adipiscing nisl ut dolor dignissim semper. Nulla luctus malesuada tincidunt. Class aptent taciti sociosqu ad litora torquent per conubia nostra, per inceptos himenaeos. Integer enim purus, posuere at ultricies eu, placerat a felis. Suspendisse aliquet urna pretium eros convallis interdum. Quisque in arcu id dui vulputate mollis eget non arcu. Aenean et nulla purus. Mauris vel tellus non nunc mattis lobortis.Nunc facilisis sagittis ullamcorper. Proin lectus ipsum, gravida et mattis vulputate, tristique ut lectus. Sed et lorem nunc. Vestibulum ante ipsum primis in faucibus orci luctus et ultrices posuere cubilia Curae; Aenean eleifend laoreet congue. Vivamus adipiscing nisl ut dolor dignissim semper. Nulla luctus malesuada tincidunt. Class aptent taciti sociosqu ad litora torquent per conubia nostra, per inceptos himenaeos. Integer enim purus, posuere at ultricies eu, placerat a felis. Suspendisse aliquet urna pretium eros convallis interdum. Quisque in arcu id dui vulputate mollis eget non arcu. Aenean et nulla purus. Mauris vel tellus non nunc mattis lobortis', '', 'Trimis In Faucibus', '', ''),
(81, 1, 'Trimis In Faucibus', 'Nunc facilisis sagittis ullamcorper. Proin lectus ipsum, gravida et mattis vulputate, tristique ut lectus. Sed et lorem nunc. Vestibulum ante ipsum primis in faucibus orci luctus et ultrices posuere cubilia Curae; Aenean eleifend laoreet congue. Vivamus adipiscing nisl ut dolor dignissim semper. Nulla luctus malesuada tincidunt. Class aptent taciti sociosqu ad litora torquent per conubia nostra, per inceptos himenaeos. Integer enim purus, posuere at ultricies eu, placerat a felis. Suspendisse aliquet urna pretium eros convallis interdum. Quisque in arcu id dui vulputate mollis eget non arcu. Aenean et nulla purus. Mauris vel tellus non nunc mattis lobortis.Nunc facilisis sagittis ullamcorper. Proin lectus ipsum, gravida et mattis vulputate, tristique ut lectus. Sed et lorem nunc. Vestibulum ante ipsum primis in faucibus orci luctus et ultrices posuere cubilia Curae; Aenean eleifend laoreet congue. Vivamus adipiscing nisl ut dolor dignissim semper. Nulla luctus malesuada tincidunt. Class aptent taciti sociosqu ad litora torquent per conubia nostra, per inceptos himenaeos. Integer enim purus, posuere at ultricies eu, placerat a felis. Suspendisse aliquet urna pretium eros convallis interdum. Quisque in arcu id dui vulputate mollis eget non arcu. Aenean et nulla purus. Mauris vel tellus non nunc mattis lobortis', '', 'Trimis In Faucibus', '', ''),
(82, 2, 'Troin Lectus Opsum', 'Nunc facilisis sagittis ullamcorper. Proin lectus ipsum, gravida et mattis vulputate, tristique ut lectus. Sed et lorem nunc. Vestibulum ante ipsum primis in faucibus orci luctus et ultrices posuere cubilia Curae; Aenean eleifend laoreet congue. Vivamus adipiscing nisl ut dolor dignissim semper. Nulla luctus malesuada tincidunt. Class aptent taciti sociosqu ad litora torquent per conubia nostra, per inceptos himenaeos. Integer enim purus, posuere at ultricies eu, placerat a felis. Suspendisse aliquet urna pretium eros convallis interdum. Quisque in arcu id dui vulputate mollis eget non arcu. Aenean et nulla purus. Mauris vel tellus non nunc mattis lobortis.Nunc facilisis sagittis ullamcorper. Proin lectus ipsum, gravida et mattis vulputate, tristique ut lectus. Sed et lorem nunc. Vestibulum ante ipsum primis in faucibus orci luctus et ultrices posuere cubilia Curae; Aenean eleifend laoreet congue. Vivamus adipiscing nisl ut dolor dignissim semper. Nulla luctus malesuada tincidunt. Class aptent taciti sociosqu ad litora torquent per conubia nostra, per inceptos himenaeos. Integer enim purus, posuere at ultricies eu, placerat a felis. Suspendisse aliquet urna pretium eros convallis interdum. Quisque in arcu id dui vulputate mollis eget non arcu. Aenean et nulla purus. Mauris vel tellus non nunc mattis lobortis', '', 'Troin Lectus Opsum', '', ''),
(82, 1, 'Troin Lectus Opsum', 'Nunc facilisis sagittis ullamcorper. Proin lectus ipsum, gravida et mattis vulputate, tristique ut lectus. Sed et lorem nunc. Vestibulum ante ipsum primis in faucibus orci luctus et ultrices posuere cubilia Curae; Aenean eleifend laoreet congue. Vivamus adipiscing nisl ut dolor dignissim semper. Nulla luctus malesuada tincidunt. Class aptent taciti sociosqu ad litora torquent per conubia nostra, per inceptos himenaeos. Integer enim purus, posuere at ultricies eu, placerat a felis. Suspendisse aliquet urna pretium eros convallis interdum. Quisque in arcu id dui vulputate mollis eget non arcu. Aenean et nulla purus. Mauris vel tellus non nunc mattis lobortis.Nunc facilisis sagittis ullamcorper. Proin lectus ipsum, gravida et mattis vulputate, tristique ut lectus. Sed et lorem nunc. Vestibulum ante ipsum primis in faucibus orci luctus et ultrices posuere cubilia Curae; Aenean eleifend laoreet congue. Vivamus adipiscing nisl ut dolor dignissim semper. Nulla luctus malesuada tincidunt. Class aptent taciti sociosqu ad litora torquent per conubia nostra, per inceptos himenaeos. Integer enim purus, posuere at ultricies eu, placerat a felis. Suspendisse aliquet urna pretium eros convallis interdum. Quisque in arcu id dui vulputate mollis eget non arcu. Aenean et nulla purus. Mauris vel tellus non nunc mattis lobortis', '', 'Troin Lectus Opsum', '', ''),
(83, 2, 'Tuisque In Orcu', 'Nunc facilisis sagittis ullamcorper. Proin lectus ipsum, gravida et mattis vulputate, tristique ut lectus. Sed et lorem nunc. Vestibulum ante ipsum primis in faucibus orci luctus et ultrices posuere cubilia Curae; Aenean eleifend laoreet congue. Vivamus adipiscing nisl ut dolor dignissim semper. Nulla luctus malesuada tincidunt. Class aptent taciti sociosqu ad litora torquent per conubia nostra, per inceptos himenaeos. Integer enim purus, posuere at ultricies eu, placerat a felis. Suspendisse aliquet urna pretium eros convallis interdum. Quisque in arcu id dui vulputate mollis eget non arcu. Aenean et nulla purus. Mauris vel tellus non nunc mattis lobortis.Nunc facilisis sagittis ullamcorper. Proin lectus ipsum, gravida et mattis vulputate, tristique ut lectus. Sed et lorem nunc. Vestibulum ante ipsum primis in faucibus orci luctus et ultrices posuere cubilia Curae; Aenean eleifend laoreet congue. Vivamus adipiscing nisl ut dolor dignissim semper. Nulla luctus malesuada tincidunt. Class aptent taciti sociosqu ad litora torquent per conubia nostra, per inceptos himenaeos. Integer enim purus, posuere at ultricies eu, placerat a felis. Suspendisse aliquet urna pretium eros convallis interdum. Quisque in arcu id dui vulputate mollis eget non arcu. Aenean et nulla purus. Mauris vel tellus non nunc mattis lobortis', '', 'Tuisque In Orcu', '', ''),
(83, 1, 'Tuisque In Orcu', 'Nunc facilisis sagittis ullamcorper. Proin lectus ipsum, gravida et mattis vulputate, tristique ut lectus. Sed et lorem nunc. Vestibulum ante ipsum primis in faucibus orci luctus et ultrices posuere cubilia Curae; Aenean eleifend laoreet congue. Vivamus adipiscing nisl ut dolor dignissim semper. Nulla luctus malesuada tincidunt. Class aptent taciti sociosqu ad litora torquent per conubia nostra, per inceptos himenaeos. Integer enim purus, posuere at ultricies eu, placerat a felis. Suspendisse aliquet urna pretium eros convallis interdum. Quisque in arcu id dui vulputate mollis eget non arcu. Aenean et nulla purus. Mauris vel tellus non nunc mattis lobortis.Nunc facilisis sagittis ullamcorper. Proin lectus ipsum, gravida et mattis vulputate, tristique ut lectus. Sed et lorem nunc. Vestibulum ante ipsum primis in faucibus orci luctus et ultrices posuere cubilia Curae; Aenean eleifend laoreet congue. Vivamus adipiscing nisl ut dolor dignissim semper. Nulla luctus malesuada tincidunt. Class aptent taciti sociosqu ad litora torquent per conubia nostra, per inceptos himenaeos. Integer enim purus, posuere at ultricies eu, placerat a felis. Suspendisse aliquet urna pretium eros convallis interdum. Quisque in arcu id dui vulputate mollis eget non arcu. Aenean et nulla purus. Mauris vel tellus non nunc mattis lobortis', '', 'Tuisque In Orcu', '', ''),
(28, 1, 'Donec Ac Tempus', 'Nunc facilisis sagittis ullamcorper. Proin lectus ipsum, gravida et mattis vulputate, tristique ut lectus. Sed et lorem nunc. Vestibulum ante ipsum primis in faucibus orci luctus et ultrices posuere cubilia Curae; Aenean eleifend laoreet congue. Vivamus adipiscing nisl ut dolor dignissim semper. Nulla luctus malesuada tincidunt. Class aptent taciti sociosqu ad litora torquent per conubia nostra, per inceptos himenaeos. Integer enim purus, posuere at ultricies eu, placerat a felis. Suspendisse aliquet urna pretium eros convallis interdum. Quisque in arcu id dui vulputate mollis eget non arcu. Aenean et nulla purus. Mauris vel tellus non nunc mattis lobortis.Nunc facilisis sagittis ullamcorper. Proin lectus ipsum, gravida et mattis vulputate, tristique ut lectus. Sed et lorem nunc. Vestibulum ante ipsum primis in faucibus orci luctus et ultrices posuere cubilia Curae; Aenean eleifend laoreet congue. Vivamus adipiscing nisl ut dolor dignissim semper. Nulla luctus malesuada tincidunt. Class aptent taciti sociosqu ad litora torquent per conubia nostra, per inceptos himenaeos. Integer enim purus, posuere at ultricies eu, placerat a felis. Suspendisse aliquet urna pretium eros convallis interdum. Quisque in arcu id dui vulputate mollis eget non arcu. Aenean et nulla purus. Mauris vel tellus non nunc mattis lobortis', '', 'Donec Ac Tempus', '', ''),
(54, 1, 'Munc Acilisis', 'Nunc facilisis sagittis ullamcorper. Proin lectus ipsum, gravida et mattis vulputate, tristique ut lectus. Sed et lorem nunc. Vestibulum ante ipsum primis in faucibus orci luctus et ultrices posuere cubilia Curae; Aenean eleifend laoreet congue. Vivamus adipiscing nisl ut dolor dignissim semper. Nulla luctus malesuada tincidunt. Class aptent taciti sociosqu ad litora torquent per conubia nostra, per inceptos himenaeos. Integer enim purus, posuere at ultricies eu, placerat a felis. Suspendisse aliquet urna pretium eros convallis interdum. Quisque in arcu id dui vulputate mollis eget non arcu. Aenean et nulla purus. Mauris vel tellus non nunc mattis lobortis.Nunc facilisis sagittis ullamcorper. Proin lectus ipsum, gravida et mattis vulputate, tristique ut lectus. Sed et lorem nunc. Vestibulum ante ipsum primis in faucibus orci luctus et ultrices posuere cubilia Curae; Aenean eleifend laoreet congue. Vivamus adipiscing nisl ut dolor dignissim semper. Nulla luctus malesuada tincidunt. Class aptent taciti sociosqu ad litora torquent per conubia nostra, per inceptos himenaeos. Integer enim purus, posuere at ultricies eu, placerat a felis. Suspendisse aliquet urna pretium eros convallis interdum. Quisque in arcu id dui vulputate mollis eget non arcu. Aenean et nulla purus. Mauris vel tellus non nunc mattis lobortis', '', 'Munc Acilisis', '', '');

-- --------------------------------------------------------

--
-- Table structure for table `oc_product_discount`
--

CREATE TABLE `oc_product_discount` (
  `product_discount_id` int(11) NOT NULL,
  `product_id` int(11) NOT NULL,
  `customer_group_id` int(11) NOT NULL,
  `quantity` int(4) NOT NULL DEFAULT '0',
  `priority` int(5) NOT NULL DEFAULT '1',
  `price` decimal(15,4) NOT NULL DEFAULT '0.0000',
  `date_start` date NOT NULL DEFAULT '0000-00-00',
  `date_end` date NOT NULL DEFAULT '0000-00-00'
) ENGINE=MyISAM DEFAULT CHARSET=utf8;

--
-- Dumping data for table `oc_product_discount`
--

INSERT INTO `oc_product_discount` (`product_discount_id`, `product_id`, `customer_group_id`, `quantity`, `priority`, `price`, `date_start`, `date_end`) VALUES
(467, 42, 1, 30, 1, '66.0000', '0000-00-00', '0000-00-00'),
(466, 42, 1, 20, 1, '77.0000', '0000-00-00', '0000-00-00'),
(465, 42, 1, 10, 1, '88.0000', '0000-00-00', '0000-00-00'),
(497, 50, 1, 30, 1, '66.0000', '0000-00-00', '0000-00-00'),
(496, 50, 1, 20, 1, '77.0000', '0000-00-00', '0000-00-00'),
(495, 50, 1, 10, 1, '88.0000', '0000-00-00', '0000-00-00'),
(494, 62, 1, 30, 1, '66.0000', '0000-00-00', '0000-00-00'),
(493, 62, 1, 20, 1, '77.0000', '0000-00-00', '0000-00-00'),
(492, 62, 1, 10, 1, '88.0000', '0000-00-00', '0000-00-00'),
(488, 72, 1, 30, 1, '66.0000', '0000-00-00', '0000-00-00'),
(487, 72, 1, 20, 1, '77.0000', '0000-00-00', '0000-00-00'),
(486, 72, 1, 10, 1, '88.0000', '0000-00-00', '0000-00-00');

-- --------------------------------------------------------

--
-- Table structure for table `oc_product_filter`
--

CREATE TABLE `oc_product_filter` (
  `product_id` int(11) NOT NULL,
  `filter_id` int(11) NOT NULL
) ENGINE=MyISAM DEFAULT CHARSET=utf8;

--
-- Dumping data for table `oc_product_filter`
--

INSERT INTO `oc_product_filter` (`product_id`, `filter_id`) VALUES
(28, 1),
(28, 2),
(28, 3),
(28, 4),
(28, 5),
(28, 6),
(28, 7),
(28, 9),
(28, 10),
(28, 11),
(28, 12),
(28, 13),
(30, 1),
(30, 2),
(30, 3),
(30, 4),
(30, 5),
(30, 6),
(30, 7),
(30, 9),
(30, 10),
(30, 11),
(30, 12),
(30, 13),
(34, 1),
(34, 2),
(34, 3),
(34, 4),
(34, 5),
(34, 6),
(34, 7),
(34, 9),
(34, 10),
(34, 11),
(34, 12),
(34, 13),
(36, 1),
(36, 2),
(36, 3),
(36, 4),
(36, 5),
(36, 6),
(36, 7),
(36, 9),
(36, 10),
(36, 11),
(36, 12),
(36, 13),
(40, 1),
(40, 2),
(40, 3),
(40, 4),
(40, 5),
(40, 6),
(40, 7),
(40, 9),
(40, 10),
(40, 11),
(40, 12),
(40, 13),
(41, 1),
(41, 2),
(41, 3),
(41, 4),
(41, 5),
(41, 6),
(41, 7),
(41, 9),
(41, 10),
(41, 11),
(41, 12),
(41, 13),
(42, 1),
(42, 2),
(42, 3),
(42, 4),
(42, 5),
(42, 6),
(42, 7),
(42, 9),
(42, 10),
(42, 11),
(42, 12),
(42, 13),
(43, 1),
(43, 2),
(43, 3),
(43, 4),
(43, 5),
(43, 6),
(43, 7),
(43, 9),
(43, 10),
(43, 11),
(43, 12),
(43, 13),
(44, 1),
(44, 2),
(44, 3),
(44, 4),
(44, 5),
(44, 6),
(44, 7),
(44, 9),
(44, 10),
(44, 11),
(44, 12),
(44, 13),
(47, 1),
(47, 2),
(47, 3),
(47, 4),
(47, 5),
(47, 6),
(47, 7),
(47, 9),
(47, 10),
(47, 11),
(47, 12),
(47, 13),
(48, 1),
(48, 2),
(48, 3),
(48, 4),
(48, 5),
(48, 6),
(48, 7),
(48, 9),
(48, 10),
(48, 11),
(48, 12),
(48, 13),
(50, 1),
(50, 2),
(50, 3),
(50, 4),
(50, 5),
(50, 6),
(50, 7),
(50, 9),
(50, 10),
(50, 11),
(50, 12),
(50, 13),
(51, 1),
(51, 2),
(51, 3),
(51, 4),
(51, 5),
(51, 6),
(51, 7),
(51, 9),
(51, 10),
(51, 11),
(51, 12),
(51, 13),
(52, 1),
(52, 2),
(52, 3),
(52, 4),
(52, 5),
(52, 6),
(52, 7),
(52, 9),
(52, 10),
(52, 11),
(52, 12),
(52, 13),
(53, 1),
(53, 2),
(53, 3),
(53, 4),
(53, 5),
(53, 6),
(53, 7),
(53, 9),
(53, 10),
(53, 11),
(53, 12),
(53, 13),
(54, 1),
(54, 2),
(54, 3),
(54, 4),
(54, 5),
(54, 6),
(54, 7),
(54, 9),
(54, 10),
(54, 11),
(54, 12),
(54, 13),
(55, 1),
(55, 2),
(55, 3),
(55, 4),
(55, 5),
(55, 6),
(55, 7),
(55, 9),
(55, 10),
(55, 11),
(55, 12),
(55, 13),
(56, 1),
(56, 2),
(56, 3),
(56, 4),
(56, 5),
(56, 6),
(56, 7),
(56, 9),
(56, 10),
(56, 11),
(56, 12),
(56, 13),
(57, 1),
(57, 2),
(57, 3),
(57, 4),
(57, 5),
(57, 6),
(57, 7),
(57, 9),
(57, 10),
(57, 11),
(57, 12),
(57, 13),
(58, 1),
(58, 2),
(58, 3),
(58, 4),
(58, 5),
(58, 6),
(58, 7),
(58, 9),
(58, 10),
(58, 11),
(58, 12),
(58, 13),
(60, 1),
(60, 2),
(60, 3),
(60, 4),
(60, 5),
(60, 6),
(60, 7),
(60, 9),
(60, 10),
(60, 11),
(60, 12),
(60, 13),
(61, 1),
(61, 2),
(61, 3),
(61, 4),
(61, 5),
(61, 6),
(61, 7),
(61, 9),
(61, 10),
(61, 11),
(61, 12),
(61, 13),
(62, 1),
(62, 2),
(62, 3),
(62, 4),
(62, 5),
(62, 6),
(62, 7),
(62, 9),
(62, 10),
(62, 11),
(62, 12),
(62, 13),
(63, 1),
(63, 2),
(63, 3),
(63, 4),
(63, 5),
(63, 6),
(63, 7),
(63, 9),
(63, 10),
(63, 11),
(63, 12),
(63, 13),
(64, 1),
(64, 2),
(64, 3),
(64, 4),
(64, 5),
(64, 6),
(64, 7),
(64, 9),
(64, 10),
(64, 11),
(64, 12),
(64, 13),
(65, 1),
(65, 2),
(65, 3),
(65, 4),
(65, 5),
(65, 6),
(65, 7),
(65, 9),
(65, 10),
(65, 11),
(65, 12),
(65, 13),
(66, 1),
(66, 2),
(66, 3),
(66, 4),
(66, 5),
(66, 6),
(66, 7),
(66, 9),
(66, 10),
(66, 11),
(66, 12),
(66, 13),
(67, 1),
(67, 2),
(67, 3),
(67, 4),
(67, 5),
(67, 6),
(67, 7),
(67, 9),
(67, 10),
(67, 11),
(67, 12),
(67, 13),
(68, 1),
(68, 2),
(68, 3),
(68, 4),
(68, 5),
(68, 6),
(68, 7),
(68, 9),
(68, 10),
(68, 11),
(68, 12),
(68, 13),
(69, 1),
(69, 2),
(69, 3),
(69, 4),
(69, 5),
(69, 6),
(69, 7),
(69, 9),
(69, 10),
(69, 11),
(69, 12),
(69, 13),
(70, 1),
(70, 2),
(70, 3),
(70, 4),
(70, 5),
(70, 6),
(70, 7),
(70, 9),
(70, 10),
(70, 11),
(70, 12),
(70, 13),
(71, 1),
(71, 2),
(71, 3),
(71, 4),
(71, 5),
(71, 6),
(71, 7),
(71, 9),
(71, 10),
(71, 11),
(71, 12),
(71, 13),
(72, 1),
(72, 2),
(72, 3),
(72, 4),
(72, 5),
(72, 6),
(72, 7),
(72, 9),
(72, 10),
(72, 11),
(72, 12),
(72, 13),
(73, 1),
(73, 2),
(73, 3),
(73, 4),
(73, 5),
(73, 6),
(73, 7),
(73, 9),
(73, 10),
(73, 11),
(73, 12),
(73, 13),
(74, 1),
(74, 2),
(74, 3),
(74, 4),
(74, 5),
(74, 6),
(74, 7),
(74, 9),
(74, 10),
(74, 11),
(74, 12),
(74, 13),
(75, 1),
(75, 2),
(75, 3),
(75, 4),
(75, 5),
(75, 6),
(75, 7),
(75, 9),
(75, 10),
(75, 11),
(75, 12),
(75, 13),
(76, 1),
(76, 2),
(76, 3),
(76, 4),
(76, 5),
(76, 6),
(76, 7),
(76, 9),
(76, 10),
(76, 11),
(76, 12),
(76, 13),
(77, 1),
(77, 2),
(77, 3),
(77, 4),
(77, 5),
(77, 6),
(77, 7),
(77, 9),
(77, 10),
(77, 11),
(77, 12),
(77, 13),
(78, 1),
(78, 2),
(78, 3),
(78, 4),
(78, 5),
(78, 6),
(78, 7),
(78, 9),
(78, 10),
(78, 11),
(78, 12),
(78, 13),
(79, 1),
(79, 2),
(79, 3),
(79, 4),
(79, 5),
(79, 6),
(79, 7),
(79, 9),
(79, 10),
(79, 11),
(79, 12),
(79, 13),
(80, 1),
(80, 2),
(80, 3),
(80, 4),
(80, 5),
(80, 6),
(80, 7),
(80, 9),
(80, 10),
(80, 11),
(80, 12),
(80, 13),
(82, 1),
(82, 2),
(82, 3),
(82, 4),
(82, 5),
(82, 6),
(82, 7),
(82, 9),
(82, 10),
(82, 11),
(82, 12),
(82, 13),
(83, 1),
(83, 2),
(83, 3),
(83, 4),
(83, 5),
(83, 6),
(83, 7),
(83, 9),
(83, 10),
(83, 11),
(83, 12),
(83, 13);

-- --------------------------------------------------------

--
-- Table structure for table `oc_product_image`
--

CREATE TABLE `oc_product_image` (
  `product_image_id` int(11) NOT NULL,
  `product_id` int(11) NOT NULL,
  `image` varchar(255) DEFAULT NULL,
  `sort_order` int(3) NOT NULL DEFAULT '0',
  `is_rotator` tinyint(1) DEFAULT '0'
) ENGINE=MyISAM DEFAULT CHARSET=utf8;

--
-- Dumping data for table `oc_product_image`
--

INSERT INTO `oc_product_image` (`product_image_id`, `product_id`, `image`, `sort_order`, `is_rotator`) VALUES
(2634, 30, 'catalog/product1/7.jpg', 0, 0),
(2638, 47, 'catalog/product1/12.jpg', 0, 0),
(2933, 28, 'catalog/product1/6.jpg', 0, 0),
(2936, 41, 'catalog/product1/7.jpg', 0, 1),
(2942, 40, 'catalog/product1/8.jpg', 0, 1),
(2945, 36, 'catalog/product1/11.jpg', 0, 0),
(3059, 51, 'catalog/product2/4.jpg', 0, 0),
(3042, 32, 'catalog/product1/6.jpg', 0, 0),
(3046, 43, 'catalog/product1/4.jpg', 0, 0),
(3049, 44, 'catalog/product1/2.jpg', 0, 0),
(3071, 54, 'catalog/product2/1.jpg', 0, 0),
(3070, 54, 'catalog/product2/10.jpg', 0, 0),
(3067, 53, 'catalog/product2/3.jpg', 0, 1),
(3063, 52, 'catalog/product2/4.jpg', 0, 1),
(3058, 51, 'catalog/product2/11.jpg', 0, 0),
(3032, 48, 'catalog/product1/11.jpg', 0, 0),
(2940, 40, 'catalog/product1/11.jpg', 0, 0),
(2941, 40, 'catalog/product1/12.jpg', 0, 0),
(2939, 40, 'catalog/product1/10.jpg', 0, 0),
(3031, 48, 'catalog/product1/8.jpg', 0, 1),
(2946, 36, 'catalog/product1/5.jpg', 0, 1),
(2944, 36, 'catalog/product1/10.jpg', 0, 0),
(3037, 34, 'catalog/product1/4.jpg', 0, 0),
(3035, 34, 'catalog/product1/12.jpg', 0, 0),
(3041, 32, 'catalog/product1/13.jpg', 0, 0),
(3040, 32, 'catalog/product1/4.jpg', 0, 0),
(3039, 32, 'catalog/product1/12.jpg', 0, 0),
(3045, 43, 'catalog/product1/2.jpg', 0, 0),
(3044, 43, 'catalog/product1/1.jpg', 0, 1),
(3048, 44, 'catalog/product1/13.jpg', 0, 1),
(3066, 53, 'catalog/product2/13.jpg', 0, 0),
(3062, 52, 'catalog/product2/10.jpg', 0, 0),
(3061, 52, 'catalog/product2/11.jpg', 0, 0),
(3052, 50, 'catalog/product2/10.jpg', 0, 0),
(3053, 50, 'catalog/product2/4.jpg', 0, 0),
(3054, 50, 'catalog/product2/14.jpg', 0, 0),
(2630, 42, 'catalog/product1/11.jpg', 0, 0),
(2629, 42, 'catalog/product1/13.jpg', 0, 0),
(2628, 42, 'catalog/product1/10.jpg', 0, 0),
(2635, 30, 'catalog/product1/8.jpg', 0, 0),
(2633, 30, 'catalog/product1/9.jpg', 0, 0),
(2637, 47, 'catalog/product1/13.jpg', 0, 1),
(2636, 47, 'catalog/product1/11.jpg', 0, 0),
(2627, 42, 'catalog/product1/12.jpg', 0, 1),
(2932, 28, 'catalog/product1/5.jpg', 0, 1),
(2934, 41, 'catalog/product1/3.jpg', 0, 0),
(3030, 48, 'catalog/product1/1.jpg', 0, 0),
(3029, 48, 'catalog/product1/10.jpg', 0, 0),
(3036, 34, 'catalog/product1/10.jpg', 0, 1),
(3069, 54, 'catalog/product2/12.jpg', 0, 0),
(3068, 54, 'catalog/product2/4.jpg', 0, 0),
(2972, 55, 'catalog/product2/7.jpg', 0, 0),
(2971, 55, 'catalog/product2/4.jpg', 0, 0),
(2970, 55, 'catalog/product2/13.jpg', 0, 0),
(2969, 55, 'catalog/product2/1.jpg', 0, 0),
(2968, 55, 'catalog/product2/9.jpg', 0, 0),
(2977, 56, 'catalog/product2/11.jpg', 0, 1),
(2976, 56, 'catalog/product2/10.jpg', 0, 0),
(2975, 56, 'catalog/product2/1.jpg', 0, 0),
(2974, 56, 'catalog/product2/5.jpg', 0, 0),
(2973, 56, 'catalog/product2/12.jpg', 0, 0),
(2981, 57, 'catalog/product2/9.jpg', 0, 0),
(2980, 57, 'catalog/product2/12.jpg', 0, 0),
(2979, 57, 'catalog/product2/10.jpg', 0, 0),
(2986, 58, 'catalog/product2/5.jpg', 0, 0),
(2985, 58, 'catalog/product2/3.jpg', 0, 0),
(2984, 58, 'catalog/product2/14.jpg', 0, 0),
(2983, 58, 'catalog/product2/13.jpg', 0, 0),
(2721, 59, 'catalog/product2/1.jpg', 0, 0),
(2720, 59, 'catalog/product2/10.jpg', 0, 0),
(2719, 59, 'catalog/product2/13.jpg', 0, 0),
(2718, 59, 'catalog/product2/14.jpg', 0, 0),
(2727, 60, 'catalog/product2/14.jpg', 0, 1),
(2726, 60, 'catalog/product2/3.jpg', 0, 0),
(2725, 60, 'catalog/product2/8.jpg', 0, 0),
(2724, 60, 'catalog/product2/5.jpg', 0, 0),
(2729, 61, 'catalog/product2/3.jpg', 0, 0),
(2728, 61, 'catalog/product2/12.jpg', 0, 1),
(2987, 62, 'catalog/product3/12.jpg', 0, 0),
(2990, 62, 'catalog/product3/14.jpg', 0, 0),
(2989, 62, 'catalog/product3/10.jpg', 0, 1),
(2994, 63, 'catalog/product3/12.jpg', 0, 0),
(2993, 63, 'catalog/product3/1.jpg', 0, 0),
(2992, 63, 'catalog/product3/10.jpg', 0, 0),
(2913, 64, 'catalog/product3/6.jpg', 0, 0),
(2912, 64, 'catalog/product3/5.jpg', 0, 0),
(2911, 64, 'catalog/product3/1.jpg', 0, 0),
(2754, 65, 'catalog/product3/10.jpg', 0, 0),
(2753, 65, 'catalog/product3/14.jpg', 0, 0),
(2752, 65, 'catalog/product3/1.jpg', 0, 0),
(2757, 66, 'catalog/product3/10.jpg', 0, 0),
(2756, 66, 'catalog/product3/11.jpg', 0, 0),
(2755, 66, 'catalog/product3/12.jpg', 0, 0),
(2918, 67, 'catalog/product3/2.jpg', 0, 0),
(2917, 67, 'catalog/product3/14.jpg', 0, 0),
(2916, 67, 'catalog/product3/13.jpg', 0, 0),
(2915, 67, 'catalog/product3/12.jpg', 0, 0),
(2767, 68, 'catalog/product3/1.jpg', 0, 0),
(2766, 68, 'catalog/product3/10.jpg', 0, 0),
(2765, 68, 'catalog/product3/11.jpg', 0, 0),
(2764, 68, 'catalog/product3/12.jpg', 0, 0),
(2779, 69, 'catalog/product3/1.jpg', 0, 0),
(2778, 69, 'catalog/product3/10.jpg', 0, 0),
(2777, 69, 'catalog/product3/11.jpg', 0, 0),
(2785, 70, 'catalog/product3/12.jpg', 0, 0),
(2784, 70, 'catalog/product3/8.jpg', 0, 0),
(2783, 70, 'catalog/product3/1.jpg', 0, 0),
(2782, 70, 'catalog/product3/10.jpg', 0, 0),
(2781, 70, 'catalog/product3/11.jpg', 0, 0),
(2790, 71, 'catalog/product3/11.jpg', 0, 0),
(2789, 71, 'catalog/product3/12.jpg', 0, 0),
(2788, 71, 'catalog/product3/4.jpg', 0, 0),
(2787, 71, 'catalog/product3/7.jpg', 0, 0),
(2786, 71, 'catalog/product3/6.jpg', 0, 0),
(2631, 42, 'catalog/product1/7.jpg', 0, 0),
(2632, 30, 'catalog/product1/10.jpg', 0, 1),
(2931, 28, 'catalog/product1/8.jpg', 0, 0),
(2935, 41, 'catalog/product1/11.jpg', 0, 0),
(2938, 40, 'catalog/product1/1.jpg', 0, 0),
(3028, 48, 'catalog/product1/13.jpg', 0, 0),
(2943, 36, 'catalog/product1/1.jpg', 0, 0),
(3034, 34, 'catalog/product1/11.jpg', 0, 0),
(3033, 34, 'catalog/product1/1.jpg', 0, 0),
(3043, 32, 'catalog/product1/3.jpg', 0, 1),
(3038, 32, 'catalog/product1/11.jpg', 0, 0),
(3047, 43, 'catalog/product1/7.jpg', 0, 0),
(3050, 44, 'catalog/product1/3.jpg', 0, 0),
(3055, 50, 'catalog/product2/11.jpg', 0, 0),
(3057, 51, 'catalog/product2/10.jpg', 0, 0),
(3060, 52, 'catalog/product2/1.jpg', 0, 0),
(3065, 53, 'catalog/product2/1.jpg', 0, 0),
(2978, 57, 'catalog/product2/1.jpg', 0, 0),
(2982, 58, 'catalog/product2/4.jpg', 0, 0),
(2722, 59, 'catalog/product2/12.jpg', 0, 1),
(2723, 59, 'catalog/product2/6.jpg', 0, 0),
(2730, 61, 'catalog/product2/5.jpg', 0, 0),
(3051, 50, 'catalog/product2/12.jpg', 0, 0),
(2988, 62, 'catalog/product3/11.jpg', 0, 0),
(2758, 66, 'catalog/product3/1.jpg', 0, 0),
(2914, 67, 'catalog/product3/10.jpg', 0, 0),
(2768, 68, 'catalog/product3/13.jpg', 0, 0),
(2780, 69, 'catalog/product3/12.jpg', 0, 0),
(2791, 71, 'catalog/product3/10.jpg', 0, 0),
(2800, 72, 'catalog/product4/14.jpg', 0, 0),
(2799, 72, 'catalog/product4/13.jpg', 0, 0),
(2798, 72, 'catalog/product4/10.jpg', 0, 0),
(2797, 72, 'catalog/product4/2.jpg', 0, 1),
(2801, 72, 'catalog/product4/3.jpg', 0, 0),
(2905, 73, 'catalog/product4/5.jpg', 0, 0),
(2904, 73, 'catalog/product4/4.jpg', 0, 0),
(2903, 73, 'catalog/product4/1.jpg', 0, 1),
(2997, 74, 'catalog/product4/9.jpg', 0, 0),
(2996, 74, 'catalog/product4/1.jpg', 0, 0),
(2995, 74, 'catalog/product4/8.jpg', 0, 0),
(3056, 51, 'catalog/product2/12.jpg', 0, 0),
(2999, 75, 'catalog/product4/3.jpg', 0, 1),
(3000, 75, 'catalog/product4/14.jpg', 0, 0),
(2998, 75, 'catalog/product4/10.jpg', 0, 0),
(3004, 76, 'catalog/product4/12.jpg', 0, 0),
(3003, 76, 'catalog/product4/6.jpg', 0, 1),
(3002, 76, 'catalog/product4/1.jpg', 0, 0),
(3001, 76, 'catalog/product4/10.jpg', 0, 0),
(3009, 77, 'catalog/product4/8.jpg', 0, 0),
(3008, 77, 'catalog/product4/9.jpg', 0, 0),
(3007, 77, 'catalog/product4/1.jpg', 0, 0),
(3006, 77, 'catalog/product4/10.jpg', 0, 0),
(3005, 77, 'catalog/product4/11.jpg', 0, 1),
(3014, 78, 'catalog/product4/5.jpg', 0, 0),
(3013, 78, 'catalog/product4/1.jpg', 0, 0),
(3012, 78, 'catalog/product4/10.jpg', 0, 1),
(3011, 78, 'catalog/product4/11.jpg', 0, 0),
(3010, 78, 'catalog/product4/4.jpg', 0, 0),
(3018, 79, 'catalog/product4/1.jpg', 0, 0),
(3017, 79, 'catalog/product4/10.jpg', 0, 0),
(3016, 79, 'catalog/product4/12.jpg', 0, 0),
(3015, 79, 'catalog/product4/6.jpg', 0, 0),
(3023, 80, 'catalog/product4/8.jpg', 0, 0),
(3022, 80, 'catalog/product4/11.jpg', 0, 1),
(3021, 80, 'catalog/product4/12.jpg', 0, 0),
(3020, 80, 'catalog/product4/13.jpg', 0, 0),
(3019, 80, 'catalog/product4/14.jpg', 0, 0),
(2882, 81, 'catalog/product4/5.jpg', 0, 0),
(2881, 81, 'catalog/product4/13.jpg', 0, 0),
(2880, 81, 'catalog/product4/12.jpg', 0, 0),
(2879, 81, 'catalog/product4/10.jpg', 0, 1),
(2883, 81, 'catalog/product4/3.jpg', 0, 0),
(2884, 81, 'catalog/product4/9.jpg', 0, 0),
(2890, 82, 'catalog/product4/10.jpg', 0, 0),
(2889, 82, 'catalog/product4/11.jpg', 0, 1),
(2891, 82, 'catalog/product4/13.jpg', 0, 0),
(2892, 82, 'catalog/product4/14.jpg', 0, 0),
(2897, 83, 'catalog/product4/13.jpg', 0, 0),
(2896, 83, 'catalog/product4/14.jpg', 0, 1),
(2898, 83, 'catalog/product4/6.jpg', 0, 0),
(2906, 73, 'catalog/product4/6.jpg', 0, 0),
(2937, 41, 'catalog/product1/12.jpg', 0, 0),
(3064, 53, 'catalog/product2/10.jpg', 0, 0),
(2991, 62, 'catalog/product3/8.jpg', 0, 0);

-- --------------------------------------------------------

--
-- Table structure for table `oc_product_option`
--

CREATE TABLE `oc_product_option` (
  `product_option_id` int(11) NOT NULL,
  `product_id` int(11) NOT NULL,
  `option_id` int(11) NOT NULL,
  `value` text NOT NULL,
  `required` tinyint(1) NOT NULL
) ENGINE=MyISAM DEFAULT CHARSET=utf8;

--
-- Dumping data for table `oc_product_option`
--

INSERT INTO `oc_product_option` (`product_option_id`, `product_id`, `option_id`, `value`, `required`) VALUES
(221, 42, 9, '22:25', 1),
(225, 47, 12, '2011-04-22', 1),
(223, 42, 2, '', 1),
(209, 42, 6, '', 1),
(220, 42, 10, '2011-02-20 22:25', 1),
(222, 42, 7, '', 1),
(226, 30, 5, '', 1),
(219, 42, 8, '2011-02-20', 1),
(235, 50, 9, '22:25', 1),
(234, 50, 2, '', 1),
(227, 50, 10, '2011-02-20 22:25', 1),
(232, 50, 5, '', 1),
(228, 50, 7, '', 1),
(236, 51, 5, '', 1),
(237, 52, 12, '2011-04-22', 1),
(246, 62, 9, '22:25', 1),
(245, 62, 2, '', 1),
(238, 62, 10, '2011-02-20 22:25', 1),
(239, 62, 7, '', 1),
(243, 62, 5, '', 1),
(247, 63, 5, '', 1),
(248, 64, 12, '2011-04-22', 1),
(208, 42, 4, 'test', 1),
(218, 42, 1, '', 1),
(217, 42, 5, '', 1),
(229, 50, 8, '2011-02-20', 1),
(230, 50, 4, 'test', 1),
(231, 50, 1, '', 1),
(233, 50, 6, '', 1),
(240, 62, 8, '2011-02-20', 1),
(241, 62, 4, 'test', 1),
(242, 62, 1, '', 1),
(244, 62, 6, '', 1),
(254, 72, 8, '2011-02-20', 1),
(253, 72, 7, '', 1),
(252, 72, 10, '2011-02-20 22:25', 1),
(251, 72, 6, '', 1),
(250, 72, 2, '', 1),
(249, 72, 9, '22:25', 1),
(255, 72, 4, 'test', 1),
(256, 72, 1, '', 1),
(257, 72, 5, '', 1),
(258, 73, 5, '', 1),
(259, 74, 12, '2011-04-22', 1);

-- --------------------------------------------------------

--
-- Table structure for table `oc_product_option_value`
--

CREATE TABLE `oc_product_option_value` (
  `product_option_value_id` int(11) NOT NULL,
  `product_option_id` int(11) NOT NULL,
  `product_id` int(11) NOT NULL,
  `option_id` int(11) NOT NULL,
  `option_value_id` int(11) NOT NULL,
  `quantity` int(3) NOT NULL,
  `subtract` tinyint(1) NOT NULL,
  `price` decimal(15,4) NOT NULL,
  `price_prefix` varchar(1) NOT NULL,
  `points` int(8) NOT NULL,
  `points_prefix` varchar(1) NOT NULL,
  `weight` decimal(15,8) NOT NULL,
  `weight_prefix` varchar(1) NOT NULL
) ENGINE=MyISAM DEFAULT CHARSET=utf8;

--
-- Dumping data for table `oc_product_option_value`
--

INSERT INTO `oc_product_option_value` (`product_option_value_id`, `product_option_id`, `product_id`, `option_id`, `option_value_id`, `quantity`, `subtract`, `price`, `price_prefix`, `points`, `points_prefix`, `weight`, `weight_prefix`) VALUES
(11, 223, 42, 2, 45, 3998, 1, '40.0000', '+', 0, '+', '40.00000000', '+'),
(10, 223, 42, 2, 44, 2696, 1, '30.0000', '+', 0, '+', '30.00000000', '+'),
(26, 234, 50, 2, 44, 2696, 1, '30.0000', '+', 0, '+', '30.00000000', '+'),
(27, 234, 50, 2, 45, 3998, 1, '40.0000', '+', 0, '+', '40.00000000', '+'),
(9, 223, 42, 2, 24, 194, 1, '20.0000', '+', 0, '+', '20.00000000', '+'),
(8, 223, 42, 2, 23, 48, 1, '10.0000', '+', 0, '+', '10.00000000', '+'),
(7, 218, 42, 1, 43, 300, 1, '30.0000', '+', 3, '+', '30.00000000', '+'),
(6, 218, 42, 1, 31, 146, 1, '20.0000', '+', 2, '-', '20.00000000', '+'),
(16, 226, 30, 5, 40, 5, 1, '0.0000', '+', 0, '+', '0.00000000', '+'),
(15, 226, 30, 5, 39, 0, 1, '0.0000', '+', 0, '+', '0.00000000', '+'),
(5, 218, 42, 1, 32, 96, 1, '10.0000', '+', 1, '+', '10.00000000', '+'),
(1, 217, 42, 5, 41, 100, 0, '1.0000', '+', 0, '+', '1.00000000', '+'),
(2, 217, 42, 5, 42, 200, 1, '2.0000', '+', 0, '+', '2.00000000', '+'),
(24, 234, 50, 2, 23, 48, 1, '10.0000', '+', 0, '+', '10.00000000', '+'),
(25, 234, 50, 2, 24, 194, 1, '20.0000', '+', 0, '+', '20.00000000', '+'),
(23, 232, 50, 5, 42, 200, 1, '2.0000', '+', 0, '+', '2.00000000', '+'),
(22, 232, 50, 5, 41, 100, 0, '1.0000', '+', 0, '+', '1.00000000', '+'),
(21, 232, 50, 5, 40, 300, 0, '3.0000', '+', 0, '+', '3.00000000', '+'),
(20, 232, 50, 5, 39, 92, 1, '4.0000', '+', 0, '+', '4.00000000', '+'),
(29, 236, 51, 5, 40, 5, 1, '0.0000', '+', 0, '+', '0.00000000', '+'),
(28, 236, 51, 5, 39, 2, 1, '0.0000', '+', 0, '+', '0.00000000', '+'),
(39, 245, 62, 2, 44, 2696, 1, '30.0000', '+', 0, '+', '30.00000000', '+'),
(38, 245, 62, 2, 24, 194, 1, '20.0000', '+', 0, '+', '20.00000000', '+'),
(36, 243, 62, 5, 42, 200, 1, '2.0000', '+', 0, '+', '2.00000000', '+'),
(37, 245, 62, 2, 23, 48, 1, '10.0000', '+', 0, '+', '10.00000000', '+'),
(35, 243, 62, 5, 41, 100, 0, '1.0000', '+', 0, '+', '1.00000000', '+'),
(34, 243, 62, 5, 40, 300, 0, '3.0000', '+', 0, '+', '3.00000000', '+'),
(32, 242, 62, 1, 43, 300, 1, '30.0000', '+', 3, '+', '30.00000000', '+'),
(33, 243, 62, 5, 39, 92, 1, '4.0000', '+', 0, '+', '4.00000000', '+'),
(31, 242, 62, 1, 31, 146, 1, '20.0000', '+', 2, '-', '20.00000000', '+'),
(42, 247, 63, 5, 40, 5, 1, '0.0000', '+', 0, '+', '0.00000000', '+'),
(41, 247, 63, 5, 39, 2, 1, '0.0000', '+', 0, '+', '0.00000000', '+'),
(3, 217, 42, 5, 40, 300, 0, '3.0000', '+', 0, '+', '3.00000000', '+'),
(4, 217, 42, 5, 39, 92, 1, '4.0000', '+', 0, '+', '4.00000000', '+'),
(19, 231, 50, 1, 43, 300, 1, '30.0000', '+', 3, '+', '30.00000000', '+'),
(18, 231, 50, 1, 31, 146, 1, '20.0000', '+', 2, '-', '20.00000000', '+'),
(30, 242, 62, 1, 32, 96, 1, '10.0000', '+', 1, '+', '10.00000000', '+'),
(53, 257, 72, 5, 42, 200, 1, '2.0000', '+', 0, '+', '2.00000000', '+'),
(52, 257, 72, 5, 41, 100, 0, '1.0000', '+', 0, '+', '1.00000000', '+'),
(51, 257, 72, 5, 40, 300, 0, '3.0000', '+', 0, '+', '3.00000000', '+'),
(50, 257, 72, 5, 39, 92, 1, '4.0000', '+', 0, '+', '4.00000000', '+'),
(49, 256, 72, 1, 43, 300, 1, '30.0000', '+', 3, '+', '30.00000000', '+'),
(48, 256, 72, 1, 31, 146, 1, '20.0000', '+', 2, '-', '20.00000000', '+'),
(47, 256, 72, 1, 32, 96, 1, '10.0000', '+', 1, '+', '10.00000000', '+'),
(46, 250, 72, 2, 45, 3998, 1, '40.0000', '+', 0, '+', '40.00000000', '+'),
(45, 250, 72, 2, 44, 2696, 1, '30.0000', '+', 0, '+', '30.00000000', '+'),
(44, 250, 72, 2, 24, 194, 1, '20.0000', '+', 0, '+', '20.00000000', '+'),
(43, 250, 72, 2, 23, 48, 1, '10.0000', '+', 0, '+', '10.00000000', '+'),
(55, 258, 73, 5, 40, 5, 1, '0.0000', '+', 0, '+', '0.00000000', '+'),
(54, 258, 73, 5, 39, 0, 1, '0.0000', '+', 0, '+', '0.00000000', '+'),
(17, 231, 50, 1, 32, 96, 1, '10.0000', '+', 1, '+', '10.00000000', '+'),
(40, 245, 62, 2, 45, 3998, 1, '40.0000', '+', 0, '+', '40.00000000', '+');

-- --------------------------------------------------------

--
-- Table structure for table `oc_product_recurring`
--

CREATE TABLE `oc_product_recurring` (
  `product_id` int(11) NOT NULL,
  `recurring_id` int(11) NOT NULL,
  `customer_group_id` int(11) NOT NULL
) ENGINE=MyISAM DEFAULT CHARSET=utf8;

-- --------------------------------------------------------

--
-- Table structure for table `oc_product_related`
--

CREATE TABLE `oc_product_related` (
  `product_id` int(11) NOT NULL,
  `related_id` int(11) NOT NULL
) ENGINE=MyISAM DEFAULT CHARSET=utf8;

--
-- Dumping data for table `oc_product_related`
--

INSERT INTO `oc_product_related` (`product_id`, `related_id`) VALUES
(28, 28),
(28, 30),
(28, 32),
(28, 34),
(28, 36),
(28, 40),
(28, 41),
(28, 42),
(28, 43),
(28, 44),
(28, 47),
(28, 48),
(30, 28),
(30, 30),
(30, 32),
(30, 34),
(30, 36),
(30, 40),
(30, 41),
(30, 42),
(30, 43),
(30, 44),
(30, 47),
(30, 48),
(32, 28),
(32, 30),
(32, 34),
(32, 36),
(32, 40),
(32, 41),
(32, 42),
(32, 47),
(32, 48),
(34, 28),
(34, 30),
(34, 32),
(34, 34),
(34, 36),
(34, 40),
(34, 41),
(34, 42),
(34, 43),
(34, 44),
(34, 47),
(34, 48),
(36, 28),
(36, 30),
(36, 32),
(36, 34),
(36, 41),
(36, 42),
(36, 43),
(36, 44),
(36, 47),
(36, 48),
(40, 28),
(40, 30),
(40, 32),
(40, 34),
(40, 41),
(40, 42),
(40, 43),
(40, 44),
(40, 47),
(40, 48),
(41, 28),
(41, 30),
(41, 32),
(41, 34),
(41, 36),
(41, 40),
(41, 41),
(41, 42),
(41, 43),
(41, 44),
(41, 47),
(41, 48),
(42, 28),
(42, 30),
(42, 32),
(42, 34),
(42, 36),
(42, 40),
(42, 41),
(42, 42),
(42, 43),
(42, 44),
(42, 47),
(42, 48),
(43, 28),
(43, 30),
(43, 34),
(43, 36),
(43, 40),
(43, 41),
(43, 42),
(43, 47),
(43, 48),
(44, 28),
(44, 30),
(44, 34),
(44, 36),
(44, 40),
(44, 41),
(44, 42),
(44, 47),
(44, 48),
(47, 28),
(47, 30),
(47, 32),
(47, 34),
(47, 36),
(47, 40),
(47, 41),
(47, 42),
(47, 43),
(47, 44),
(47, 47),
(47, 48),
(48, 28),
(48, 30),
(48, 32),
(48, 34),
(48, 36),
(48, 40),
(48, 41),
(48, 42),
(48, 43),
(48, 44),
(48, 47),
(48, 48),
(50, 50),
(50, 51),
(50, 52),
(50, 53),
(50, 54),
(50, 55),
(50, 56),
(50, 57),
(50, 59),
(51, 50),
(51, 51),
(51, 52),
(51, 53),
(51, 54),
(51, 55),
(51, 56),
(51, 57),
(51, 59),
(52, 50),
(52, 51),
(52, 52),
(52, 53),
(52, 54),
(52, 55),
(52, 56),
(52, 57),
(52, 59),
(53, 50),
(53, 51),
(53, 52),
(53, 53),
(53, 54),
(53, 55),
(53, 56),
(53, 57),
(53, 59),
(54, 50),
(54, 51),
(54, 52),
(54, 53),
(54, 54),
(54, 55),
(54, 56),
(54, 57),
(54, 59),
(55, 50),
(55, 51),
(55, 52),
(55, 53),
(55, 54),
(55, 55),
(55, 56),
(55, 57),
(55, 58),
(56, 50),
(56, 51),
(56, 52),
(56, 53),
(56, 54),
(56, 55),
(56, 56),
(56, 57),
(56, 58),
(57, 50),
(57, 51),
(57, 52),
(57, 53),
(57, 54),
(57, 55),
(57, 56),
(57, 57),
(57, 58),
(58, 55),
(58, 56),
(58, 57),
(59, 50),
(59, 51),
(59, 52),
(59, 53),
(59, 54),
(62, 62),
(62, 63),
(62, 64),
(62, 65),
(62, 67),
(62, 68),
(62, 69),
(62, 70),
(62, 71),
(62, 74),
(62, 75),
(62, 76),
(62, 77),
(62, 78),
(62, 79),
(62, 80),
(63, 62),
(63, 63),
(63, 64),
(63, 65),
(63, 67),
(63, 68),
(63, 69),
(63, 70),
(63, 71),
(63, 74),
(63, 75),
(63, 76),
(63, 77),
(63, 78),
(63, 79),
(63, 80),
(64, 62),
(64, 63),
(64, 74),
(64, 75),
(64, 76),
(64, 77),
(64, 78),
(64, 79),
(64, 80),
(65, 62),
(65, 63),
(65, 74),
(65, 75),
(65, 76),
(65, 77),
(65, 78),
(65, 79),
(65, 80),
(67, 62),
(67, 63),
(67, 74),
(67, 75),
(67, 76),
(67, 78),
(67, 79),
(67, 80),
(68, 62),
(68, 63),
(68, 74),
(68, 75),
(68, 76),
(68, 77),
(68, 78),
(68, 79),
(68, 80),
(69, 62),
(69, 63),
(69, 74),
(69, 75),
(69, 76),
(69, 77),
(69, 78),
(69, 79),
(69, 80),
(70, 62),
(70, 63),
(70, 74),
(70, 75),
(70, 76),
(70, 77),
(70, 78),
(70, 79),
(70, 80),
(71, 62),
(71, 63),
(71, 74),
(71, 77),
(74, 62),
(74, 63),
(74, 64),
(74, 65),
(74, 67),
(74, 68),
(74, 69),
(74, 70),
(74, 71),
(75, 62),
(75, 63),
(75, 64),
(75, 65),
(75, 67),
(75, 68),
(75, 69),
(75, 70),
(76, 62),
(76, 63),
(76, 64),
(76, 65),
(76, 67),
(76, 68),
(76, 69),
(76, 70),
(77, 62),
(77, 63),
(77, 64),
(77, 65),
(77, 68),
(77, 69),
(77, 70),
(77, 71),
(78, 62),
(78, 63),
(78, 64),
(78, 65),
(78, 67),
(78, 68),
(78, 69),
(78, 70),
(79, 62),
(79, 63),
(79, 64),
(79, 65),
(79, 67),
(79, 68),
(79, 69),
(79, 70),
(80, 62),
(80, 63),
(80, 64),
(80, 65),
(80, 67),
(80, 68),
(80, 69),
(80, 70);

-- --------------------------------------------------------

--
-- Table structure for table `oc_product_reward`
--

CREATE TABLE `oc_product_reward` (
  `product_reward_id` int(11) NOT NULL,
  `product_id` int(11) NOT NULL DEFAULT '0',
  `customer_group_id` int(11) NOT NULL DEFAULT '0',
  `points` int(8) NOT NULL DEFAULT '0'
) ENGINE=MyISAM DEFAULT CHARSET=utf8;

--
-- Dumping data for table `oc_product_reward`
--

INSERT INTO `oc_product_reward` (`product_reward_id`, `product_id`, `customer_group_id`, `points`) VALUES
(580, 42, 1, 100),
(582, 47, 1, 300),
(617, 28, 1, 400),
(627, 43, 1, 600),
(590, 60, 1, 600),
(581, 30, 1, 200),
(628, 44, 1, 700),
(622, 62, 1, 100),
(591, 61, 1, 700),
(632, 53, 1, 400),
(630, 51, 1, 200),
(629, 50, 1, 100),
(597, 65, 1, 400),
(615, 64, 1, 300),
(623, 63, 1, 200),
(631, 52, 1, 300),
(601, 72, 1, 100),
(613, 73, 1, 200),
(624, 74, 1, 300),
(625, 75, 1, 400),
(609, 82, 1, 600),
(611, 83, 1, 700);

-- --------------------------------------------------------

--
-- Table structure for table `oc_product_special`
--

CREATE TABLE `oc_product_special` (
  `product_special_id` int(11) NOT NULL,
  `product_id` int(11) NOT NULL,
  `customer_group_id` int(11) NOT NULL,
  `priority` int(5) NOT NULL DEFAULT '1',
  `price` decimal(15,4) NOT NULL DEFAULT '0.0000',
  `date_start` date NOT NULL DEFAULT '0000-00-00',
  `date_end` date NOT NULL DEFAULT '0000-00-00'
) ENGINE=MyISAM DEFAULT CHARSET=utf8;

--
-- Dumping data for table `oc_product_special`
--

INSERT INTO `oc_product_special` (`product_special_id`, `product_id`, `customer_group_id`, `priority`, `price`, `date_start`, `date_end`) VALUES
(464, 42, 1, 1, '90.0000', '2017-11-28', '2020-11-28'),
(466, 47, 1, 1, '120.0000', '2017-11-28', '2020-11-28'),
(465, 30, 1, 2, '120.0000', '2017-11-28', '2020-11-28'),
(504, 50, 1, 1, '90.0000', '2018-01-03', '2020-01-03'),
(505, 51, 1, 2, '90.0000', '2018-03-21', '2020-03-21'),
(498, 62, 1, 1, '90.0000', '2018-01-28', '2020-01-28'),
(500, 63, 1, 2, '90.0000', '0000-00-00', '0000-00-00'),
(499, 63, 1, 1, '80.0000', '0000-00-00', '0000-00-00'),
(479, 72, 1, 1, '90.0000', '2018-02-05', '2020-02-05'),
(485, 73, 1, 1, '120.0000', '2018-03-05', '2020-02-05'),
(501, 74, 1, 1, '120.0000', '2018-02-05', '2020-02-01'),
(506, 52, 1, 1, '150.0000', '2018-03-08', '2020-03-08'),
(487, 64, 1, 1, '120.0000', '2018-03-08', '2020-03-08'),
(488, 67, 1, 1, '80.0000', '2018-03-08', '2020-03-08'),
(492, 28, 1, 1, '120.0000', '2018-03-16', '2020-03-16'),
(493, 41, 1, 1, '220.0000', '2018-03-16', '2020-03-16'),
(503, 48, 1, 1, '150.0000', '2018-03-16', '2020-03-16');

-- --------------------------------------------------------

--
-- Table structure for table `oc_product_to_category`
--

CREATE TABLE `oc_product_to_category` (
  `product_id` int(11) NOT NULL,
  `category_id` int(11) NOT NULL
) ENGINE=MyISAM DEFAULT CHARSET=utf8;

--
-- Dumping data for table `oc_product_to_category`
--

INSERT INTO `oc_product_to_category` (`product_id`, `category_id`) VALUES
(28, 59),
(28, 64),
(28, 65),
(28, 66),
(28, 67),
(28, 68),
(28, 69),
(28, 70),
(28, 71),
(28, 72),
(28, 73),
(28, 74),
(28, 75),
(28, 76),
(28, 115),
(28, 116),
(28, 117),
(28, 118),
(28, 119),
(28, 120),
(28, 121),
(28, 122),
(28, 123),
(28, 124),
(28, 125),
(30, 59),
(30, 64),
(30, 65),
(30, 66),
(30, 67),
(30, 68),
(30, 69),
(30, 70),
(30, 71),
(30, 72),
(30, 73),
(30, 74),
(30, 75),
(30, 76),
(30, 115),
(30, 116),
(30, 117),
(30, 118),
(30, 119),
(30, 120),
(30, 121),
(30, 122),
(30, 123),
(30, 124),
(30, 125),
(32, 59),
(32, 64),
(32, 65),
(32, 66),
(32, 67),
(32, 68),
(32, 69),
(32, 70),
(32, 71),
(32, 72),
(32, 73),
(32, 74),
(32, 75),
(32, 76),
(32, 115),
(32, 116),
(32, 117),
(32, 118),
(32, 119),
(32, 120),
(32, 121),
(32, 122),
(32, 123),
(32, 124),
(32, 125),
(34, 59),
(34, 64),
(34, 65),
(34, 66),
(34, 67),
(34, 68),
(34, 69),
(34, 70),
(34, 71),
(34, 72),
(34, 73),
(34, 74),
(34, 75),
(34, 76),
(34, 115),
(34, 116),
(34, 117),
(34, 118),
(34, 119),
(34, 120),
(34, 121),
(34, 122),
(34, 123),
(34, 124),
(34, 125),
(36, 59),
(36, 64),
(36, 65),
(36, 66),
(36, 67),
(36, 68),
(36, 69),
(36, 70),
(36, 71),
(36, 72),
(36, 73),
(36, 74),
(36, 75),
(36, 76),
(36, 115),
(36, 116),
(36, 117),
(36, 118),
(36, 119),
(36, 120),
(36, 121),
(36, 122),
(36, 123),
(36, 124),
(36, 125),
(40, 59),
(40, 64),
(40, 65),
(40, 66),
(40, 67),
(40, 68),
(40, 69),
(40, 70),
(40, 71),
(40, 72),
(40, 73),
(40, 74),
(40, 75),
(40, 76),
(40, 115),
(40, 116),
(40, 117),
(40, 118),
(40, 119),
(40, 120),
(40, 121),
(40, 122),
(40, 123),
(40, 124),
(40, 125),
(41, 59),
(41, 64),
(41, 65),
(41, 66),
(41, 67),
(41, 68),
(41, 69),
(41, 70),
(41, 71),
(41, 72),
(41, 73),
(41, 74),
(41, 75),
(41, 76),
(41, 115),
(41, 116),
(41, 117),
(41, 118),
(41, 119),
(41, 120),
(41, 121),
(41, 122),
(41, 123),
(41, 124),
(41, 125),
(42, 59),
(42, 64),
(42, 65),
(42, 66),
(42, 67),
(42, 68),
(42, 69),
(42, 70),
(42, 71),
(42, 72),
(42, 73),
(42, 74),
(42, 75),
(42, 76),
(42, 115),
(42, 116),
(42, 117),
(42, 118),
(42, 119),
(42, 120),
(42, 121),
(42, 122),
(42, 123),
(42, 124),
(42, 125),
(43, 59),
(43, 64),
(43, 65),
(43, 66),
(43, 67),
(43, 68),
(43, 69),
(43, 70),
(43, 71),
(43, 72),
(43, 73),
(43, 74),
(43, 75),
(43, 76),
(43, 115),
(43, 116),
(43, 117),
(43, 118),
(43, 119),
(43, 120),
(43, 121),
(43, 122),
(43, 123),
(43, 124),
(43, 125),
(44, 59),
(44, 64),
(44, 65),
(44, 66),
(44, 67),
(44, 68),
(44, 69),
(44, 70),
(44, 71),
(44, 72),
(44, 73),
(44, 74),
(44, 75),
(44, 76),
(44, 115),
(44, 116),
(44, 117),
(44, 118),
(44, 119),
(44, 120),
(44, 121),
(44, 122),
(44, 123),
(44, 124),
(44, 125),
(47, 59),
(47, 64),
(47, 65),
(47, 66),
(47, 67),
(47, 68),
(47, 69),
(47, 70),
(47, 71),
(47, 72),
(47, 73),
(47, 74),
(47, 75),
(47, 76),
(47, 115),
(47, 116),
(47, 117),
(47, 118),
(47, 119),
(47, 120),
(47, 121),
(47, 122),
(47, 123),
(47, 124),
(47, 125),
(48, 59),
(48, 64),
(48, 65),
(48, 66),
(48, 67),
(48, 68),
(48, 69),
(48, 70),
(48, 71),
(48, 72),
(48, 73),
(48, 74),
(48, 75),
(48, 76),
(48, 115),
(48, 116),
(48, 117),
(48, 118),
(48, 119),
(48, 120),
(48, 121),
(48, 122),
(48, 123),
(48, 124),
(48, 125),
(50, 126),
(50, 127),
(50, 128),
(50, 129),
(50, 130),
(50, 133),
(50, 134),
(50, 135),
(50, 136),
(50, 138),
(50, 139),
(50, 140),
(50, 141),
(50, 142),
(50, 143),
(50, 144),
(50, 145),
(50, 146),
(50, 147),
(50, 148),
(50, 149),
(50, 150),
(50, 151),
(50, 152),
(50, 153),
(50, 154),
(50, 155),
(50, 156),
(50, 157),
(50, 159),
(50, 160),
(50, 161),
(50, 162),
(50, 164),
(50, 165),
(50, 166),
(50, 167),
(50, 168),
(51, 126),
(51, 127),
(51, 128),
(51, 129),
(51, 130),
(51, 131),
(51, 132),
(51, 133),
(51, 134),
(51, 135),
(51, 136),
(51, 137),
(51, 138),
(51, 139),
(51, 140),
(51, 141),
(51, 142),
(51, 143),
(51, 144),
(51, 145),
(51, 146),
(51, 147),
(51, 148),
(51, 149),
(51, 150),
(51, 151),
(51, 152),
(51, 153),
(51, 154),
(51, 155),
(51, 156),
(51, 157),
(51, 158),
(51, 159),
(51, 160),
(51, 161),
(51, 162),
(51, 163),
(51, 164),
(51, 165),
(51, 166),
(51, 167),
(51, 168),
(52, 126),
(52, 127),
(52, 128),
(52, 129),
(52, 130),
(52, 131),
(52, 132),
(52, 133),
(52, 134),
(52, 135),
(52, 136),
(52, 137),
(52, 138),
(52, 140),
(52, 141),
(52, 142),
(52, 143),
(52, 144),
(52, 145),
(52, 146),
(52, 147),
(52, 148),
(52, 149),
(52, 150),
(52, 151),
(52, 152),
(52, 153),
(52, 154),
(52, 155),
(52, 156),
(52, 157),
(52, 158),
(52, 159),
(52, 160),
(52, 161),
(52, 162),
(52, 163),
(52, 164),
(52, 165),
(52, 166),
(52, 167),
(52, 168),
(53, 126),
(53, 127),
(53, 128),
(53, 129),
(53, 130),
(53, 131),
(53, 132),
(53, 133),
(53, 134),
(53, 135),
(53, 136),
(53, 137),
(53, 138),
(53, 140),
(53, 141),
(53, 142),
(53, 143),
(53, 144),
(53, 145),
(53, 146),
(53, 147),
(53, 148),
(53, 149),
(53, 150),
(53, 151),
(53, 152),
(53, 153),
(53, 154),
(53, 155),
(53, 156),
(53, 157),
(53, 158),
(53, 159),
(53, 160),
(53, 161),
(53, 162),
(53, 163),
(53, 164),
(53, 165),
(53, 166),
(53, 167),
(53, 168),
(54, 126),
(54, 127),
(54, 128),
(54, 129),
(54, 130),
(54, 131),
(54, 132),
(54, 133),
(54, 134),
(54, 135),
(54, 136),
(54, 137),
(54, 138),
(54, 139),
(54, 140),
(54, 141),
(54, 142),
(54, 143),
(54, 144),
(54, 145),
(54, 146),
(54, 147),
(54, 148),
(54, 149),
(54, 150),
(54, 151),
(54, 152),
(54, 153),
(54, 154),
(54, 155),
(54, 156),
(54, 157),
(54, 158),
(54, 159),
(54, 160),
(54, 161),
(54, 162),
(54, 163),
(54, 164),
(54, 165),
(54, 166),
(54, 167),
(54, 168),
(55, 126),
(55, 127),
(55, 128),
(55, 129),
(55, 130),
(55, 131),
(55, 132),
(55, 133),
(55, 134),
(55, 135),
(55, 136),
(55, 137),
(55, 138),
(55, 140),
(55, 141),
(55, 142),
(55, 143),
(55, 144),
(55, 145),
(55, 146),
(55, 147),
(55, 148),
(55, 149),
(55, 150),
(55, 151),
(55, 152),
(55, 153),
(55, 154),
(55, 155),
(55, 156),
(55, 157),
(55, 158),
(55, 159),
(55, 160),
(55, 161),
(55, 162),
(55, 163),
(55, 164),
(55, 165),
(55, 166),
(55, 167),
(55, 168),
(56, 126),
(56, 127),
(56, 128),
(56, 129),
(56, 130),
(56, 131),
(56, 132),
(56, 133),
(56, 134),
(56, 135),
(56, 136),
(56, 137),
(56, 138),
(56, 140),
(56, 141),
(56, 142),
(56, 143),
(56, 144),
(56, 145),
(56, 146),
(56, 147),
(56, 148),
(56, 149),
(56, 150),
(56, 151),
(56, 152),
(56, 153),
(56, 154),
(56, 155),
(56, 156),
(56, 157),
(56, 158),
(56, 159),
(56, 160),
(56, 161),
(56, 162),
(56, 163),
(56, 164),
(56, 165),
(56, 166),
(56, 167),
(56, 168),
(57, 126),
(57, 127),
(57, 128),
(57, 129),
(57, 130),
(57, 131),
(57, 132),
(57, 133),
(57, 134),
(57, 135),
(57, 136),
(57, 137),
(57, 138),
(57, 139),
(57, 140),
(57, 141),
(57, 142),
(57, 143),
(57, 144),
(57, 145),
(57, 146),
(57, 147),
(57, 148),
(57, 149),
(57, 150),
(57, 151),
(57, 152),
(57, 153),
(57, 154),
(57, 155),
(57, 156),
(57, 157),
(57, 158),
(57, 159),
(57, 160),
(57, 161),
(57, 162),
(57, 163),
(57, 164),
(57, 165),
(57, 166),
(57, 167),
(57, 168),
(58, 126),
(58, 127),
(58, 128),
(58, 130),
(58, 131),
(58, 132),
(58, 133),
(58, 134),
(58, 135),
(58, 136),
(58, 137),
(58, 138),
(58, 140),
(58, 141),
(58, 142),
(58, 143),
(58, 144),
(58, 145),
(58, 146),
(58, 147),
(58, 148),
(58, 149),
(58, 150),
(58, 151),
(58, 152),
(58, 153),
(58, 154),
(58, 155),
(58, 156),
(58, 157),
(58, 158),
(58, 159),
(58, 160),
(58, 161),
(58, 162),
(58, 163),
(58, 164),
(58, 165),
(58, 166),
(58, 167),
(58, 168),
(59, 126),
(59, 127),
(59, 132),
(59, 137),
(59, 142),
(59, 146),
(59, 147),
(59, 152),
(59, 157),
(59, 158),
(59, 163),
(59, 168),
(60, 126),
(60, 127),
(60, 132),
(60, 137),
(60, 142),
(60, 146),
(60, 147),
(60, 152),
(60, 157),
(60, 158),
(60, 163),
(60, 168),
(61, 126),
(61, 127),
(61, 132),
(61, 137),
(61, 142),
(61, 146),
(61, 147),
(61, 152),
(61, 157),
(61, 158),
(61, 163),
(61, 168),
(62, 173),
(62, 174),
(62, 175),
(62, 176),
(62, 177),
(62, 178),
(62, 179),
(62, 180),
(62, 181),
(62, 182),
(62, 183),
(62, 184),
(62, 185),
(62, 187),
(62, 188),
(62, 189),
(62, 190),
(62, 191),
(62, 192),
(62, 193),
(62, 194),
(62, 195),
(62, 196),
(62, 197),
(62, 198),
(62, 199),
(62, 200),
(62, 201),
(62, 202),
(62, 203),
(62, 204),
(62, 205),
(63, 173),
(63, 174),
(63, 175),
(63, 176),
(63, 177),
(63, 178),
(63, 179),
(63, 180),
(63, 181),
(63, 182),
(63, 183),
(63, 184),
(63, 185),
(63, 187),
(63, 188),
(63, 189),
(63, 190),
(63, 191),
(63, 192),
(63, 193),
(63, 194),
(63, 195),
(63, 196),
(63, 197),
(63, 198),
(63, 199),
(63, 200),
(63, 201),
(63, 202),
(63, 203),
(63, 204),
(63, 205),
(64, 173),
(64, 174),
(64, 175),
(64, 176),
(64, 177),
(64, 178),
(64, 179),
(64, 180),
(64, 181),
(64, 182),
(64, 183),
(64, 184),
(64, 185),
(64, 187),
(64, 188),
(64, 189),
(64, 190),
(64, 191),
(64, 192),
(64, 194),
(64, 195),
(64, 196),
(64, 197),
(64, 198),
(64, 199),
(64, 200),
(64, 201),
(64, 202),
(64, 203),
(64, 204),
(64, 205),
(65, 173),
(65, 174),
(65, 175),
(65, 176),
(65, 177),
(65, 178),
(65, 179),
(65, 180),
(65, 181),
(65, 182),
(65, 183),
(65, 184),
(65, 185),
(65, 187),
(65, 188),
(65, 189),
(65, 190),
(65, 191),
(65, 192),
(65, 193),
(65, 194),
(65, 195),
(65, 196),
(65, 197),
(65, 198),
(65, 199),
(65, 200),
(65, 201),
(65, 202),
(65, 203),
(65, 204),
(65, 205),
(66, 173),
(66, 174),
(66, 175),
(66, 176),
(66, 177),
(66, 178),
(66, 179),
(66, 181),
(66, 182),
(66, 183),
(66, 184),
(66, 185),
(66, 187),
(66, 188),
(66, 189),
(66, 190),
(66, 191),
(66, 192),
(66, 193),
(66, 194),
(66, 195),
(66, 196),
(66, 197),
(66, 198),
(66, 199),
(66, 200),
(66, 201),
(66, 202),
(66, 203),
(66, 204),
(66, 205),
(67, 173),
(67, 174),
(67, 175),
(67, 176),
(67, 177),
(67, 178),
(67, 179),
(67, 180),
(67, 181),
(67, 182),
(67, 183),
(67, 184),
(67, 185),
(67, 187),
(67, 188),
(67, 189),
(67, 190),
(67, 191),
(67, 192),
(67, 193),
(67, 194),
(67, 195),
(67, 196),
(67, 197),
(67, 198),
(67, 199),
(67, 200),
(67, 201),
(67, 202),
(67, 203),
(67, 204),
(67, 205),
(68, 173),
(68, 174),
(68, 175),
(68, 176),
(68, 177),
(68, 178),
(68, 179),
(68, 180),
(68, 181),
(68, 182),
(68, 183),
(68, 184),
(68, 185),
(68, 187),
(68, 188),
(68, 189),
(68, 190),
(68, 191),
(68, 192),
(68, 193),
(68, 194),
(68, 195),
(68, 196),
(68, 197),
(68, 198),
(68, 199),
(68, 200),
(68, 201),
(68, 202),
(68, 203),
(68, 204),
(68, 205),
(69, 173),
(69, 174),
(69, 175),
(69, 176),
(69, 177),
(69, 178),
(69, 179),
(69, 180),
(69, 181),
(69, 182),
(69, 183),
(69, 184),
(69, 185),
(69, 187),
(69, 188),
(69, 189),
(69, 190),
(69, 191),
(69, 192),
(69, 193),
(69, 194),
(69, 195),
(69, 196),
(69, 197),
(69, 198),
(69, 199),
(69, 200),
(69, 201),
(69, 202),
(69, 203),
(69, 204),
(69, 205),
(70, 173),
(70, 174),
(70, 175),
(70, 176),
(70, 177),
(70, 178),
(70, 179),
(70, 180),
(70, 181),
(70, 182),
(70, 183),
(70, 184),
(70, 185),
(70, 187),
(70, 188),
(70, 189),
(70, 190),
(70, 191),
(70, 192),
(70, 193),
(70, 194),
(70, 195),
(70, 196),
(70, 197),
(70, 198),
(70, 199),
(70, 200),
(70, 201),
(70, 202),
(70, 203),
(70, 204),
(70, 205),
(71, 173),
(71, 174),
(71, 175),
(71, 176),
(71, 177),
(71, 178),
(71, 179),
(71, 180),
(71, 181),
(71, 182),
(71, 183),
(71, 184),
(71, 185),
(71, 187),
(71, 188),
(71, 189),
(71, 190),
(71, 191),
(71, 192),
(71, 193),
(71, 194),
(71, 195),
(71, 196),
(71, 197),
(71, 198),
(71, 199),
(71, 200),
(71, 201),
(71, 202),
(71, 203),
(71, 204),
(71, 205),
(72, 206),
(72, 207),
(72, 208),
(72, 209),
(72, 210),
(72, 211),
(72, 212),
(72, 213),
(72, 214),
(72, 215),
(72, 216),
(72, 218),
(72, 219),
(72, 220),
(72, 222),
(72, 223),
(72, 224),
(72, 225),
(72, 226),
(73, 206),
(73, 207),
(73, 208),
(73, 209),
(73, 210),
(73, 211),
(73, 212),
(73, 213),
(73, 214),
(73, 215),
(73, 216),
(73, 218),
(73, 219),
(73, 220),
(73, 222),
(73, 223),
(73, 224),
(73, 225),
(73, 226),
(74, 206),
(74, 207),
(74, 208),
(74, 209),
(74, 210),
(74, 211),
(74, 212),
(74, 213),
(74, 214),
(74, 215),
(74, 216),
(74, 218),
(74, 219),
(74, 220),
(74, 222),
(74, 223),
(74, 224),
(74, 225),
(74, 226),
(75, 206),
(75, 207),
(75, 208),
(75, 209),
(75, 210),
(75, 211),
(75, 212),
(75, 213),
(75, 214),
(75, 215),
(75, 216),
(75, 218),
(75, 219),
(75, 220),
(75, 222),
(75, 223),
(75, 224),
(75, 225),
(75, 226),
(76, 206),
(76, 209),
(76, 210),
(76, 211),
(76, 212),
(76, 213),
(76, 214),
(76, 215),
(76, 216),
(76, 218),
(76, 219),
(76, 220),
(76, 224),
(76, 225),
(76, 226),
(77, 206),
(77, 207),
(77, 208),
(77, 209),
(77, 210),
(77, 211),
(77, 212),
(77, 213),
(77, 214),
(77, 215),
(77, 216),
(77, 218),
(77, 219),
(77, 220),
(77, 222),
(77, 223),
(77, 224),
(77, 225),
(77, 226),
(78, 206),
(78, 207),
(78, 208),
(78, 209),
(78, 210),
(78, 211),
(78, 212),
(78, 213),
(78, 214),
(78, 215),
(78, 216),
(78, 218),
(78, 219),
(78, 220),
(78, 222),
(78, 223),
(78, 224),
(78, 225),
(78, 226),
(79, 206),
(79, 209),
(79, 210),
(79, 211),
(79, 212),
(79, 213),
(79, 214),
(79, 215),
(79, 216),
(79, 218),
(79, 219),
(79, 220),
(79, 224),
(79, 225),
(79, 226),
(80, 206),
(80, 207),
(80, 208),
(80, 209),
(80, 210),
(80, 211),
(80, 212),
(80, 213),
(80, 214),
(80, 215),
(80, 216),
(80, 218),
(80, 219),
(80, 220),
(80, 222),
(80, 223),
(80, 224),
(80, 225),
(80, 226),
(81, 206),
(81, 207),
(81, 208),
(81, 209),
(81, 210),
(81, 211),
(81, 212),
(81, 213),
(81, 214),
(81, 215),
(81, 216),
(81, 218),
(81, 219),
(81, 220),
(81, 222),
(81, 223),
(81, 224),
(81, 225),
(81, 226),
(82, 206),
(82, 207),
(82, 208),
(82, 209),
(82, 210),
(82, 211),
(82, 212),
(82, 213),
(82, 214),
(82, 215),
(82, 216),
(82, 218),
(82, 219),
(82, 220),
(82, 222),
(82, 223),
(82, 224),
(82, 225),
(82, 226),
(83, 206),
(83, 207),
(83, 208),
(83, 209),
(83, 210),
(83, 211),
(83, 212),
(83, 213),
(83, 214),
(83, 215),
(83, 216),
(83, 218),
(83, 219),
(83, 220),
(83, 222),
(83, 223),
(83, 224),
(83, 225),
(83, 226);

-- --------------------------------------------------------

--
